000
CDUS43 KLOT 260634
CLIVPZ


CLIMATE REPORT
NATIONAL WEATHER SERVICE CHICAGO IL
133 AM CDT TUE MAY 26 2015


...................................

...THE VALPARAISO CLIMATE SUMMARY FOR MAY 25 2015...

CLIMATE NORMAL PERIOD 1981 TO 2010
CLIMATE RECORD PERIOD 1998 TO 2015


WEATHER ITEM   OBSERVED TIME   RECORD YEAR NORMAL DEPARTURE LAST
                VALUE   (LST)  VALUE       VALUE  FROM      YEAR
                                                  NORMAL
..................................................................
TEMPERATURE (F)
 YESTERDAY
  MAXIMUM         81    146 PM  87    2010  73      8       82
  MINIMUM         68   1159 PM  36    2013  51     17       50
  AVERAGE         75                        62     13       66

PRECIPITATION (IN)
  YESTERDAY        0.01          1.72 2011   0.12  -0.11     0.00
  MONTH TO DATE    2.30                      3.17  -0.87     2.83
  SINCE MAR 1      5.07                      9.18  -4.11     5.82
  SINCE JAN 1      6.68                     12.35  -5.67     8.45

DEGREE DAYS
 HEATING
  YESTERDAY        0                         5     -5        0
  MONTH TO DATE  133                       195    -62      224
  SINCE MAR 1   1543                      1522     21     1742
  SINCE JUL 1   6801                      6254    547     7191

 COOLING
  YESTERDAY       10                         2      8        1
  MONTH TO DATE   55                        28     27       41
  SINCE MAR 1     55                        33     22       41
  SINCE JAN 1     55                        33     22       41
..................................................................


WIND (MPH)
  RESULTANT WIND SPEED  14   RESULTANT WIND DIRECTION  SW (210)
  HIGHEST WIND SPEED    32   HIGHEST WIND DIRECTION    SW (230)
  HIGHEST GUST SPEED    44   HIGHEST GUST DIRECTION    SW (220)
  AVERAGE WIND SPEED    15.4



WEATHER CONDITIONS
 THE FOLLOWING WEATHER WAS RECORDED YESTERDAY.
  LIGHT RAIN
  HAZE


..........................................................


THE VALPARAISO CLIMATE NORMALS FOR TODAY
                         NORMAL    RECORD    YEAR
 MAXIMUM TEMPERATURE (F)   74        91      2012
 MINIMUM TEMPERATURE (F)   51        37      2002


SUNRISE AND SUNSET
MAY 26 2015...........SUNRISE   520 AM CDT   SUNSET   810 PM CDT
MAY 27 2015...........SUNRISE   520 AM CDT   SUNSET   811 PM CDT


-  INDICATES NEGATIVE NUMBERS.
R  INDICATES RECORD WAS SET OR TIED.
MM INDICATES DATA IS MISSING.
T  INDICATES TRACE AMOUNT.




$$
