000
CDUS43 KLOT 250632
CLIVPZ


CLIMATE REPORT
NATIONAL WEATHER SERVICE CHICAGO IL
132 AM CDT SAT OCT 25 2014


...................................

...THE VALPARAISO CLIMATE SUMMARY FOR OCTOBER 24 2014...

CLIMATE NORMAL PERIOD 1981 TO 2010
CLIMATE RECORD PERIOD 1998 TO 2014


WEATHER ITEM   OBSERVED TIME   RECORD YEAR NORMAL DEPARTURE LAST
                VALUE   (LST)  VALUE       VALUE  FROM      YEAR
                                                  NORMAL
..................................................................
TEMPERATURE (F)
 YESTERDAY
  MAXIMUM         66    332 PM  79    2012  60      6       44
  MINIMUM         50    712 PM  30    2006  40     10       33
  AVERAGE         58                        50      8       39

PRECIPITATION (IN)
  YESTERDAY        T             0.92 2001   0.11  -0.11     0.00
  MONTH TO DATE    3.57                      2.56   1.01     1.68
  SINCE SEP 1      5.95                      5.77   0.18     4.25
  SINCE JAN 1     35.31                     31.31   4.00    29.93

DEGREE DAYS
 HEATING
  YESTERDAY        7                        15     -8       26
  MONTH TO DATE  303                       287     16      292
  SINCE SEP 1    434                       400     34      372
  SINCE JUL 1    474                       417     57      400

 COOLING
  YESTERDAY        0                         0      0        0
  MONTH TO DATE    3                        11     -8       25
  SINCE SEP 1     64                        77    -13      143
  SINCE JAN 1    611                       713   -102      810
..................................................................


WIND (MPH)
  RESULTANT WIND SPEED   5   RESULTANT WIND DIRECTION  SW (220)
  HIGHEST WIND SPEED    15   HIGHEST WIND DIRECTION    SW (240)
  HIGHEST GUST SPEED    19   HIGHEST GUST DIRECTION    SW (240)
  AVERAGE WIND SPEED     5.3



WEATHER CONDITIONS
 THE FOLLOWING WEATHER WAS RECORDED YESTERDAY.
  NO SIGNIFICANT WEATHER WAS OBSERVED.


..........................................................


THE VALPARAISO CLIMATE NORMALS FOR TODAY
                         NORMAL    RECORD    YEAR
 MAXIMUM TEMPERATURE (F)   59        79      2012
 MINIMUM TEMPERATURE (F)   40        25      2006


SUNRISE AND SUNSET
OCTOBER 25 2014.......SUNRISE   711 AM CDT   SUNSET   552 PM CDT
OCTOBER 26 2014.......SUNRISE   712 AM CDT   SUNSET   551 PM CDT


-  INDICATES NEGATIVE NUMBERS.
R  INDICATES RECORD WAS SET OR TIED.
MM INDICATES DATA IS MISSING.
T  INDICATES TRACE AMOUNT.




$$
