000
CDUS43 KLOT 290635
CLIVPZ


CLIMATE REPORT
NATIONAL WEATHER SERVICE CHICAGO IL
134 AM CDT SUN MAY 29 2016


...................................

...THE VALPARAISO CLIMATE SUMMARY FOR MAY 28 2016...

CLIMATE NORMAL PERIOD 1981 TO 2010
CLIMATE RECORD PERIOD 1998 TO 2016


WEATHER ITEM   OBSERVED TIME   RECORD YEAR NORMAL DEPARTURE LAST
                VALUE   (LST)  VALUE       VALUE  FROM      YEAR
                                                  NORMAL
..................................................................
TEMPERATURE (F)
 YESTERDAY
  MAXIMUM         83    506 PM  93    2012  74      9       83
  MINIMUM         68    208 AM  40    2008  52     16       51
  AVERAGE         76                        63     13       67

PRECIPITATION (IN)
  YESTERDAY        T             1.18 2011   0.11  -0.11     0.00
  MONTH TO DATE    1.90                      3.50  -1.60     2.47
  SINCE MAR 1      7.63                      9.51  -1.88     5.24
  SINCE JAN 1      8.96                     12.68  -3.72     6.85

DEGREE DAYS
 HEATING
  YESTERDAY        0                         4     -4        0
  MONTH TO DATE  237                       208     29      133
  SINCE MAR 1   1380                      1535   -155     1543
  SINCE JUL 1   5238                      6267  -1029     6801

 COOLING
  YESTERDAY       11                         2      9        2
  MONTH TO DATE   45                        34     11       67
  SINCE MAR 1     51                        39     12       67
  SINCE JAN 1     51                        39     12       67
..................................................................


WIND (MPH)
  RESULTANT WIND SPEED  12   RESULTANT WIND DIRECTION   S (190)
  HIGHEST WIND SPEED    23   HIGHEST WIND DIRECTION     S (190)
  HIGHEST GUST SPEED    32   HIGHEST GUST DIRECTION     S (200)
  AVERAGE WIND SPEED    13.2



WEATHER CONDITIONS
 THE FOLLOWING WEATHER WAS RECORDED YESTERDAY.
  LIGHT RAIN


..........................................................


THE VALPARAISO CLIMATE NORMALS FOR TODAY
                         NORMAL    RECORD    YEAR
 MAXIMUM TEMPERATURE (F)   74        91      2006
 MINIMUM TEMPERATURE (F)   53        41      2008


SUNRISE AND SUNSET
MAY 29 2016...........SUNRISE   518 AM CDT   SUNSET   813 PM CDT
MAY 30 2016...........SUNRISE   517 AM CDT   SUNSET   814 PM CDT


-  INDICATES NEGATIVE NUMBERS.
R  INDICATES RECORD WAS SET OR TIED.
MM INDICATES DATA IS MISSING.
T  INDICATES TRACE AMOUNT.




$$
