000
CDUS43 KLOT 260634
CLIVPZ


CLIMATE REPORT
NATIONAL WEATHER SERVICE CHICAGO IL
1233 AM CST FRI DEC 26 2014


...................................

...THE VALPARAISO CLIMATE SUMMARY FOR DECEMBER 25 2014...

CLIMATE NORMAL PERIOD 1981 TO 2010
CLIMATE RECORD PERIOD 1998 TO 2014


WEATHER ITEM   OBSERVED TIME   RECORD YEAR NORMAL DEPARTURE LAST
                VALUE   (LST)  VALUE       VALUE  FROM      YEAR
                                                  NORMAL
..................................................................
TEMPERATURE (F)
 YESTERDAY
  MAXIMUM         41    229 PM  45    2011  32      9       27
  MINIMUM         34   1159 PM  -5    2000  19     15       17
  AVERAGE         38                        26     12       22

PRECIPITATION (IN)
  YESTERDAY        0.00          0.45 2009   0.06  -0.06     0.01
  MONTH TO DATE    0.79                      1.79  -1.00     1.10
  SINCE DEC 1      0.79                      1.79  -1.00     1.10
  SINCE JAN 1     38.61                     37.12   1.49    35.65

DEGREE DAYS
 HEATING
  YESTERDAY       27                        40    -13       43
  MONTH TO DATE  787                       903   -116     1049
  SINCE DEC 1    787                       903   -116     1049
  SINCE JUL 1   2288                      2161    127     2435

 COOLING
  YESTERDAY        0                         0      0        0
  MONTH TO DATE    0                         0      0        0
  SINCE DEC 1      0                         0      0        0
  SINCE JAN 1    611                       713   -102      810
..................................................................


WIND (MPH)
  RESULTANT WIND SPEED  10   RESULTANT WIND DIRECTION  SW (230)
  HIGHEST WIND SPEED    22   HIGHEST WIND DIRECTION    SW (220)
  HIGHEST GUST SPEED    29   HIGHEST GUST DIRECTION    SW (240)
  AVERAGE WIND SPEED    11.7



WEATHER CONDITIONS
 THE FOLLOWING WEATHER WAS RECORDED YESTERDAY.
  NO SIGNIFICANT WEATHER WAS OBSERVED.


..........................................................


THE VALPARAISO CLIMATE NORMALS FOR TODAY
                         NORMAL    RECORD    YEAR
 MAXIMUM TEMPERATURE (F)   32        52      2008
 MINIMUM TEMPERATURE (F)   18         2      2000


SUNRISE AND SUNSET
DECEMBER 26 2014......SUNRISE   713 AM CST   SUNSET   424 PM CST
DECEMBER 27 2014......SUNRISE   713 AM CST   SUNSET   425 PM CST


-  INDICATES NEGATIVE NUMBERS.
R  INDICATES RECORD WAS SET OR TIED.
MM INDICATES DATA IS MISSING.
T  INDICATES TRACE AMOUNT.




$$
