000
CDUS43 KLOT 040643
CLIVPZ


CLIMATE REPORT
NATIONAL WEATHER SERVICE CHICAGO IL
1242 AM CST SUN DEC 4 2016


...................................

...THE VALPARAISO CLIMATE SUMMARY FOR DECEMBER 3 2016...

CLIMATE NORMAL PERIOD 1981 TO 2010
CLIMATE RECORD PERIOD 1998 TO 2016


WEATHER ITEM   OBSERVED TIME   RECORD YEAR NORMAL DEPARTURE LAST
                VALUE   (LST)  VALUE       VALUE  FROM      YEAR
                                                  NORMAL
..................................................................
TEMPERATURE (F)
 YESTERDAY
  MAXIMUM         39   1048 AM  68    2012  39      0       37
  MINIMUM         32   1159 PM   5    2002  26      6       29
  AVERAGE         36                        32      4       33

PRECIPITATION (IN)
  YESTERDAY        0.00          0.33 1999   0.08  -0.08     0.00
  MONTH TO DATE    T                         0.26  -0.26     0.04
  SINCE DEC 1      T                         0.26  -0.26     0.04
  SINCE JAN 1     31.26                     35.59  -4.33    28.44

DEGREE DAYS
 HEATING
  YESTERDAY       29                        33     -4       32
  MONTH TO DATE   82                        97    -15       89
  SINCE DEC 1     82                        97    -15       89
  SINCE JUL 1    895                      1355   -460     1065

 COOLING
  YESTERDAY        0                         0      0        0
  MONTH TO DATE    0                         0      0        0
  SINCE DEC 1      0                         0      0        0
  SINCE JAN 1   1017                       713    304      738
..................................................................


WIND (MPH)
  RESULTANT WIND SPEED   6   RESULTANT WIND DIRECTION   W (260)
  HIGHEST WIND SPEED    15   HIGHEST WIND DIRECTION     W (270)
  HIGHEST GUST SPEED    19   HIGHEST GUST DIRECTION     W (270)
  AVERAGE WIND SPEED     6.6



WEATHER CONDITIONS
 THE FOLLOWING WEATHER WAS RECORDED YESTERDAY.
  NO SIGNIFICANT WEATHER WAS OBSERVED.


..........................................................


THE VALPARAISO CLIMATE NORMALS FOR TODAY
                         NORMAL    RECORD    YEAR
 MAXIMUM TEMPERATURE (F)   39        64      2012
 MINIMUM TEMPERATURE (F)   25         9      2005


SUNRISE AND SUNSET
DECEMBER  4 2016......SUNRISE   658 AM CST   SUNSET   418 PM CST
DECEMBER  5 2016......SUNRISE   659 AM CST   SUNSET   418 PM CST


-  INDICATES NEGATIVE NUMBERS.
R  INDICATES RECORD WAS SET OR TIED.
MM INDICATES DATA IS MISSING.
T  INDICATES TRACE AMOUNT.




$$
