000
CDUS43 KLOT 250639
CLIVPZ


CLIMATE REPORT
NATIONAL WEATHER SERVICE CHICAGO IL
1239 AM CST TUE NOV 25 2014


...................................

...THE VALPARAISO CLIMATE SUMMARY FOR NOVEMBER 24 2014...

CLIMATE NORMAL PERIOD 1981 TO 2010
CLIMATE RECORD PERIOD 1998 TO 2014


WEATHER ITEM   OBSERVED TIME   RECORD YEAR NORMAL DEPARTURE LAST
                VALUE   (LST)  VALUE       VALUE  FROM      YEAR
                                                  NORMAL
..................................................................
TEMPERATURE (F)
 YESTERDAY
  MAXIMUM         50    743 AM  62    2001  44      6       25
  MINIMUM         27   1139 PM  13    2013  30     -3       13
  AVERAGE         39                        37      2       19

PRECIPITATION (IN)
  YESTERDAY        0.30          0.52 2010   0.10   0.20      T
  MONTH TO DATE    1.86                      2.72  -0.86     2.08
  SINCE SEP 1      8.46                      9.18  -0.72     8.87
  SINCE JAN 1     37.82                     34.72   3.10    34.55

DEGREE DAYS
 HEATING
  YESTERDAY       26                        28     -2       46
  MONTH TO DATE  720                       547    173      622
  SINCE SEP 1   1254                      1060    194     1133
  SINCE JUL 1   1294                      1077    217     1161

 COOLING
  YESTERDAY        0                         0      0        0
  MONTH TO DATE    0                         0      0        0
  SINCE SEP 1     64                        77    -13      143
  SINCE JAN 1    611                       713   -102      810
..................................................................


WIND (MPH)
  RESULTANT WIND SPEED  20   RESULTANT WIND DIRECTION  SW (240)
  HIGHEST WIND SPEED    35   HIGHEST WIND DIRECTION    SW (240)
  HIGHEST GUST SPEED    47   HIGHEST GUST DIRECTION     W (250)
  AVERAGE WIND SPEED    20.4



WEATHER CONDITIONS
 THE FOLLOWING WEATHER WAS RECORDED YESTERDAY.
  HEAVY RAIN
  RAIN
  LIGHT RAIN
  LT FREEZING RAIN
  SNOW
  LIGHT SNOW
  FOG


..........................................................


THE VALPARAISO CLIMATE NORMALS FOR TODAY
                         NORMAL    RECORD    YEAR
 MAXIMUM TEMPERATURE (F)   43        59      2011
                                             2006
 MINIMUM TEMPERATURE (F)   29        11      2005


SUNRISE AND SUNSET
NOVEMBER 25 2014......SUNRISE   648 AM CST   SUNSET   421 PM CST
NOVEMBER 26 2014......SUNRISE   649 AM CST   SUNSET   421 PM CST


-  INDICATES NEGATIVE NUMBERS.
R  INDICATES RECORD WAS SET OR TIED.
MM INDICATES DATA IS MISSING.
T  INDICATES TRACE AMOUNT.




$$
