000
CDUS43 KLOT 250639
CLIVPZ


CLIMATE REPORT
NATIONAL WEATHER SERVICE CHICAGO IL
138 AM CDT SAT MAR 25 2017


...................................

...THE VALPARAISO CLIMATE SUMMARY FOR MARCH 24 2017...

CLIMATE NORMAL PERIOD 1981 TO 2010
CLIMATE RECORD PERIOD 1998 TO 2017


WEATHER ITEM   OBSERVED TIME   RECORD YEAR NORMAL DEPARTURE LAST
                VALUE   (LST)  VALUE       VALUE  FROM      YEAR
                                                  NORMAL
..................................................................
TEMPERATURE (F)
 YESTERDAY
  MAXIMUM         81R   219 PM  78    1939  50     31       59
  MINIMUM         42   1159 PM  10    1974  31     11       32
  AVERAGE         62                        41     21       46

PRECIPITATION (IN)
  YESTERDAY        T             1.42 1947   0.09  -0.09     0.50
  MONTH TO DATE    0.74                      1.84  -1.10     1.76
  SINCE MAR 1      0.74                      1.84  -1.10     1.76
  SINCE JAN 1      4.18                      5.01  -0.83     3.09

DEGREE DAYS
 HEATING
  YESTERDAY        3                        24    -21       19
  MONTH TO DATE  663                       685    -22      509
  SINCE MAR 1    663                       685    -22      509
  SINCE JUL 1   4377                      5417  -1040     4367

 COOLING
  YESTERDAY        0                         0      0        0
  MONTH TO DATE    0                         0      0        0
  SINCE MAR 1      0                         0      0        0
  SINCE JAN 1      0                         0      0        0
..................................................................


WIND (MPH)
  RESULTANT WIND SPEED  12   RESULTANT WIND DIRECTION  SW (220)
  HIGHEST WIND SPEED    30   HIGHEST WIND DIRECTION    SW (230)
  HIGHEST GUST SPEED    40   HIGHEST GUST DIRECTION    SW (230)
  AVERAGE WIND SPEED    15.0



WEATHER CONDITIONS
 THE FOLLOWING WEATHER WAS RECORDED YESTERDAY.
  FOG


..........................................................


THE VALPARAISO CLIMATE NORMALS FOR TODAY
                         NORMAL    RECORD    YEAR
 MAXIMUM TEMPERATURE (F)   51        74      2003
                                             1967
                                             1939
 MINIMUM TEMPERATURE (F)   32         7      1974
                                             1960


SUNRISE AND SUNSET
MARCH 25 2017.........SUNRISE   642 AM CDT   SUNSET   706 PM CDT
MARCH 26 2017.........SUNRISE   641 AM CDT   SUNSET   707 PM CDT


-  INDICATES NEGATIVE NUMBERS.
R  INDICATES RECORD WAS SET OR TIED.
MM INDICATES DATA IS MISSING.
T  INDICATES TRACE AMOUNT.




$$
