000
CDUS43 KLOT 220633
CLIVPZ


CLIMATE REPORT
NATIONAL WEATHER SERVICE CHICAGO IL
132 AM CDT THU JUN 22 2017


...................................

...THE VALPARAISO CLIMATE SUMMARY FOR JUNE 21 2017...

CLIMATE NORMAL PERIOD 1981 TO 2010
CLIMATE RECORD PERIOD 1998 TO 2017


WEATHER ITEM   OBSERVED TIME   RECORD YEAR NORMAL DEPARTURE LAST
                VALUE   (LST)  VALUE       VALUE  FROM      YEAR
                                                  NORMAL
..................................................................
TEMPERATURE (F)
 YESTERDAY
  MAXIMUM         82    452 PM  93    2002  81      1       85
  MINIMUM         55    344 AM  48    2003  60     -5       61
  AVERAGE         69                        71     -2       73

PRECIPITATION (IN)
  YESTERDAY        0.00          1.66 2013   0.12  -0.12     0.00
  MONTH TO DATE    1.05                      2.64  -1.59     0.19
  SINCE JUN 1      1.05                      2.64  -1.59     0.19
  SINCE JAN 1     16.45                     15.62   0.83     9.59

DEGREE DAYS
 HEATING
  YESTERDAY        0                         1     -1        0
  MONTH TO DATE    1                        39    -38       13
  SINCE JUN 1      1                        39    -38       13
  SINCE JUL 1   5037                      6318  -1281     5251

 COOLING
  YESTERDAY        4                         7     -3        8
  MONTH TO DATE  197                        99     98      154
  SINCE JUN 1    197                        99     98      154
  SINCE JAN 1    254                       146    108      231
..................................................................


WIND (MPH)
  RESULTANT WIND SPEED   3   RESULTANT WIND DIRECTION   E (110)
  HIGHEST WIND SPEED    13   HIGHEST WIND DIRECTION     E (90)
  HIGHEST GUST SPEED    17   HIGHEST GUST DIRECTION     E (90)
  AVERAGE WIND SPEED     4.5



WEATHER CONDITIONS
 THE FOLLOWING WEATHER WAS RECORDED YESTERDAY.
  NO SIGNIFICANT WEATHER WAS OBSERVED.


..........................................................


THE VALPARAISO CLIMATE NORMALS FOR TODAY
                         NORMAL    RECORD    YEAR
 MAXIMUM TEMPERATURE (F)   82        95      2002
 MINIMUM TEMPERATURE (F)   61        53      2003
                                             2001


SUNRISE AND SUNSET
JUNE 22 2017..........SUNRISE   515 AM CDT   SUNSET   825 PM CDT
JUNE 23 2017..........SUNRISE   515 AM CDT   SUNSET   826 PM CDT


-  INDICATES NEGATIVE NUMBERS.
R  INDICATES RECORD WAS SET OR TIED.
MM INDICATES DATA IS MISSING.
T  INDICATES TRACE AMOUNT.




$$
