000
CDUS43 KLOT 200644
CLIVPZ


CLIMATE REPORT
NATIONAL WEATHER SERVICE CHICAGO IL
1243 AM CST FRI JAN 20 2017


...................................

...THE VALPARAISO CLIMATE SUMMARY FOR JANUARY 19 2017...

CLIMATE NORMAL PERIOD 1981 TO 2010
CLIMATE RECORD PERIOD 1998 TO 2017


WEATHER ITEM   OBSERVED TIME   RECORD YEAR NORMAL DEPARTURE LAST
                VALUE   (LST)  VALUE       VALUE  FROM      YEAR
                                                  NORMAL
..................................................................
TEMPERATURE (F)
 YESTERDAY
  MAXIMUM         41    210 PM  55    2006  31     10       19
  MINIMUM         35    828 AM  -3    2003  16     19        2
  AVERAGE         38                        23     15       11

PRECIPITATION (IN)
  YESTERDAY        0.32R         0.07 2009   0.06   0.26      T
  MONTH TO DATE    2.14                      1.04   1.10     0.40
  SINCE DEC 1      2.89                      3.22  -0.33     2.53
  SINCE JAN 1      2.14                      1.04   1.10     0.40

DEGREE DAYS
 HEATING
  YESTERDAY       27                        42    -15       54
  MONTH TO DATE  698                       789    -91      773
  SINCE DEC 1   1896                      1933    -37     1486
  SINCE JUL 1   2709                      3191   -482     2462

 COOLING
  YESTERDAY        0                         0      0        0
  MONTH TO DATE    0                         0      0        0
  SINCE DEC 1      0                         0      0        0
  SINCE JAN 1      0                         0      0        0
..................................................................


WIND (MPH)
  RESULTANT WIND SPEED   6   RESULTANT WIND DIRECTION  SE (120)
  HIGHEST WIND SPEED    14   HIGHEST WIND DIRECTION     E (90)
  HIGHEST GUST SPEED    17   HIGHEST GUST DIRECTION     E (90)
  AVERAGE WIND SPEED     7.8



WEATHER CONDITIONS
 THE FOLLOWING WEATHER WAS RECORDED YESTERDAY.
  RAIN
  LIGHT RAIN
  FOG
  FOG W/VISIBILITY <= 1/4 MILE


..........................................................


THE VALPARAISO CLIMATE NORMALS FOR TODAY
                         NORMAL    RECORD    YEAR
 MAXIMUM TEMPERATURE (F)   31        59      1999
 MINIMUM TEMPERATURE (F)   16        -4      2008


SUNRISE AND SUNSET
JANUARY 20 2017.......SUNRISE   709 AM CST   SUNSET   450 PM CST
JANUARY 21 2017.......SUNRISE   708 AM CST   SUNSET   451 PM CST


-  INDICATES NEGATIVE NUMBERS.
R  INDICATES RECORD WAS SET OR TIED.
MM INDICATES DATA IS MISSING.
T  INDICATES TRACE AMOUNT.




$$
