402
CDUS43 KLOT 070642
CLIVPZ


CLIMATE REPORT
NATIONAL WEATHER SERVICE CHICAGO IL
1241 AM CST SUN FEB 7 2016


...................................

...THE VALPARAISO CLIMATE SUMMARY FOR FEBRUARY 6 2016...

CLIMATE NORMAL PERIOD 1981 TO 2010
CLIMATE RECORD PERIOD 1998 TO 2016


WEATHER ITEM   OBSERVED TIME   RECORD YEAR NORMAL DEPARTURE LAST
                VALUE   (LST)  VALUE       VALUE  FROM      YEAR
                                                  NORMAL
..................................................................
TEMPERATURE (F)
 YESTERDAY
  MAXIMUM         41    351 PM  45    1999  33      8       29
  MINIMUM         19    557 AM  -7    2007  18      1       10
  AVERAGE         30                        25      5       20

PRECIPITATION (IN)
  YESTERDAY        0.00          0.19 2008   0.05  -0.05     0.00
  MONTH TO DATE    0.69                      0.27   0.42     0.71
  SINCE DEC 1      3.28                      4.20  -0.92     2.42
  SINCE JAN 1      1.15                      2.02  -0.87     1.61

DEGREE DAYS
 HEATING
  YESTERDAY       35                        40     -5       45
  MONTH TO DATE  189                       242    -53      284
  SINCE DEC 1   2094                      2669   -575     2640
  SINCE JUL 1   3070                      3927   -857     4141

 COOLING
  YESTERDAY        0                         0      0        0
  MONTH TO DATE    0                         0      0        0
  SINCE DEC 1      0                         0      0        0
  SINCE JAN 1      0                         0      0        0
..................................................................


WIND (MPH)
  RESULTANT WIND SPEED   7   RESULTANT WIND DIRECTION  SW (220)
  HIGHEST WIND SPEED    20   HIGHEST WIND DIRECTION    SW (240)
  HIGHEST GUST SPEED    26   HIGHEST GUST DIRECTION    SW (240)
  AVERAGE WIND SPEED     7.7



WEATHER CONDITIONS
 THE FOLLOWING WEATHER WAS RECORDED YESTERDAY.
  NO SIGNIFICANT WEATHER WAS OBSERVED.


..........................................................


THE VALPARAISO CLIMATE NORMALS FOR TODAY
                         NORMAL    RECORD    YEAR
 MAXIMUM TEMPERATURE (F)   33        55      2009
 MINIMUM TEMPERATURE (F)   18        -8      2014


SUNRISE AND SUNSET
FEBRUARY  7 2016......SUNRISE   654 AM CST   SUNSET   511 PM CST
FEBRUARY  8 2016......SUNRISE   652 AM CST   SUNSET   512 PM CST


-  INDICATES NEGATIVE NUMBERS.
R  INDICATES RECORD WAS SET OR TIED.
MM INDICATES DATA IS MISSING.
T  INDICATES TRACE AMOUNT.




$$
