000
CDUS43 KLOT 200632
CLIVPZ


CLIMATE REPORT
NATIONAL WEATHER SERVICE CHICAGO IL
131 AM CDT SUN APR 20 2014


...................................

...THE VALPARAISO CLIMATE SUMMARY FOR APRIL 19 2014...

CLIMATE NORMAL PERIOD 1981 TO 2010
CLIMATE RECORD PERIOD 1998 TO 2014


WEATHER ITEM   OBSERVED TIME   RECORD YEAR NORMAL DEPARTURE LAST
                VALUE   (LST)  VALUE       VALUE  FROM      YEAR
                                                  NORMAL
..................................................................
TEMPERATURE (F)
 YESTERDAY
  MAXIMUM         66    349 PM  81    2003  61      5       44
  MINIMUM         30R   238 AM  30    1999  40    -10       34
  AVERAGE         48                        50     -2       39

PRECIPITATION (IN)
  YESTERDAY        0.00          0.92 2002   0.12  -0.12      T
  MONTH TO DATE    1.71                      2.13  -0.42     5.69
  SINCE MAR 1      2.50                      4.61  -2.11     6.23
  SINCE JAN 1      5.13                      7.78  -2.65     9.78

DEGREE DAYS
 HEATING
  YESTERDAY       17                        15      2       26
  MONTH TO DATE  378                       342     36      357
  SINCE MAR 1   1378                      1187    191     1335
  SINCE JUL 1   6827                      5919    908     5726

 COOLING
  YESTERDAY        0                         0      0        0
  MONTH TO DATE    0                         0      0        0
  SINCE MAR 1      0                         0      0        0
  SINCE JAN 1      0                         0      0        0
..................................................................


WIND (MPH)
  RESULTANT WIND SPEED   7   RESULTANT WIND DIRECTION   E (100)
  HIGHEST WIND SPEED    17   HIGHEST WIND DIRECTION     E (90)
  HIGHEST GUST SPEED    22   HIGHEST GUST DIRECTION     E (100)
  AVERAGE WIND SPEED     8.3



WEATHER CONDITIONS
 THE FOLLOWING WEATHER WAS RECORDED YESTERDAY.
  NO SIGNIFICANT WEATHER WAS OBSERVED.


..........................................................


THE VALPARAISO CLIMATE NORMALS FOR TODAY
                         NORMAL    RECORD    YEAR
 MAXIMUM TEMPERATURE (F)   62        76      2006
 MINIMUM TEMPERATURE (F)   40        29      2013


SUNRISE AND SUNSET
APRIL 20 2014.........SUNRISE   601 AM CDT   SUNSET   734 PM CDT
APRIL 21 2014.........SUNRISE   559 AM CDT   SUNSET   735 PM CDT


-  INDICATES NEGATIVE NUMBERS.
R  INDICATES RECORD WAS SET OR TIED.
MM INDICATES DATA IS MISSING.
T  INDICATES TRACE AMOUNT.




$$
