000
CDUS42 KMLB 140634
CLIVRB


CLIMATE REPORT
NATIONAL WEATHER SERVICE MELBOURNE FL
233 AM EDT MON JUL 14 2014


...................................

...THE VERO BEACH CLIMATE SUMMARY FOR JULY 13 2014...

CLIMATE NORMAL PERIOD 1981 TO 2010
CLIMATE RECORD PERIOD 1942 TO 2014


WEATHER ITEM   OBSERVED TIME   RECORD YEAR NORMAL DEPARTURE LAST
                VALUE   (LST)  VALUE       VALUE  FROM      YEAR
                                                  NORMAL
..................................................................
TEMPERATURE (F)
 YESTERDAY
  MAXIMUM         88   1052 AM  98    1987  90     -2       86
  MINIMUM         73    541 AM  68    1986  73      0       71
                                      1983
  AVERAGE         81                        82     -1       79

PRECIPITATION (IN)
  YESTERDAY        0.11          2.14 1991   0.18  -0.07     0.21
  MONTH TO DATE    1.87                      2.43  -0.56     2.10
  SINCE JUN 1      9.57                      9.10   0.47     7.59
  SINCE JAN 1     22.75                     24.47  -1.72    22.81

SNOWFALL (IN)
  YESTERDAY        0.0
  MONTH TO DATE    0.0
  SINCE JUL 1      0.0

DEGREE DAYS
 HEATING
  YESTERDAY        0                         0      0        0
  MONTH TO DATE    0                         0      0        0
  SINCE JUN 1      0                         0      0        0
  SINCE JUL 1      0                         0      0        0

 COOLING
  YESTERDAY       16                        17     -1       14
  MONTH TO DATE  196                       212    -16      203
  SINCE JUN 1    630                       668    -38      708
  SINCE JAN 1   1556                      1474     82     1615
..................................................................


WIND (MPH)
  HIGHEST WIND SPEED    18   HIGHEST WIND DIRECTION     E (110)
  HIGHEST GUST SPEED    25   HIGHEST GUST DIRECTION     E (100)
  AVERAGE WIND SPEED     5.7


SKY COVER
  AVERAGE SKY COVER 0.2


WEATHER CONDITIONS
 THE FOLLOWING WEATHER WAS RECORDED YESTERDAY.
  THUNDERSTORM
  RAIN
  LIGHT RAIN
  HAZE


RELATIVE HUMIDITY (PERCENT)
 HIGHEST   100           400 AM
 LOWEST     72          1100 AM
 AVERAGE    86

..........................................................


THE VERO BEACH CLIMATE NORMALS FOR TODAY
                         NORMAL    RECORD    YEAR
 MAXIMUM TEMPERATURE (F)   90        98      1987
 MINIMUM TEMPERATURE (F)   73        67      1986


SUNRISE AND SUNSET
JULY 14 2014..........SUNRISE   635 AM EDT   SUNSET   820 PM EDT
JULY 15 2014..........SUNRISE   636 AM EDT   SUNSET   819 PM EDT


-  INDICATES NEGATIVE NUMBERS.
R  INDICATES RECORD WAS SET OR TIED.
MM INDICATES DATA IS MISSING.
T  INDICATES TRACE AMOUNT.




$$
