000
CDUS42 KMLB 230628
CLIVRB


CLIMATE REPORT
NATIONAL WEATHER SERVICE MELBOURNE FL
228 AM EDT FRI JUN 23 2017


...................................

...THE VERO BEACH CLIMATE SUMMARY FOR JUNE 22 2017...

CLIMATE NORMAL PERIOD 1981 TO 2010
CLIMATE RECORD PERIOD 1942 TO 2017


WEATHER ITEM   OBSERVED TIME   RECORD YEAR NORMAL DEPARTURE LAST
                VALUE   (LST)  VALUE       VALUE  FROM      YEAR
                                                  NORMAL
..................................................................
TEMPERATURE (F)
 YESTERDAY
  MAXIMUM         89    258 PM 102    2009  89      0       88
  MINIMUM         80   1058 PM  68    2008  73      7       78
                                      1998
                                      1966
  AVERAGE         85                        81      4       83

PRECIPITATION (IN)
  YESTERDAY        0.00          2.59 1949   0.22  -0.22     0.00
  MONTH TO DATE    6.14                      4.85   1.29     3.21
  SINCE JUN 1      6.14                      4.85   1.29     3.21
  SINCE JAN 1     17.18                     20.22  -3.04    39.00

SNOWFALL (IN)
  YESTERDAY        0.0
  MONTH TO DATE    0.0
  SINCE JUL 1      0.0

DEGREE DAYS
 HEATING
  YESTERDAY        0                         0      0        0
  MONTH TO DATE    0                         0      0        0
  SINCE JUN 1      0                         0      0        0
  SINCE JUL 1    185                       456   -271      284

 COOLING
  YESTERDAY       20                        16      4       18
  MONTH TO DATE  348                       329     19      379
  SINCE JUN 1    348                       329     19      379
  SINCE JAN 1   1413                      1135    278     1308
..................................................................


WIND (MPH)
  HIGHEST WIND SPEED    20   HIGHEST WIND DIRECTION    SE (140)
  HIGHEST GUST SPEED    25   HIGHEST GUST DIRECTION    SE (130)
  AVERAGE WIND SPEED    10.8


SKY COVER
  AVERAGE SKY COVER 0.2


WEATHER CONDITIONS
 THE FOLLOWING WEATHER WAS RECORDED YESTERDAY.
  FOG


RELATIVE HUMIDITY (PERCENT)
 HIGHEST    94          1200 AM
 LOWEST     63           100 PM
 AVERAGE    79

..........................................................


THE VERO BEACH CLIMATE NORMALS FOR TODAY
                         NORMAL    RECORD    YEAR
 MAXIMUM TEMPERATURE (F)   89        94      2009
 MINIMUM TEMPERATURE (F)   73        68      1977
                                             1967
                                             1944


SUNRISE AND SUNSET
JUNE 23 2017..........SUNRISE   627 AM EDT   SUNSET   821 PM EDT
JUNE 24 2017..........SUNRISE   627 AM EDT   SUNSET   821 PM EDT


-  INDICATES NEGATIVE NUMBERS.
R  INDICATES RECORD WAS SET OR TIED.
MM INDICATES DATA IS MISSING.
T  INDICATES TRACE AMOUNT.




$$
