000
CDUS42 KMLB 230627
CLIVRB


CLIMATE REPORT
NATIONAL WEATHER SERVICE MELBOURNE FL
126 AM EST TUE JAN 23 2018


...................................

...THE VERO BEACH CLIMATE SUMMARY FOR JANUARY 22 2018...

CLIMATE NORMAL PERIOD 1981 TO 2010
CLIMATE RECORD PERIOD 1942 TO 2018


WEATHER ITEM   OBSERVED TIME   RECORD YEAR NORMAL DEPARTURE LAST
                VALUE   (LST)  VALUE       VALUE  FROM      YEAR
                                                  NORMAL
..................................................................
TEMPERATURE (F)
 YESTERDAY
  MAXIMUM         78    118 PM  87    2017  73      5       87
  MINIMUM         65    716 AM  21    1985  52     13       67
  AVERAGE         72                        62     10       77

PRECIPITATION (IN)
  YESTERDAY        T             1.00 1989   0.08  -0.08      T
  MONTH TO DATE    2.50                      1.77   0.73     0.46
  SINCE DEC 1      4.73                      3.96   0.77     2.60
  SINCE JAN 1      2.50                      1.77   0.73     0.46

SNOWFALL (IN)
  YESTERDAY        0.0
  MONTH TO DATE    0.0
  SINCE JUL 1      0.0

DEGREE DAYS
 HEATING
  YESTERDAY        0                         5     -5        0
  MONTH TO DATE  142                       110     32       30
  SINCE DEC 1    225                       215     10       45
  SINCE JUL 1    245                       245      0       64

 COOLING
  YESTERDAY        7                         2      5       12
  MONTH TO DATE   38                        44     -6       92
  SINCE DEC 1    156                       137     19      297
  SINCE JAN 1     38                        44     -6       92
..................................................................


WIND (MPH)
  HIGHEST WIND SPEED    21   HIGHEST WIND DIRECTION    SE (140)
  HIGHEST GUST SPEED    25   HIGHEST GUST DIRECTION    SE (140)
  AVERAGE WIND SPEED    10.6


SKY COVER
  AVERAGE SKY COVER 0.2


WEATHER CONDITIONS
 THE FOLLOWING WEATHER WAS RECORDED YESTERDAY.
  LIGHT RAIN


RELATIVE HUMIDITY (PERCENT)
 HIGHEST    93           100 AM
 LOWEST     69          1200 PM
 AVERAGE    81

..........................................................


THE VERO BEACH CLIMATE NORMALS FOR TODAY
                         NORMAL    RECORD    YEAR
 MAXIMUM TEMPERATURE (F)   73        83      1965
 MINIMUM TEMPERATURE (F)   52        28      1985


SUNRISE AND SUNSET
JANUARY 23 2018.......SUNRISE   712 AM EST   SUNSET   555 PM EST
JANUARY 24 2018.......SUNRISE   712 AM EST   SUNSET   556 PM EST


-  INDICATES NEGATIVE NUMBERS.
R  INDICATES RECORD WAS SET OR TIED.
MM INDICATES DATA IS MISSING.
T  INDICATES TRACE AMOUNT.




$$
