000
CDUS42 KMLB 270626
CLIVRB


CLIMATE REPORT
NATIONAL WEATHER SERVICE MELBOURNE FL
226 AM EDT THU APR 27 2017


...................................

...THE VERO BEACH CLIMATE SUMMARY FOR APRIL 26 2017...

CLIMATE NORMAL PERIOD 1981 TO 2010
CLIMATE RECORD PERIOD 1942 TO 2017


WEATHER ITEM   OBSERVED TIME   RECORD YEAR NORMAL DEPARTURE LAST
                VALUE   (LST)  VALUE       VALUE  FROM      YEAR
                                                  NORMAL
..................................................................
TEMPERATURE (F)
 YESTERDAY
  MAXIMUM         85   1158 AM  95    2015  82      3       82
                                      1945
  MINIMUM         56    531 AM  48    1983  63     -7       60
  AVERAGE         71                        72     -1       71

PRECIPITATION (IN)
  YESTERDAY        0.00          2.70 1997   0.09  -0.09     0.00
  MONTH TO DATE    2.76                      2.39   0.37     1.60
  SINCE MAR 1      4.38                      6.51  -2.13     4.46
  SINCE JAN 1      6.34                     11.68  -5.34    17.81

SNOWFALL (IN)
  YESTERDAY        0.0
  MONTH TO DATE    0.0
  SINCE JUL 1      0.0

DEGREE DAYS
 HEATING
  YESTERDAY        0                         0      0        0
  MONTH TO DATE    3                        13    -10        5
  SINCE MAR 1     42                        68    -26       16
  SINCE JUL 1    185                       453   -268      284

 COOLING
  YESTERDAY        6                         8     -2        6
  MONTH TO DATE  238                       158     80      185
  SINCE MAR 1    395                       287    108      421
  SINCE JAN 1    596                       426    170      519
..................................................................


WIND (MPH)
  HIGHEST WIND SPEED    22   HIGHEST WIND DIRECTION    SE (120)
  HIGHEST GUST SPEED    26   HIGHEST GUST DIRECTION    SE (130)
  AVERAGE WIND SPEED     9.2


SKY COVER
  AVERAGE SKY COVER 0.1


WEATHER CONDITIONS
 THE FOLLOWING WEATHER WAS RECORDED YESTERDAY.
  NO SIGNIFICANT WEATHER WAS OBSERVED.


RELATIVE HUMIDITY (PERCENT)
 HIGHEST   100           500 AM
 LOWEST     39          1100 AM
 AVERAGE    70

..........................................................


THE VERO BEACH CLIMATE NORMALS FOR TODAY
                         NORMAL    RECORD    YEAR
 MAXIMUM TEMPERATURE (F)   82        93      2006
 MINIMUM TEMPERATURE (F)   63        50      1983


SUNRISE AND SUNSET
APRIL 27 2017.........SUNRISE   645 AM EDT   SUNSET   753 PM EDT
APRIL 28 2017.........SUNRISE   645 AM EDT   SUNSET   754 PM EDT


-  INDICATES NEGATIVE NUMBERS.
R  INDICATES RECORD WAS SET OR TIED.
MM INDICATES DATA IS MISSING.
T  INDICATES TRACE AMOUNT.




$$
