000
CDUS41 KBTV 220526
CLIVSF


CLIMATE REPORT
NATIONAL WEATHER SERVICE BURLINGTON VT
124 AM EDT SUN OCT 22 2017


...................................

...THE SPRINGFIELD VT CLIMATE SUMMARY FOR OCTOBER 21 2017...

CLIMATE NORMAL PERIOD 1981 TO 2010
CLIMATE RECORD PERIOD 9999 TO 9999


WEATHER ITEM   OBSERVED TIME   NORMAL DEPARTURE LAST
                VALUE   (LST)  VALUE  FROM      YEAR
                                      NORMAL
......................................................
TEMPERATURE (F)
 YESTERDAY
  MAXIMUM         76    228 PM  57     19       62
  MINIMUM         35    614 AM  34      1       51
  AVERAGE         56            45     11       57

PRECIPITATION (IN)
  YESTERDAY        0.00          0.16  -0.16     0.74
  MONTH TO DATE    0.97          3.23  -2.26     1.47
  SINCE SEP 1      3.40          6.99  -3.59     2.53
  SINCE JAN 1     31.69         35.36  -3.67    21.41

DEGREE DAYS
 HEATING
  YESTERDAY        9            20    -11        8
  MONTH TO DATE  198           345   -147      256
  SINCE SEP 1    318           542   -224      397
  SINCE JUL 1    383           597   -214      419

 COOLING
  YESTERDAY        0             0      0        0
  MONTH TO DATE    5             0      5        0
  SINCE SEP 1     86            23     63       44
  SINCE JAN 1    386           344     42      481
......................................................


WIND (MPH)
  HIGHEST WIND SPEED    14   HIGHEST WIND DIRECTION     W (270)
  HIGHEST GUST SPEED    19   HIGHEST GUST DIRECTION     W (270)
  AVERAGE WIND SPEED     1.9


SKY COVER
  AVERAGE SKY COVER 0.0


WEATHER CONDITIONS
 THE FOLLOWING WEATHER WAS RECORDED YESTERDAY.
  NO SIGNIFICANT WEATHER WAS OBSERVED.


RELATIVE HUMIDITY (PERCENT)
 HIGHEST   100           400 AM
 LOWEST     29          1200 PM
 AVERAGE    65

..........................................................


THE SPRINGFIELD VT CLIMATE NORMALS FOR TODAY
                         NORMAL    RECORD    YEAR
 MAXIMUM TEMPERATURE (F)   56        81      2007
 MINIMUM TEMPERATURE (F)   34        24      2002


SUNRISE AND SUNSET
OCTOBER 22 2017.......SUNRISE   713 AM EDT   SUNSET   556 PM EDT
OCTOBER 23 2017.......SUNRISE   714 AM EDT   SUNSET   554 PM EDT


-  INDICATES NEGATIVE NUMBERS.
R  INDICATES RECORD WAS SET OR TIED.
MM INDICATES DATA IS MISSING.
T  INDICATES TRACE AMOUNT.




$$
