000
CDUS41 KBTV 020525
CLIVSF


CLIMATE REPORT
NATIONAL WEATHER SERVICE BURLINGTON VT
1223 AM EST FRI DEC 2 2016


...................................

...THE SPRINGFIELD VT CLIMATE SUMMARY FOR DECEMBER 1 2016...

CLIMATE NORMAL PERIOD 1981 TO 2010
CLIMATE RECORD PERIOD 9999 TO 9999


WEATHER ITEM   OBSERVED TIME   NORMAL DEPARTURE LAST
                VALUE   (LST)  VALUE  FROM      YEAR
                                      NORMAL
......................................................
TEMPERATURE (F)
 YESTERDAY
  MAXIMUM         50   1146 AM  39     11       32
  MINIMUM         37    730 AM  23     14       15
  AVERAGE         44            31     13       24

PRECIPITATION (IN)
  YESTERDAY        0.52          0.12   0.40     0.13
  MONTH TO DATE    0.52          0.12   0.40     0.13
  SINCE DEC 1      0.52          0.12   0.40     0.13
  SINCE JAN 1     25.48         40.70 -15.22    28.68

DEGREE DAYS
 HEATING
  YESTERDAY       21            34    -13       41
  MONTH TO DATE   21            34    -13       41
  SINCE DEC 1     21            34    -13       41
  SINCE JUL 1   1477          1677   -200     1454

 COOLING
  YESTERDAY        0             0      0        0
  MONTH TO DATE    0             0      0        0
  SINCE DEC 1      0             0      0        0
  SINCE JAN 1    481           345    136      460
......................................................


WIND (MPH)
  HIGHEST WIND SPEED    24   HIGHEST WIND DIRECTION     W (270)
  HIGHEST GUST SPEED    32   HIGHEST GUST DIRECTION     W (270)
  AVERAGE WIND SPEED     6.1


SKY COVER
  AVERAGE SKY COVER 0.9


WEATHER CONDITIONS
 THE FOLLOWING WEATHER WAS RECORDED YESTERDAY.
  HEAVY RAIN
  RAIN
  LIGHT RAIN
  FOG
  FOG W/VISIBILITY <= 1/4 MILE


RELATIVE HUMIDITY (PERCENT)
 HIGHEST   100          1200 AM
 LOWEST     53           200 PM
 AVERAGE    77

..........................................................


THE SPRINGFIELD VT CLIMATE NORMALS FOR TODAY
                         NORMAL    RECORD    YEAR
 MAXIMUM TEMPERATURE (F)   39        62      1998
 MINIMUM TEMPERATURE (F)   23         8      2003


SUNRISE AND SUNSET
DECEMBER  2 2016......SUNRISE   704 AM EST   SUNSET   415 PM EST
DECEMBER  3 2016......SUNRISE   705 AM EST   SUNSET   415 PM EST


-  INDICATES NEGATIVE NUMBERS.
R  INDICATES RECORD WAS SET OR TIED.
MM INDICATES DATA IS MISSING.
T  INDICATES TRACE AMOUNT.




$$
