370
CDUS41 KBTV 110523
CLIVSF


CLIMATE REPORT
NATIONAL WEATHER SERVICE BURLINGTON VT
1221 AM EST THU FEB 11 2016


...................................

...THE SPRINGFIELD VT CLIMATE SUMMARY FOR FEBRUARY 10 2016...

CLIMATE NORMAL PERIOD 1981 TO 2010
CLIMATE RECORD PERIOD 9999 TO 9999


WEATHER ITEM   OBSERVED TIME   NORMAL DEPARTURE LAST
                VALUE   (LST)  VALUE  FROM      YEAR
                                      NORMAL
......................................................
TEMPERATURE (F)
 YESTERDAY
  MAXIMUM         35    229 PM  32      3       33
  MINIMUM         17    322 AM  12      5       15
  AVERAGE         26            22      4       24

PRECIPITATION (IN)
  YESTERDAY        T             0.10  -0.10     0.01
  MONTH TO DATE    1.11          0.94   0.17     1.15
  SINCE DEC 1      5.92          7.13  -1.21     8.21
  SINCE JAN 1      2.60          3.86  -1.26     3.68

DEGREE DAYS
 HEATING
  YESTERDAY       39            43     -4       41
  MONTH TO DATE  342           441    -99      535
  SINCE DEC 1   2477          3070   -593     3135
  SINCE JUL 1   3890          4713   -823     4538

 COOLING
  YESTERDAY        0             0      0        0
  MONTH TO DATE    0             0      0        0
  SINCE DEC 1      0             0      0        0
  SINCE JAN 1      0             0      0        0
......................................................


WIND (MPH)
  HIGHEST WIND SPEED    13   HIGHEST WIND DIRECTION     W (250)
  HIGHEST GUST SPEED    18   HIGHEST GUST DIRECTION     W (260)
  AVERAGE WIND SPEED     1.9


SKY COVER
  AVERAGE SKY COVER 0.8


WEATHER CONDITIONS
 THE FOLLOWING WEATHER WAS RECORDED YESTERDAY.
  LIGHT SNOW
  FOG
  HAZE


RELATIVE HUMIDITY (PERCENT)
 HIGHEST    92          1200 AM
 LOWEST     58           800 PM
 AVERAGE    75

..........................................................


THE SPRINGFIELD VT CLIMATE NORMALS FOR TODAY
                         NORMAL    RECORD    YEAR
 MAXIMUM TEMPERATURE (F)   32        54      2009
 MINIMUM TEMPERATURE (F)   12       -10      2014


SUNRISE AND SUNSET
FEBRUARY 11 2016......SUNRISE   654 AM EST   SUNSET   515 PM EST
FEBRUARY 12 2016......SUNRISE   653 AM EST   SUNSET   516 PM EST


-  INDICATES NEGATIVE NUMBERS.
R  INDICATES RECORD WAS SET OR TIED.
MM INDICATES DATA IS MISSING.
T  INDICATES TRACE AMOUNT.




$$
