063
CDUS41 KBTV 260538
CLIVSF


CLIMATE REPORT
NATIONAL WEATHER SERVICE BURLINGTON VT
136 AM EDT MON JUN 26 2017


...................................

...THE SPRINGFIELD VT CLIMATE SUMMARY FOR JUNE 25 2017...

CLIMATE NORMAL PERIOD 1981 TO 2010
CLIMATE RECORD PERIOD 9999 TO 9999


WEATHER ITEM   OBSERVED TIME   NORMAL DEPARTURE LAST
                VALUE   (LST)  VALUE  FROM      YEAR
                                      NORMAL
......................................................
TEMPERATURE (F)
 YESTERDAY
  MAXIMUM         80    154 PM  79      1       85
  MINIMUM         52    424 AM  55     -3       48
  AVERAGE         66            67     -1       67

PRECIPITATION (IN)
  YESTERDAY        0.00          0.12  -0.12     0.00
  MONTH TO DATE    3.85          3.37   0.48     1.55
  SINCE JUN 1      3.85          3.37   0.48     1.55
  SINCE JAN 1     21.44         19.64   1.80    11.97

DEGREE DAYS
 HEATING
  YESTERDAY        0             1     -1        0
  MONTH TO DATE   83            91     -8       72
  SINCE JUN 1     83            91     -8       72
  SINCE JUL 1   6909          7514   -605     6519

 COOLING
  YESTERDAY        1             3     -2        2
  MONTH TO DATE   76            47     29       29
  SINCE JUN 1     76            47     29       29
  SINCE JAN 1     90            59     31       70
......................................................


WIND (MPH)
  HIGHEST WIND SPEED    18   HIGHEST WIND DIRECTION     W (250)
  HIGHEST GUST SPEED    27   HIGHEST GUST DIRECTION     W (260)
  AVERAGE WIND SPEED     6.3


SKY COVER
  AVERAGE SKY COVER 0.3


WEATHER CONDITIONS
 THE FOLLOWING WEATHER WAS RECORDED YESTERDAY.
  NO SIGNIFICANT WEATHER WAS OBSERVED.


RELATIVE HUMIDITY (PERCENT)
 HIGHEST    89           400 AM
 LOWEST     28           200 PM
 AVERAGE    59

..........................................................


THE SPRINGFIELD VT CLIMATE NORMALS FOR TODAY
                         NORMAL    RECORD    YEAR
 MAXIMUM TEMPERATURE (F)   79        94      2005
 MINIMUM TEMPERATURE (F)   55        50      2008


SUNRISE AND SUNSET
JUNE 26 2017..........SUNRISE   511 AM EDT   SUNSET   835 PM EDT
JUNE 27 2017..........SUNRISE   512 AM EDT   SUNSET   835 PM EDT


-  INDICATES NEGATIVE NUMBERS.
R  INDICATES RECORD WAS SET OR TIED.
MM INDICATES DATA IS MISSING.
T  INDICATES TRACE AMOUNT.




$$
