000
CDUS41 KBTV 300534
CLIVSF


CLIMATE REPORT
NATIONAL WEATHER SERVICE BURLINGTON VT
133 AM EDT TUE JUN 30 2015


...................................

...THE SPRINGFIELD VT CLIMATE SUMMARY FOR JUNE 29 2015...

CLIMATE NORMAL PERIOD 1981 TO 2010
CLIMATE RECORD PERIOD 9999 TO 9999


WEATHER ITEM   OBSERVED TIME   NORMAL DEPARTURE LAST
                VALUE   (LST)  VALUE  FROM      YEAR
                                      NORMAL
......................................................
TEMPERATURE (F)
 YESTERDAY
  MAXIMUM         70   1225 PM  80    -10       84
  MINIMUM         52    533 AM  56     -4       53
  AVERAGE         61            68     -7       69

PRECIPITATION (IN)
  YESTERDAY        0.01          0.10  -0.09     0.00
  MONTH TO DATE    5.12          3.79   1.33     4.18
  SINCE JUN 1      5.12          3.79   1.33     4.18
  SINCE JAN 1     13.62         20.06  -6.44    17.71

DEGREE DAYS
 HEATING
  YESTERDAY        4             1      3        0
  MONTH TO DATE  107            95     12       58
  SINCE JUN 1    107            95     12       58
  SINCE JUL 1   7695          7518    177     7966

 COOLING
  YESTERDAY        0             4     -4        4
  MONTH TO DATE   42            60    -18       52
  SINCE JUN 1     42            60    -18       52
  SINCE JAN 1     91            72     19       57
......................................................


WIND (MPH)
  HIGHEST WIND SPEED    12   HIGHEST WIND DIRECTION     W (260)
  HIGHEST GUST SPEED    16   HIGHEST GUST DIRECTION     W (290)
  AVERAGE WIND SPEED     2.3


SKY COVER
  AVERAGE SKY COVER 1.0


WEATHER CONDITIONS
 THE FOLLOWING WEATHER WAS RECORDED YESTERDAY.
  LIGHT RAIN
  FOG


RELATIVE HUMIDITY (PERCENT)
 HIGHEST   100          1200 AM
 LOWEST     61           500 PM
 AVERAGE    81

..........................................................


THE SPRINGFIELD VT CLIMATE NORMALS FOR TODAY
                         NORMAL    RECORD    YEAR
 MAXIMUM TEMPERATURE (F)   80        89      2012
 MINIMUM TEMPERATURE (F)   56        47      2007


SUNRISE AND SUNSET
JUNE 30 2015..........SUNRISE   513 AM EDT   SUNSET   834 PM EDT
JULY  1 2015..........SUNRISE   513 AM EDT   SUNSET   834 PM EDT


-  INDICATES NEGATIVE NUMBERS.
R  INDICATES RECORD WAS SET OR TIED.
MM INDICATES DATA IS MISSING.
T  INDICATES TRACE AMOUNT.




$$
