000
CDUS41 KBTV 180532
CLIVSF


CLIMATE REPORT
NATIONAL WEATHER SERVICE BURLINGTON VT
1230 AM EST MON DEC 18 2017


...................................

...THE SPRINGFIELD VT CLIMATE SUMMARY FOR DECEMBER 17 2017...

CLIMATE NORMAL PERIOD 1981 TO 2010
CLIMATE RECORD PERIOD 9999 TO 9999


WEATHER ITEM   OBSERVED TIME   NORMAL DEPARTURE LAST
                VALUE   (LST)  VALUE  FROM      YEAR
                                      NORMAL
......................................................
TEMPERATURE (F)
 YESTERDAY
  MAXIMUM         24    127 PM  34    -10       24
  MINIMUM         -6    804 AM  16    -22        1
  AVERAGE          9            25    -16       13

PRECIPITATION (IN)
  YESTERDAY        0.00          0.10  -0.10     0.27
  MONTH TO DATE    1.83          1.87  -0.04     1.34
  SINCE DEC 1      1.83          1.87  -0.04     1.34
  SINCE JAN 1     39.18         42.45  -3.27    26.30

DEGREE DAYS
 HEATING
  YESTERDAY       56            40     16       52
  MONTH TO DATE  655           629     26      672
  SINCE DEC 1    655           629     26      672
  SINCE JUL 1   2047          2272   -225     2128

 COOLING
  YESTERDAY        0             0      0        0
  MONTH TO DATE    0             0      0        0
  SINCE DEC 1      0             0      0        0
  SINCE JAN 1    386           345     41      481
......................................................


WIND (MPH)
  HIGHEST WIND SPEED    10   HIGHEST WIND DIRECTION    NW (320)
  HIGHEST GUST SPEED    15   HIGHEST GUST DIRECTION    NW (310)
  AVERAGE WIND SPEED     1.3


SKY COVER
  AVERAGE SKY COVER 0.0


WEATHER CONDITIONS
 THE FOLLOWING WEATHER WAS RECORDED YESTERDAY.
  FOG
  HAZE


RELATIVE HUMIDITY (PERCENT)
 HIGHEST    92          1100 AM
 LOWEST     44           200 PM
 AVERAGE    68

..........................................................


THE SPRINGFIELD VT CLIMATE NORMALS FOR TODAY
                         NORMAL    RECORD    YEAR
 MAXIMUM TEMPERATURE (F)   33        50      2006
 MINIMUM TEMPERATURE (F)   16        -3      2009


SUNRISE AND SUNSET
DECEMBER 18 2017......SUNRISE   718 AM EST   SUNSET   416 PM EST
DECEMBER 19 2017......SUNRISE   718 AM EST   SUNSET   416 PM EST


-  INDICATES NEGATIVE NUMBERS.
R  INDICATES RECORD WAS SET OR TIED.
MM INDICATES DATA IS MISSING.
T  INDICATES TRACE AMOUNT.




$$
