000
CDUS41 KBTV 260713
CLIVSF


CLIMATE REPORT
NATIONAL WEATHER SERVICE BURLINGTON VT
308 AM EDT SUN MAR 26 2017


...................................

...THE SPRINGFIELD VT CLIMATE SUMMARY FOR MARCH 25 2017...

CLIMATE NORMAL PERIOD 1981 TO 2010
CLIMATE RECORD PERIOD 9999 TO 9999


WEATHER ITEM   OBSERVED TIME   NORMAL DEPARTURE LAST
                VALUE   (LST)  VALUE  FROM      YEAR
                                      NORMAL
......................................................
TEMPERATURE (F)
 YESTERDAY
  MAXIMUM         38    501 PM  45     -7       51
  MINIMUM         28   1146 PM  24      4       32
  AVERAGE         33            35     -2       42

PRECIPITATION (IN)
  YESTERDAY        0.12          0.13  -0.01     0.28
  MONTH TO DATE    1.15          2.48  -1.33     1.30
  SINCE MAR 1      1.15          2.48  -1.33     1.30
  SINCE JAN 1      4.70          8.09  -3.39     6.52

DEGREE DAYS
 HEATING
  YESTERDAY       32            30      2       23
  MONTH TO DATE  946           862     84      673
  SINCE MAR 1    946           862     84      673
  SINCE JUL 1   5823          6307   -484     5329

 COOLING
  YESTERDAY        0             0      0        0
  MONTH TO DATE    0             0      0        0
  SINCE MAR 1      0             0      0        0
  SINCE JAN 1      0             0      0        0
......................................................


WIND (MPH)
  HIGHEST WIND SPEED     7   HIGHEST WIND DIRECTION     N (20)
  HIGHEST GUST SPEED    10   HIGHEST GUST DIRECTION     N (360)
  AVERAGE WIND SPEED     1.3


SKY COVER
  AVERAGE SKY COVER 0.8


WEATHER CONDITIONS
 THE FOLLOWING WEATHER WAS RECORDED YESTERDAY.
  LIGHT RAIN
  SNOW
  LIGHT SNOW
  FOG


RELATIVE HUMIDITY (PERCENT)
 HIGHEST    96           100 PM
 LOWEST     70           800 PM
 AVERAGE    83

..........................................................


THE SPRINGFIELD VT CLIMATE NORMALS FOR TODAY
                         NORMAL    RECORD    YEAR
 MAXIMUM TEMPERATURE (F)   46        67      2004
 MINIMUM TEMPERATURE (F)   24        14      2001


SUNRISE AND SUNSET
MARCH 26 2017.........SUNRISE   642 AM EDT   SUNSET   710 PM EDT
MARCH 27 2017.........SUNRISE   640 AM EDT   SUNSET   711 PM EDT


-  INDICATES NEGATIVE NUMBERS.
R  INDICATES RECORD WAS SET OR TIED.
MM INDICATES DATA IS MISSING.
T  INDICATES TRACE AMOUNT.




$$
