000
CDUS43 KLBF 150904
CLIVTN

CLIMATE REPORT
NATIONAL WEATHER SERVICE NORTH PLATTE
403 AM CDT MON SEP 15 2014


...................................

...THE VALENTINE NE CLIMATE SUMMARY FOR SEPTEMBER 14 2014...

CLIMATE NORMAL PERIOD 1981 TO 2010
CLIMATE RECORD PERIOD 1885 TO 2014


WEATHER ITEM   OBSERVED TIME   RECORD YEAR NORMAL DEPARTURE LAST
                VALUE   (LST)  VALUE       VALUE  FROM      YEAR
                                                  NORMAL
..................................................................
TEMPERATURE (F)
 YESTERDAY
  MAXIMUM         65    116 PM  96    1969  78    -13       82
                                      1935
  MINIMUM         37    455 AM  27    1904  48    -11       61
  AVERAGE         51                        63    -12       72

PRECIPITATION (IN)
  YESTERDAY        0.00          0.78 1906   0.06  -0.06      T
  MONTH TO DATE    0.65                      0.76  -0.11     0.50
  SINCE SEP 1      0.65                      0.76  -0.11     0.50
  SINCE JAN 1     19.69                     16.87   2.82    18.14

SNOWFALL (IN)
  YESTERDAY        0.0           0.0    MM   0.1   -0.1      0.0
  MONTH TO DATE    0.0                       0.1   -0.1      0.0
  SINCE SEP 1      0.0                       0.1   -0.1      0.0
  SINCE JUL 1      0.0                       0.1   -0.1      0.0
  SNOW DEPTH       0

DEGREE DAYS
 HEATING
  YESTERDAY       14                         5      9        0
  MONTH TO DATE  103                        42     61        2
  SINCE SEP 1    103                        42     61        2
  SINCE JUL 1    124                        67     57        5

 COOLING
  YESTERDAY        0                         3     -3        7
  MONTH TO DATE   41                        59    -18      135
  SINCE SEP 1     41                        59    -18      135
  SINCE JAN 1    676                       795   -119      928
..................................................................


WIND (MPH)
  HIGHEST WIND SPEED    20   HIGHEST WIND DIRECTION     E (110)
  HIGHEST GUST SPEED    23   HIGHEST GUST DIRECTION     E (110)
  AVERAGE WIND SPEED     9.1


SKY COVER
  POSSIBLE SUNSHINE  MM
  AVERAGE SKY COVER 0.5


WEATHER CONDITIONS
 THE FOLLOWING WEATHER WAS RECORDED YESTERDAY.
  NO SIGNIFICANT WEATHER WAS OBSERVED.


RELATIVE HUMIDITY (PERCENT)
 HIGHEST   100           700 AM
 LOWEST     44           200 PM
 AVERAGE    72

..........................................................


THE VALENTINE NE CLIMATE NORMALS FOR TODAY
                         NORMAL    RECORD    YEAR
 MAXIMUM TEMPERATURE (F)   78       102      1955
 MINIMUM TEMPERATURE (F)   48        28      1916


SUNRISE AND SUNSET
SEPTEMBER 15 2014.....SUNRISE   722 AM CDT   SUNSET   752 PM CDT
SEPTEMBER 16 2014.....SUNRISE   723 AM CDT   SUNSET   750 PM CDT


-  INDICATES NEGATIVE NUMBERS.
R  INDICATES RECORD WAS SET OR TIED.
MM INDICATES DATA IS MISSING.
T  INDICATES TRACE AMOUNT.

$$
