000
CDUS43 KLBF 300943 RRA
CLIVTN

CLIMATE REPORT
NATIONAL WEATHER SERVICE NORTH PLATTE
442 AM CDT SUN AUG 30 2015


...................................

...THE VALENTINE NE CLIMATE SUMMARY FOR AUGUST 29 2015...

CLIMATE NORMAL PERIOD 1981 TO 2010
CLIMATE RECORD PERIOD 1885 TO 2015


WEATHER ITEM   OBSERVED TIME   RECORD YEAR NORMAL DEPARTURE LAST
                VALUE   (LST)  VALUE       VALUE  FROM      YEAR
                                                  NORMAL
..................................................................
TEMPERATURE (F)
 YESTERDAY
  MAXIMUM         93    440 PM 108    2012  85      8       84
  MINIMUM         54    644 AM  39    1988  55     -1       56
  AVERAGE         74                        70      4       70

PRECIPITATION (IN)
  YESTERDAY        0.00          3.23 1971   0.06  -0.06     0.00
  MONTH TO DATE    1.89                      2.09  -0.20     2.41
  SINCE JUN 1      8.56                      8.86  -0.30    11.62
  SINCE JAN 1     17.95                     16.02   1.93    18.83

SNOWFALL (IN)
  YESTERDAY        0.0           0.0    MM   0.0    0.0      0.0
  MONTH TO DATE    0.0                       0.0    0.0      0.0
  SINCE JUN 1      0.0                       0.0    0.0      0.0
  SINCE JUL 1      0.0                       0.0    0.0      0.0
  SNOW DEPTH       0

DEGREE DAYS
 HEATING
  YESTERDAY        0                         1     -1        0
  MONTH TO DATE   29                        10     19        2
  SINCE JUN 1     39                        79    -40       75
  SINCE JUL 1     31                        18     13       21

 COOLING
  YESTERDAY        9                         6      3        5
  MONTH TO DATE  217                       248    -31      228
  SINCE JUN 1    629                       689    -60      569
  SINCE JAN 1    635                       723    -88      630
..................................................................


WIND (MPH)
  HIGHEST WIND SPEED    20   HIGHEST WIND DIRECTION     S (180)
  HIGHEST GUST SPEED    26   HIGHEST GUST DIRECTION     S (180)
  AVERAGE WIND SPEED     7.9


SKY COVER
  POSSIBLE SUNSHINE  MM
  AVERAGE SKY COVER 0.0


WEATHER CONDITIONS
 THE FOLLOWING WEATHER WAS RECORDED YESTERDAY.
  FOG


RELATIVE HUMIDITY (PERCENT)
 HIGHEST   100           200 AM
 LOWEST     20           400 PM
 AVERAGE    60

..........................................................


THE VALENTINE NE CLIMATE NORMALS FOR TODAY
                         NORMAL    RECORD    YEAR
 MAXIMUM TEMPERATURE (F)   84       102      2000
                                             1981
                                             1948
 MINIMUM TEMPERATURE (F)   55        34      1935


SUNRISE AND SUNSET
AUGUST 30 2015........SUNRISE   704 AM CDT   SUNSET   821 PM CDT
AUGUST 31 2015........SUNRISE   705 AM CDT   SUNSET   819 PM CDT


-  INDICATES NEGATIVE NUMBERS.
R  INDICATES RECORD WAS SET OR TIED.
MM INDICATES DATA IS MISSING.
T  INDICATES TRACE AMOUNT.

$$
