000
CDUS43 KLBF 220932
CLIVTN

CLIMATE REPORT
NATIONAL WEATHER SERVICE NORTH PLATTE
430 AM CDT WED OCT 22 2014


...................................

...THE VALENTINE NE CLIMATE SUMMARY FOR OCTOBER 21 2014...

CLIMATE NORMAL PERIOD 1981 TO 2010
CLIMATE RECORD PERIOD 1885 TO 2014


WEATHER ITEM   OBSERVED TIME   RECORD YEAR NORMAL DEPARTURE LAST
                VALUE   (LST)  VALUE       VALUE  FROM      YEAR
                                                  NORMAL
..................................................................
TEMPERATURE (F)
 YESTERDAY
  MAXIMUM         79    307 PM  90    1947  61     18       57
  MINIMUM         48    713 AM  12    1987  32     16       29
  AVERAGE         64                        46     18       43

PRECIPITATION (IN)
  YESTERDAY        0.00          0.44 1979   0.04  -0.04     0.03
  MONTH TO DATE    0.32                      0.93  -0.61     3.17
  SINCE SEP 1      1.06                      2.57  -1.51     4.72
  SINCE JAN 1     20.10                     18.68   1.42    22.36

SNOWFALL (IN)
  YESTERDAY        0.0           1.1  1981   0.0    0.0       T
  MONTH TO DATE    0.0                       0.7   -0.7      1.0
  SINCE SEP 1      0.0                       1.4   -1.4      1.0
  SINCE JUL 1      0.0                       1.4   -1.4      1.0
  SNOW DEPTH       0

DEGREE DAYS
 HEATING
  YESTERDAY        1                        19    -18       22
  MONTH TO DATE  239                       310    -71      359
  SINCE SEP 1    372                       470    -98      422
  SINCE JUL 1    393                       495   -102      425

 COOLING
  YESTERDAY        0                         0      0        0
  MONTH TO DATE    0                         1     -1        0
  SINCE SEP 1     89                        82      7      171
  SINCE JAN 1    724                       818    -94      964
..................................................................


WIND (MPH)
  HIGHEST WIND SPEED    30   HIGHEST WIND DIRECTION     S (190)
  HIGHEST GUST SPEED    37   HIGHEST GUST DIRECTION     S (170)
  AVERAGE WIND SPEED    16.2


SKY COVER
  POSSIBLE SUNSHINE  MM
  AVERAGE SKY COVER 0.0


WEATHER CONDITIONS
 THE FOLLOWING WEATHER WAS RECORDED YESTERDAY.
  NO SIGNIFICANT WEATHER WAS OBSERVED.


RELATIVE HUMIDITY (PERCENT)
 HIGHEST    73          1100 PM
 LOWEST     31          1200 PM
 AVERAGE    52

..........................................................


THE VALENTINE NE CLIMATE NORMALS FOR TODAY
                         NORMAL    RECORD    YEAR
 MAXIMUM TEMPERATURE (F)   61        87      2003
 MINIMUM TEMPERATURE (F)   32        10      1917


SUNRISE AND SUNSET
OCTOBER 22 2014.......SUNRISE   804 AM CDT   SUNSET   649 PM CDT
OCTOBER 23 2014.......SUNRISE   805 AM CDT   SUNSET   647 PM CDT


-  INDICATES NEGATIVE NUMBERS.
R  INDICATES RECORD WAS SET OR TIED.
MM INDICATES DATA IS MISSING.
T  INDICATES TRACE AMOUNT.

$$
