000
CDUS43 KLBF 281248
CLIVTN


CLIMATE REPORT
NATIONAL WEATHER SERVICE NORTH PLATTE
745 AM CDT WED SEP 28 2016


...................................

...THE VALENTINE NE CLIMATE SUMMARY FOR SEPTEMBER 27 2016...

CLIMATE NORMAL PERIOD 1981 TO 2010
CLIMATE RECORD PERIOD 1885 TO 2016


WEATHER ITEM   OBSERVED TIME   RECORD YEAR NORMAL DEPARTURE LAST
                VALUE   (LST)  VALUE       VALUE  FROM      YEAR
                                                  NORMAL
..................................................................
TEMPERATURE (F)
 YESTERDAY
  MAXIMUM         84    323 PM  98    1956  72     12       84
  MINIMUM         38    543 AM  24    1928  42     -4       56
  AVERAGE         61                        57      4       70

PRECIPITATION (IN)
  YESTERDAY        0.00          0.88 2013   0.05  -0.05     0.00
  MONTH TO DATE    1.52                      1.47   0.05     4.61
  SINCE SEP 1      1.52                      1.47   0.05     4.61
  SINCE JAN 1     23.45                     17.58   5.87    22.56

SNOWFALL (IN)
  YESTERDAY        0.0           6.0  1945   0.1   -0.1      0.0
  MONTH TO DATE    0.0                       0.6   -0.6      0.0
  SINCE SEP 1      0.0                       0.6   -0.6      0.0
  SINCE JUL 1      0.0                       0.6   -0.6      0.0
  SNOW DEPTH       0

DEGREE DAYS
 HEATING
  YESTERDAY        4                         9     -5        0
  MONTH TO DATE   83                       131    -48       44
  SINCE SEP 1     83                       131    -48       44
  SINCE JUL 1    111                       156    -45       75

 COOLING
  YESTERDAY        0                         1     -1        5
  MONTH TO DATE   67                        79    -12      134
  SINCE SEP 1     67                        79    -12      134
  SINCE JAN 1    864                       815     49      794
..................................................................


WIND (MPH)
  HIGHEST WIND SPEED    20   HIGHEST WIND DIRECTION    NW (330)
  HIGHEST GUST SPEED    27   HIGHEST GUST DIRECTION    NW (330)
  AVERAGE WIND SPEED     8.7


SKY COVER
  POSSIBLE SUNSHINE  MM
  AVERAGE SKY COVER 0.0


WEATHER CONDITIONS
 THE FOLLOWING WEATHER WAS RECORDED YESTERDAY.
  NO SIGNIFICANT WEATHER WAS OBSERVED.


RELATIVE HUMIDITY (PERCENT)
 HIGHEST    85           400 AM
 LOWEST     17           300 PM
 AVERAGE    51

..........................................................


THE VALENTINE NE CLIMATE NORMALS FOR TODAY
                         NORMAL    RECORD    YEAR
 MAXIMUM TEMPERATURE (F)   71        92      2011
                                             1969
                                             1921
 MINIMUM TEMPERATURE (F)   41        23      1984


SUNRISE AND SUNSET
SEPTEMBER 28 2016.....SUNRISE   737 AM CDT   SUNSET   728 PM CDT
SEPTEMBER 29 2016.....SUNRISE   738 AM CDT   SUNSET   726 PM CDT


-  INDICATES NEGATIVE NUMBERS.
R  INDICATES RECORD WAS SET OR TIED.
MM INDICATES DATA IS MISSING.
T  INDICATES TRACE AMOUNT.




$$
