000
CDUS43 KLBF 260758
CLIVTN


CLIMATE REPORT
NATIONAL WEATHER SERVICE NORTH PLATTE
257 AM CDT WED APR 26 2017


...................................

...THE VALENTINE NE CLIMATE SUMMARY FOR APRIL 25 2017...

CLIMATE NORMAL PERIOD 1981 TO 2010
CLIMATE RECORD PERIOD 1885 TO 2017


WEATHER ITEM   OBSERVED TIME   RECORD YEAR NORMAL DEPARTURE LAST
                VALUE   (LST)  VALUE       VALUE  FROM      YEAR
                                                  NORMAL
..................................................................
TEMPERATURE (F)
 YESTERDAY
  MAXIMUM         43   1223 AM  93    1962  64    -21       63
  MINIMUM         31   1159 PM  21    1958  37     -6       40
  AVERAGE         37                        50    -13       52

PRECIPITATION (IN)
  YESTERDAY        0.10          0.90 1994   0.08   0.02     0.00
  MONTH TO DATE    1.33                      1.76  -0.43     1.75
  SINCE MAR 1      2.09                      2.83  -0.74     2.68
  SINCE JAN 1      4.16                      3.57   0.59     3.36

SNOWFALL (IN)
  YESTERDAY        T             3.0  1988   0.1   -0.1      0.0
  MONTH TO DATE    0.7                       4.2   -3.5       T
  SINCE MAR 1      2.7                      10.7   -8.0      5.5
  SINCE JUL 1     44.5                      32.8   11.7     36.7
  SNOW DEPTH       0

DEGREE DAYS
 HEATING
  YESTERDAY       28                        15     13       13
  MONTH TO DATE  347                       485   -138      375
  SINCE MAR 1   1108                      1378   -270     1087
  SINCE JUL 1   5867                      6614   -747     5773

 COOLING
  YESTERDAY        0                         0      0        0
  MONTH TO DATE    2                         0      2        3
  SINCE MAR 1      2                         0      2        3
  SINCE JAN 1      2                         0      2        3
..................................................................


WIND (MPH)
  HIGHEST WIND SPEED    23   HIGHEST WIND DIRECTION     N (350)
  HIGHEST GUST SPEED    29   HIGHEST GUST DIRECTION     N (10)
  AVERAGE WIND SPEED    14.4


SKY COVER
  POSSIBLE SUNSHINE  MM
  AVERAGE SKY COVER 0.9


WEATHER CONDITIONS
 THE FOLLOWING WEATHER WAS RECORDED YESTERDAY.
  LIGHT RAIN
  LIGHT SNOW
  FOG
  HAZE


RELATIVE HUMIDITY (PERCENT)
 HIGHEST    92           500 AM
 LOWEST     70           400 PM
 AVERAGE    81

..........................................................


THE VALENTINE NE CLIMATE NORMALS FOR TODAY
                         NORMAL    RECORD    YEAR
 MAXIMUM TEMPERATURE (F)   65        90      1981
                                             1901
 MINIMUM TEMPERATURE (F)   37        21      1992
                                             1950


SUNRISE AND SUNSET
APRIL 26 2017.........SUNRISE   643 AM CDT   SUNSET   838 PM CDT
APRIL 27 2017.........SUNRISE   642 AM CDT   SUNSET   839 PM CDT


-  INDICATES NEGATIVE NUMBERS.
R  INDICATES RECORD WAS SET OR TIED.
MM INDICATES DATA IS MISSING.
T  INDICATES TRACE AMOUNT.




$$
