000
CDUS43 KLBF 262234
CLIVTN


CLIMATE REPORT
NATIONAL WEATHER SERVICE NORTH PLATTE
533 PM CDT MON JUN 26 2017


...................................

...THE VALENTINE NE CLIMATE SUMMARY FOR JUNE 26 2017...
VALID TODAY AS OF 0500 PM LOCAL TIME.

CLIMATE NORMAL PERIOD 1981 TO 2010
CLIMATE RECORD PERIOD 1885 TO 2017


WEATHER ITEM   OBSERVED TIME   RECORD YEAR NORMAL DEPARTURE LAST
                VALUE   (LST)  VALUE       VALUE  FROM      YEAR
                                                  NORMAL
..................................................................
TEMPERATURE (F)
 TODAY
  MAXIMUM         81    253 PM 105    2012  85     -4       92
                                      1971
  MINIMUM         52    533 AM  40    1958  57     -5       49
  AVERAGE         67                        71     -4       71

PRECIPITATION (IN)
  TODAY            0.00          2.54 1891   0.11  -0.11     0.01
  MONTH TO DATE    0.25                      3.12  -2.87     3.57
  SINCE JUN 1      0.25                      3.12  -2.87     3.57
  SINCE JAN 1      9.85                     10.28  -0.43    16.89

SNOWFALL (IN)
  TODAY            0.0           0.0    MM   0.0    0.0      0.0
  MONTH TO DATE    0.0                       0.0    0.0      0.0
  SINCE JUN 1      0.0                       0.0    0.0      0.0
  SINCE JUL 1     44.5                      33.3   11.2     38.2
  SNOW DEPTH       0

DEGREE DAYS
 HEATING
  TODAY            0                         1     -1        0
  MONTH TO DATE   16                        57    -41       11
  SINCE JUN 1     16                        57    -41       11
  SINCE JUL 1   6250                      6999   -749     6161

 COOLING
  TODAY            2                         7     -5        6
  MONTH TO DATE  171                       106     65      211
  SINCE JUN 1    171                       106     65      211
  SINCE JAN 1    194                       140     54      229
..................................................................


WIND (MPH)
  HIGHEST WIND SPEED    18   HIGHEST WIND DIRECTION    NE (40)
  HIGHEST GUST SPEED    23   HIGHEST GUST DIRECTION     E (80)
  AVERAGE WIND SPEED    10.2


SKY COVER
  POSSIBLE SUNSHINE  MM
  AVERAGE SKY COVER 0.1


WEATHER CONDITIONS
 THE FOLLOWING WEATHER WAS RECORDED TODAY.
  NO SIGNIFICANT WEATHER WAS OBSERVED.


RELATIVE HUMIDITY (PERCENT)
 HIGHEST    66           600 AM
 LOWEST     20           300 PM
 AVERAGE    43

..........................................................


THE VALENTINE NE CLIMATE NORMALS FOR TOMORROW
                         NORMAL    RECORD    YEAR
 MAXIMUM TEMPERATURE (F)   86       104      1990
                                             1931
 MINIMUM TEMPERATURE (F)   57        39      1985


SUNRISE AND SUNSET
JUNE 26 2017..........SUNRISE   605 AM CDT   SUNSET   925 PM CDT
JUNE 27 2017..........SUNRISE   606 AM CDT   SUNSET   925 PM CDT


-  INDICATES NEGATIVE NUMBERS.
R  INDICATES RECORD WAS SET OR TIED.
MM INDICATES DATA IS MISSING.
T  INDICATES TRACE AMOUNT.




$$
