345
CDUS43 KLBF 270946
CLIVTN


CLIMATE REPORT
NATIONAL WEATHER SERVICE NORTH PLATTE
445 AM CDT WED JUL 27 2016


...................................

...THE VALENTINE NE CLIMATE SUMMARY FOR JULY 26 2016...

CLIMATE NORMAL PERIOD 1981 TO 2010
CLIMATE RECORD PERIOD 1885 TO 2016


WEATHER ITEM   OBSERVED TIME   RECORD YEAR NORMAL DEPARTURE LAST
                VALUE   (LST)  VALUE       VALUE  FROM      YEAR
                                                  NORMAL
..................................................................
TEMPERATURE (F)
 YESTERDAY
  MAXIMUM         94    437 PM 107    1919  89      5       96
  MINIMUM         58    821 PM  46    2005  61     -3       60
                                      1971
  AVERAGE         76                        75      1       78

PRECIPITATION (IN)
  YESTERDAY        1.18          2.04 1925   0.10   1.08      T
  MONTH TO DATE    2.73                      2.73   0.00     3.25
  SINCE JUN 1      6.89                      6.29   0.60     6.67
  SINCE JAN 1     20.21                     13.45   6.76    16.06

SNOWFALL (IN)
  YESTERDAY        0.0           0.0    MM   0.0    0.0      0.0
  MONTH TO DATE    0.0                       0.0    0.0      0.0
  SINCE JUN 1      0.0                       0.0    0.0      0.0
  SINCE JUL 1      0.0                       0.0    0.0      0.0
  SNOW DEPTH       0

DEGREE DAYS
 HEATING
  YESTERDAY        0                         0      0        0
  MONTH TO DATE    5                         2      3        2
  SINCE JUN 1     16                        63    -47       10
  SINCE JUL 1      5                         2      3        2

 COOLING
  YESTERDAY       11                        11      0       13
  MONTH TO DATE  258                       252      6      233
  SINCE JUN 1    495                       389    106      373
  SINCE JAN 1    513                       423     90      379
..................................................................


WIND (MPH)
  HIGHEST WIND SPEED    55   HIGHEST WIND DIRECTION     N (340)
  HIGHEST GUST SPEED    69   HIGHEST GUST DIRECTION     N (340)
  AVERAGE WIND SPEED    15.0


SKY COVER
  POSSIBLE SUNSHINE  MM
  AVERAGE SKY COVER 0.1


WEATHER CONDITIONS
 THE FOLLOWING WEATHER WAS RECORDED YESTERDAY.
  THUNDERSTORM
  HEAVY RAIN
  RAIN
  LIGHT RAIN
  FOG
  HAZE


RELATIVE HUMIDITY (PERCENT)
 HIGHEST    81           500 AM
 LOWEST     32           400 PM
 AVERAGE    57

..........................................................


THE VALENTINE NE CLIMATE NORMALS FOR TODAY
                         NORMAL    RECORD    YEAR
 MAXIMUM TEMPERATURE (F)   89       106      1935
                                             1931
 MINIMUM TEMPERATURE (F)   61        43      2005


SUNRISE AND SUNSET
JULY 27 2016..........SUNRISE   629 AM CDT   SUNSET   908 PM CDT
JULY 28 2016..........SUNRISE   630 AM CDT   SUNSET   907 PM CDT


-  INDICATES NEGATIVE NUMBERS.
R  INDICATES RECORD WAS SET OR TIED.
MM INDICATES DATA IS MISSING.
T  INDICATES TRACE AMOUNT.




$$
