000
CDUS43 KLBF 222139
CLIVTN


CLIMATE REPORT
NATIONAL WEATHER SERVICE NORTH PLATTE
437 PM CDT WED MAR 22 2017


...................................

...THE VALENTINE NE CLIMATE SUMMARY FOR MARCH 22 2017...
VALID TODAY AS OF 0400 PM LOCAL TIME.

CLIMATE NORMAL PERIOD 1981 TO 2010
CLIMATE RECORD PERIOD 1885 TO 2017


WEATHER ITEM   OBSERVED TIME   RECORD YEAR NORMAL DEPARTURE LAST
                VALUE   (LST)  VALUE       VALUE  FROM      YEAR
                                                  NORMAL
..................................................................
TEMPERATURE (F)
 TODAY
  MAXIMUM         56    329 PM  87    1910  51      5       59
  MINIMUM         31    732 AM  -8    1899  25      6       35
  AVERAGE         44                        38      6       47

PRECIPITATION (IN)
  TODAY            T             0.32 1924   0.04  -0.04      T
                                      1894
  MONTH TO DATE    0.65                      0.68  -0.03     0.02
  SINCE MAR 1      0.65                      0.68  -0.03     0.02
  SINCE JAN 1      2.72                      1.42   1.30     0.70

SNOWFALL (IN)
  TODAY            T             3.2  1934   0.2   -0.2      0.0
  MONTH TO DATE    3.5                       4.8   -1.3       T
  SINCE MAR 1      3.5                       4.8   -1.3       T
  SINCE JUL 1     45.3                      26.9   18.4     31.2
  SNOW DEPTH       0

DEGREE DAYS
 HEATING
  TODAY           21                        27     -6       18
  MONTH TO DATE  582                       664    -82      474
  SINCE MAR 1    582                       664    -82      474
  SINCE JUL 1   5341                      5900   -559     5160

 COOLING
  TODAY            0                         0      0        0
  MONTH TO DATE    0                         0      0        0
  SINCE MAR 1      0                         0      0        0
  SINCE JAN 1      0                         0      0        0
..................................................................


WIND (MPH)
  HIGHEST WIND SPEED    31   HIGHEST WIND DIRECTION     S (170)
  HIGHEST GUST SPEED    38   HIGHEST GUST DIRECTION     S (190)
  AVERAGE WIND SPEED    18.1


SKY COVER
  POSSIBLE SUNSHINE  MM
  AVERAGE SKY COVER 0.6


WEATHER CONDITIONS
 THE FOLLOWING WEATHER WAS RECORDED TODAY.
  NO SIGNIFICANT WEATHER WAS OBSERVED.


RELATIVE HUMIDITY (PERCENT)
 HIGHEST    78           200 AM
 LOWEST     38           300 PM
 AVERAGE    58

..........................................................


THE VALENTINE NE CLIMATE NORMALS FOR TOMORROW
                         NORMAL    RECORD    YEAR
 MAXIMUM TEMPERATURE (F)   52        81      1939
 MINIMUM TEMPERATURE (F)   25        -4      1965


SUNRISE AND SUNSET
MARCH 22 2017.........SUNRISE   741 AM CDT   SUNSET   757 PM CDT
MARCH 23 2017.........SUNRISE   740 AM CDT   SUNSET   758 PM CDT


-  INDICATES NEGATIVE NUMBERS.
R  INDICATES RECORD WAS SET OR TIED.
MM INDICATES DATA IS MISSING.
T  INDICATES TRACE AMOUNT.




$$
