000
CDUS43 KLBF 190939
CLIVTN

CLIMATE REPORT
NATIONAL WEATHER SERVICE NORTH PLATTE
437 AM CDT SAT APR 19 2014

...................................

...THE VALENTINE NE CLIMATE SUMMARY FOR APRIL 18 2014...

CLIMATE NORMAL PERIOD 1981 TO 2010
CLIMATE RECORD PERIOD 1885 TO 2014


WEATHER ITEM   OBSERVED TIME   RECORD YEAR NORMAL DEPARTURE LAST
                VALUE   (LST)  VALUE       VALUE  FROM      YEAR
                                                  NORMAL
..................................................................
TEMPERATURE (F)
 YESTERDAY
  MAXIMUM         76    138 PM  92    1985  61     15       34
  MINIMUM         41    438 AM  15    1988  34      7       22
  AVERAGE         59                        48     11       28

PRECIPITATION (IN)
  YESTERDAY        0.00          1.60 1920   0.08  -0.08      T
  MONTH TO DATE    0.44                      1.17  -0.73     1.31
  SINCE MAR 1      0.93                      2.24  -1.31     2.88
  SINCE JAN 1      1.59                      2.98  -1.39     4.11

SNOWFALL (IN)
  YESTERDAY        0.0          16.0  1920   0.1   -0.1      0.2
  MONTH TO DATE    3.3                       3.2    0.1      9.7
  SINCE MAR 1      8.3                       9.7   -1.4     19.9
  SINCE JUL 1     34.8                      31.8    3.0     47.5
  SNOW DEPTH       0

DEGREE DAYS
 HEATING
  YESTERDAY        6                        18    -12       37
  MONTH TO DATE  381                       373      8      507
  SINCE MAR 1   1350                      1266     84     1459
  SINCE JUL 1   6828                      6502    326     6412

 COOLING
  YESTERDAY        0                         0      0        0
  MONTH TO DATE    0                         0      0        0
  SINCE MAR 1      0                         0      0        0
  SINCE JAN 1      0                         0      0        0
..................................................................


WIND (MPH)
  HIGHEST WIND SPEED    37   HIGHEST WIND DIRECTION     S (180)
  HIGHEST GUST SPEED    48   HIGHEST GUST DIRECTION     S (180)
  AVERAGE WIND SPEED    23.2


SKY COVER
  POSSIBLE SUNSHINE  MM
  AVERAGE SKY COVER 0.0


WEATHER CONDITIONS
 THE FOLLOWING WEATHER WAS RECORDED YESTERDAY.
  NO SIGNIFICANT WEATHER WAS OBSERVED.


RELATIVE HUMIDITY (PERCENT)
 HIGHEST    76           500 AM
 LOWEST     21           100 PM
 AVERAGE    49

..........................................................


THE VALENTINE NE CLIMATE NORMALS FOR TODAY
                         NORMAL    RECORD    YEAR
 MAXIMUM TEMPERATURE (F)   62        89      1961
 MINIMUM TEMPERATURE (F)   34        10      1966


SUNRISE AND SUNSET
APRIL 19 2014.........SUNRISE   654 AM CDT   SUNSET   829 PM CDT
APRIL 20 2014.........SUNRISE   653 AM CDT   SUNSET   830 PM CDT


-  INDICATES NEGATIVE NUMBERS.
R  INDICATES RECORD WAS SET OR TIED.
MM INDICATES DATA IS MISSING.
T  INDICATES TRACE AMOUNT.

$$
