000
CDUS43 KLBF 211028
CLIVTN

CLIMATE REPORT
NATIONAL WEATHER SERVICE NORTH PLATTE
427 AM CST SUN DEC 21 2014

...................................

...THE VALENTINE NE CLIMATE SUMMARY FOR DECEMBER 20 2014...

CLIMATE NORMAL PERIOD 1981 TO 2010
CLIMATE RECORD PERIOD 1885 TO 2014


WEATHER ITEM   OBSERVED TIME   RECORD YEAR NORMAL DEPARTURE LAST
                VALUE   (LST)  VALUE       VALUE  FROM      YEAR
                                                  NORMAL
..................................................................
TEMPERATURE (F)
 YESTERDAY
  MAXIMUM         41    316 PM  72    1941  36      5       21
  MINIMUM         12    804 AM -29    1916  10      2        3
  AVERAGE         27                        23      4       12

PRECIPITATION (IN)
  YESTERDAY        0.00          0.64 2006   0.01  -0.01     0.00
  MONTH TO DATE    0.51                      0.25   0.26     0.69
  SINCE DEC 1      0.51                      0.25   0.26     0.69
  SINCE JAN 1     21.40                     19.90   1.50    23.61

SNOWFALL (IN)
  YESTERDAY        0.0           8.9  1983   0.2   -0.2      0.0
  MONTH TO DATE    3.5                       3.3    0.2     12.0
  SINCE DEC 1      3.5                       3.3    0.2     12.0
  SINCE JUL 1      9.9                      10.9   -1.0     18.8
  SNOW DEPTH       2

DEGREE DAYS
 HEATING
  YESTERDAY       38                        42     -4       53
  MONTH TO DATE  669                       813   -144      965
  SINCE DEC 1    669                       813   -144      965
  SINCE JUL 1   2273                      2431   -158     2524

 COOLING
  YESTERDAY        0                         0      0        0
  MONTH TO DATE    0                         0      0        0
  SINCE DEC 1      0                         0      0        0
  SINCE JAN 1    724                       821    -97      964
..................................................................


WIND (MPH)
  HIGHEST WIND SPEED    12   HIGHEST WIND DIRECTION     W (260)
  HIGHEST GUST SPEED    14   HIGHEST GUST DIRECTION     W (260)
  AVERAGE WIND SPEED     5.5


SKY COVER
  POSSIBLE SUNSHINE  MM
  AVERAGE SKY COVER 0.2


WEATHER CONDITIONS
 THE FOLLOWING WEATHER WAS RECORDED YESTERDAY.
  NO SIGNIFICANT WEATHER WAS OBSERVED.


RELATIVE HUMIDITY (PERCENT)
 HIGHEST    96          1200 AM
 LOWEST     64           200 PM
 AVERAGE    80

..........................................................


THE VALENTINE NE CLIMATE NORMALS FOR TODAY
                         NORMAL    RECORD    YEAR
 MAXIMUM TEMPERATURE (F)   36        65      1933
 MINIMUM TEMPERATURE (F)   10       -35      1989


SUNRISE AND SUNSET
DECEMBER 21 2014......SUNRISE   810 AM CST   SUNSET   511 PM CST
DECEMBER 22 2014......SUNRISE   810 AM CST   SUNSET   511 PM CST


-  INDICATES NEGATIVE NUMBERS.
R  INDICATES RECORD WAS SET OR TIED.
MM INDICATES DATA IS MISSING.
T  INDICATES TRACE AMOUNT.

$$
