000
CDUS43 KLBF 280935
CLIVTN

CLIMATE REPORT
NATIONAL WEATHER SERVICE NORTH PLATTE
434 AM CDT SAT MAR 28 2015


...................................

...THE VALENTINE NE CLIMATE SUMMARY FOR MARCH 27 2015...

CLIMATE NORMAL PERIOD 1981 TO 2010
CLIMATE RECORD PERIOD 1885 TO 2015


WEATHER ITEM   OBSERVED TIME   RECORD YEAR NORMAL DEPARTURE LAST
                VALUE   (LST)  VALUE       VALUE  FROM      YEAR
                                                  NORMAL
..................................................................
TEMPERATURE (F)
 YESTERDAY
  MAXIMUM         63    548 PM  85    1988  53     10       39
  MINIMUM         30    128 AM  -4    1931  27      3       20
  AVERAGE         47                        40      7       30

PRECIPITATION (IN)
  YESTERDAY        T             0.89 2004   0.04  -0.04     0.04
  MONTH TO DATE    0.03                      0.88  -0.85     0.39
  SINCE MAR 1      0.03                      0.88  -0.85     0.39
  SINCE JAN 1      0.65                      1.62  -0.97     1.05

SNOWFALL (IN)
  YESTERDAY        T             5.3  1975   0.2   -0.2       T
  MONTH TO DATE    0.5                       5.8   -5.3      4.2
  SINCE MAR 1      0.5                       5.8   -5.3      4.2
  SINCE JUL 1     22.2                      27.9   -5.7     30.7
  SNOW DEPTH       0

DEGREE DAYS
 HEATING
  YESTERDAY       18                        25     -7       35
  MONTH TO DATE  636                       794   -158      863
  SINCE MAR 1    636                       794   -158      863
  SINCE JUL 1   5762                      6030   -268     6341

 COOLING
  YESTERDAY        0                         0      0        0
  MONTH TO DATE    2                         0      2        0
  SINCE MAR 1      2                         0      2        0
  SINCE JAN 1      2                         0      2        0
..................................................................


WIND (MPH)
  HIGHEST WIND SPEED    22   HIGHEST WIND DIRECTION    NW (310)
  HIGHEST GUST SPEED    30   HIGHEST GUST DIRECTION     W (290)
  AVERAGE WIND SPEED     7.5


SKY COVER
  POSSIBLE SUNSHINE  MM
  AVERAGE SKY COVER 0.8


WEATHER CONDITIONS
 THE FOLLOWING WEATHER WAS RECORDED YESTERDAY.
  LIGHT SNOW
  HAZE


RELATIVE HUMIDITY (PERCENT)
 HIGHEST    78          1200 AM
 LOWEST     34           500 PM
 AVERAGE    56

..........................................................


THE VALENTINE NE CLIMATE NORMALS FOR TODAY
                         NORMAL    RECORD    YEAR
 MAXIMUM TEMPERATURE (F)   53        84      1895
 MINIMUM TEMPERATURE (F)   27         4      1944


SUNRISE AND SUNSET
MARCH 28 2015.........SUNRISE   732 AM CDT   SUNSET   804 PM CDT
MARCH 29 2015.........SUNRISE   730 AM CDT   SUNSET   805 PM CDT


-  INDICATES NEGATIVE NUMBERS.
R  INDICATES RECORD WAS SET OR TIED.
MM INDICATES DATA IS MISSING.
T  INDICATES TRACE AMOUNT.




$$
