000
CDUS43 KLBF 261029
CLIVTN


CLIMATE REPORT
NATIONAL WEATHER SERVICE NORTH PLATTE
427 AM CST SUN FEB 26 2017


...................................

...THE VALENTINE NE CLIMATE SUMMARY FOR FEBRUARY 25 2017...

CLIMATE NORMAL PERIOD 1981 TO 2010
CLIMATE RECORD PERIOD 1885 TO 2017


WEATHER ITEM   OBSERVED TIME   RECORD YEAR NORMAL DEPARTURE LAST
                VALUE   (LST)  VALUE       VALUE  FROM      YEAR
                                                  NORMAL
..................................................................
TEMPERATURE (F)
 YESTERDAY
  MAXIMUM         29    402 PM  73    1995  43    -14       42
  MINIMUM         -4    631 AM -19    1934  17    -21       23
  AVERAGE         13                        30    -17       33

PRECIPITATION (IN)
  YESTERDAY        0.00          0.95 1944   0.02  -0.02     0.00
  MONTH TO DATE    1.16                      0.41   0.75     0.16
  SINCE DEC 1      3.01                      1.04   1.97     1.72
  SINCE JAN 1      2.07                      0.67   1.40     0.68

SNOWFALL (IN)
  YESTERDAY        0.0           9.0  1944   0.2   -0.2      0.0
  MONTH TO DATE   18.6                       4.9   13.7      1.0
  SINCE DEC 1     35.5                      13.8   21.7     21.1
  SINCE JUL 1     41.8                      21.4   20.4     31.2
  SNOW DEPTH      10

DEGREE DAYS
 HEATING
  YESTERDAY       52                        35     17       32
  MONTH TO DATE  809                       953   -144      762
  SINCE DEC 1   3527                      3513     14     3299
  SINCE JUL 1   4633                      5131   -498     4592

 COOLING
  YESTERDAY        0                         0      0        0
  MONTH TO DATE    0                         0      0        0
  SINCE DEC 1      0                         0      0        0
  SINCE JAN 1      0                         0      0        0
..................................................................


WIND (MPH)
  HIGHEST WIND SPEED    17   HIGHEST WIND DIRECTION     W (260)
  HIGHEST GUST SPEED    19   HIGHEST GUST DIRECTION     W (260)
  AVERAGE WIND SPEED     7.7


SKY COVER
  POSSIBLE SUNSHINE  MM
  AVERAGE SKY COVER 0.2


WEATHER CONDITIONS
 THE FOLLOWING WEATHER WAS RECORDED YESTERDAY.
  NO SIGNIFICANT WEATHER WAS OBSERVED.


RELATIVE HUMIDITY (PERCENT)
 HIGHEST    95           300 AM
 LOWEST     63           200 PM
 AVERAGE    79

..........................................................


THE VALENTINE NE CLIMATE NORMALS FOR TODAY
                         NORMAL    RECORD    YEAR
 MAXIMUM TEMPERATURE (F)   43        68      1932
 MINIMUM TEMPERATURE (F)   17       -24      1934


SUNRISE AND SUNSET
FEBRUARY 26 2017......SUNRISE   722 AM CST   SUNSET   628 PM CST
FEBRUARY 27 2017......SUNRISE   721 AM CST   SUNSET   630 PM CST


-  INDICATES NEGATIVE NUMBERS.
R  INDICATES RECORD WAS SET OR TIED.
MM INDICATES DATA IS MISSING.
T  INDICATES TRACE AMOUNT.




$$
