000
CDUS46 KPQR 211141
CLIVUO


CLIMATE REPORT
NATIONAL WEATHER SERVICE PORTLAND OREGON
440 AM PDT SUN SEP 21 2014


...................................

...THE VANCOUVER WA CLIMATE SUMMARY FOR SEPTEMBER 20 2014...

CLIMATE NORMAL PERIOD 1981 TO 2010
CLIMATE RECORD PERIOD 1891 TO 2014


WEATHER ITEM   OBSERVED TIME   RECORD YEAR NORMAL DEPARTURE LAST
                VALUE   (LST)  VALUE       VALUE  FROM      YEAR
                                                  NORMAL
..................................................................
TEMPERATURE (F)
 YESTERDAY
  MAXIMUM         94    304 PM  97    1952  75     19       73
  MINIMUM         60    647 AM  38    1924  51      9       50
  AVERAGE         77                        62     15       62

PRECIPITATION (IN)
  YESTERDAY        0.00                      0.06  -0.06     0.01
  MONTH TO DATE    0.05                      0.77  -0.72     1.53
  SINCE OCT 1     27.81                     38.35 -10.54    36.62
  SINCE JAN 1     22.34                     22.60  -0.26    17.36

DEGREE DAYS
 HEATING
  YESTERDAY        0                                         3
  MONTH TO DATE    2                                        11
  SINCE JUL 1      5                                        24

 COOLING
  YESTERDAY       12                                         0
  MONTH TO DATE   61                                        74
  SINCE JAN 1    513                                       450
..................................................................


WIND (MPH)
  HIGHEST WIND SPEED    16   HIGHEST WIND DIRECTION     E (80)
  HIGHEST GUST SPEED    23   HIGHEST GUST DIRECTION     E (70)
  AVERAGE WIND SPEED     5.6


SKY COVER
  POSSIBLE SUNSHINE  MM
  AVERAGE SKY COVER 0.0


WEATHER CONDITIONS
 THE FOLLOWING WEATHER WAS RECORDED YESTERDAY.
  NO SIGNIFICANT WEATHER WAS OBSERVED.


RELATIVE HUMIDITY (PERCENT)
 HIGHEST    90           300 AM
 LOWEST     22           200 PM
 AVERAGE    56

..........................................................




SUNRISE AND SUNSET
SEPTEMBER 21 2014.....SUNRISE   656 AM PDT   SUNSET   710 PM PDT
SEPTEMBER 22 2014.....SUNRISE   658 AM PDT   SUNSET   708 PM PDT


-  INDICATES NEGATIVE NUMBERS.
R  INDICATES RECORD WAS SET OR TIED.
MM INDICATES DATA IS MISSING.
T  INDICATES TRACE AMOUNT.




$$
