000
CDUS46 KPQR 171144
CLIVUO


CLIMATE REPORT
NATIONAL WEATHER SERVICE PORTLAND OREGON
343 AM PST TUE JAN 17 2017


...................................

...THE VANCOUVER WA CLIMATE SUMMARY FOR JANUARY 16 2017...

CLIMATE NORMAL PERIOD 1981 TO 2010
CLIMATE RECORD PERIOD 1891 TO 2017


WEATHER ITEM   OBSERVED TIME   RECORD YEAR NORMAL DEPARTURE LAST
                VALUE   (LST)  VALUE       VALUE  FROM      YEAR
                                                  NORMAL
..................................................................
TEMPERATURE (F)
 YESTERDAY
  MAXIMUM         30    343 PM  59    2011  48    -18       51
  MINIMUM         23    826 AM  15    1950  36    -13       42
  AVERAGE         27                        42    -15       47

PRECIPITATION (IN)
  YESTERDAY        0.00                      0.17  -0.17     0.50
  MONTH TO DATE    1.71                      3.06  -1.35     3.20
  SINCE OCT 1     21.57                     18.81   2.76    27.05
  SINCE JAN 1      1.71                      3.06  -1.35     3.20

DEGREE DAYS
 HEATING
  YESTERDAY       38                                        18
  MONTH TO DATE  589                                       441
  SINCE JUL 1   2244                                      2050

 COOLING
  YESTERDAY        0                                         0
  MONTH TO DATE    0                                         0
  SINCE JAN 1      0                                         0
..................................................................


WIND (MPH)
  HIGHEST WIND SPEED    14   HIGHEST WIND DIRECTION    SE (130)
  HIGHEST GUST SPEED    19   HIGHEST GUST DIRECTION    SE (130)
  AVERAGE WIND SPEED     7.5


SKY COVER
  POSSIBLE SUNSHINE  MM
  AVERAGE SKY COVER 0.4


WEATHER CONDITIONS
 THE FOLLOWING WEATHER WAS RECORDED YESTERDAY.
  NO SIGNIFICANT WEATHER WAS OBSERVED.


RELATIVE HUMIDITY (PERCENT)
 HIGHEST    68           100 AM
 LOWEST     58           200 PM
 AVERAGE    63

..........................................................




SUNRISE AND SUNSET
JANUARY 17 2017.......SUNRISE   746 AM PST   SUNSET   456 PM PST
JANUARY 18 2017.......SUNRISE   745 AM PST   SUNSET   458 PM PST


-  INDICATES NEGATIVE NUMBERS.
R  INDICATES RECORD WAS SET OR TIED.
MM INDICATES DATA IS MISSING.
T  INDICATES TRACE AMOUNT.




$$
