000
CDUS46 KPQR 270225
CLIVUO


CLIMATE REPORT
NATIONAL WEATHER SERVICE PORTLAND OREGON
624 PM PST WED NOV 26 2014


...................................

...THE VANCOUVER WA CLIMATE SUMMARY FOR NOVEMBER 26 2014...
VALID TODAY AS OF 0600 PM LOCAL TIME.

CLIMATE NORMAL PERIOD 1981 TO 2010
CLIMATE RECORD PERIOD 1891 TO 2014


WEATHER ITEM   OBSERVED TIME   RECORD YEAR NORMAL DEPARTURE LAST
                VALUE   (LST)  VALUE       VALUE  FROM      YEAR
                                                  NORMAL
..................................................................
TEMPERATURE (F)
 TODAY
  MAXIMUM         62R   240 PM  60    1950  50     12       49
  MINIMUM         56    758 AM  21    1952  38     18       27
  AVERAGE         59                        44     15       38

PRECIPITATION (IN)
  TODAY            0.00                      0.22  -0.22     0.00
  MONTH TO DATE    2.15                      5.00  -2.85     2.68
  SINCE OCT 1      8.18                      8.07   0.11     3.80
  SINCE JAN 1     31.62                     31.46   0.16    24.87

DEGREE DAYS
 HEATING
  TODAY            6                                        27
  MONTH TO DATE  505                                       506
  SINCE SEP 1    719                                       987
  SINCE JUL 1    722                                      1000

 COOLING
  TODAY            0                                         0
  MONTH TO DATE    0                                         0
  SINCE SEP 1     79                                        74
  SINCE JAN 1    531                                       450
..................................................................


WIND (MPH)
  HIGHEST WIND SPEED     9   HIGHEST WIND DIRECTION     E (110)
  HIGHEST GUST SPEED    13   HIGHEST GUST DIRECTION    SE (120)
  AVERAGE WIND SPEED     3.7


SKY COVER
  POSSIBLE SUNSHINE  MM
  AVERAGE SKY COVER 0.6


WEATHER CONDITIONS
 THE FOLLOWING WEATHER WAS RECORDED TODAY.
  NO SIGNIFICANT WEATHER WAS OBSERVED.


RELATIVE HUMIDITY (PERCENT)
 HIGHEST    86           500 AM
 LOWEST     60           200 PM
 AVERAGE    73

..........................................................


THE VANCOUVER WA CLIMATE NORMALS FOR TOMORROW
                         NORMAL    RECORD    YEAR
 MAXIMUM TEMPERATURE (F)   50        61      1903
 MINIMUM TEMPERATURE (F)   38        18      1896


SUNRISE AND SUNSET
NOVEMBER 26 2014......SUNRISE   725 AM PST   SUNSET   431 PM PST
NOVEMBER 27 2014......SUNRISE   726 AM PST   SUNSET   430 PM PST


-  INDICATES NEGATIVE NUMBERS.
R  INDICATES RECORD WAS SET OR TIED.
MM INDICATES DATA IS MISSING.
T  INDICATES TRACE AMOUNT.




$$
