000
CDUS46 KPQR 241141
CLIVUO


CLIMATE REPORT
NATIONAL WEATHER SERVICE PORTLAND OREGON
440 AM PDT WED AUG 24 2016


...................................

...THE VANCOUVER WA CLIMATE SUMMARY FOR AUGUST 23 2016...

CLIMATE NORMAL PERIOD 1981 TO 2010
CLIMATE RECORD PERIOD 1891 TO 2016


WEATHER ITEM   OBSERVED TIME   RECORD YEAR NORMAL DEPARTURE LAST
                VALUE   (LST)  VALUE       VALUE  FROM      YEAR
                                                  NORMAL
..................................................................
TEMPERATURE (F)
 YESTERDAY
  MAXIMUM         84    445 PM 100    1988  81      3       87
  MINIMUM         52    604 AM  41    1973  56     -4       53
  AVERAGE         68                        69     -1       70

PRECIPITATION (IN)
  YESTERDAY        0.00                      0.03  -0.03     0.00
  MONTH TO DATE    0.13                      0.48  -0.35     0.01
  SINCE OCT 1     45.36                     37.29   8.07    30.23
  SINCE JAN 1     21.51                     21.54  -0.03    15.34

DEGREE DAYS
 HEATING
  YESTERDAY        0                                         0
  MONTH TO DATE    8                                         0
  SINCE JUL 1     19                                         4

 COOLING
  YESTERDAY        3                                         5
  MONTH TO DATE  135                                       161
  SINCE JAN 1    344                                       589
..................................................................


WIND (MPH)
  HIGHEST WIND SPEED    15   HIGHEST WIND DIRECTION    NW (310)
  HIGHEST GUST SPEED    19   HIGHEST GUST DIRECTION    NW (300)
  AVERAGE WIND SPEED     5.7


SKY COVER
  POSSIBLE SUNSHINE  MM
  AVERAGE SKY COVER 0.0


WEATHER CONDITIONS
 THE FOLLOWING WEATHER WAS RECORDED YESTERDAY.
  NO SIGNIFICANT WEATHER WAS OBSERVED.


RELATIVE HUMIDITY (PERCENT)
 HIGHEST    96           600 AM
 LOWEST     26           500 PM
 AVERAGE    61

..........................................................




SUNRISE AND SUNSET
AUGUST 24 2016........SUNRISE   623 AM PDT   SUNSET   802 PM PDT
AUGUST 25 2016........SUNRISE   624 AM PDT   SUNSET   800 PM PDT


-  INDICATES NEGATIVE NUMBERS.
R  INDICATES RECORD WAS SET OR TIED.
MM INDICATES DATA IS MISSING.
T  INDICATES TRACE AMOUNT.




$$
