000
CDUS46 KPQR 271142
CLIVUO


CLIMATE REPORT
NATIONAL WEATHER SERVICE PORTLAND OREGON
441 AM PDT WED AUG 27 2014


...................................

...THE VANCOUVER WA CLIMATE SUMMARY FOR AUGUST 26 2014...

CLIMATE NORMAL PERIOD 1981 TO 2010
CLIMATE RECORD PERIOD 1891 TO 2014


WEATHER ITEM   OBSERVED TIME   RECORD YEAR NORMAL DEPARTURE LAST
                VALUE   (LST)  VALUE       VALUE  FROM      YEAR
                                                  NORMAL
..................................................................
TEMPERATURE (F)
 YESTERDAY
  MAXIMUM         93    442 PM  99    1935  81     12       78
  MINIMUM         59    527 AM  41    1908  56      3       62
  AVERAGE         76                        68      8       70

PRECIPITATION (IN)
  YESTERDAY        0.00                      0.03  -0.03     0.48
  MONTH TO DATE    0.02                      0.57  -0.55     0.59
  SINCE OCT 1     27.74                     37.38  -9.64    34.83
  SINCE JAN 1     22.27                     21.63   0.64    15.57

DEGREE DAYS
 HEATING
  YESTERDAY        0                                         0
  MONTH TO DATE    0                                         4
  SINCE JUL 1      3                                        13

 COOLING
  YESTERDAY       11                                         5
  MONTH TO DATE  197                                       136
  SINCE JAN 1    429                                       340
..................................................................


WIND (MPH)
  HIGHEST WIND SPEED    12   HIGHEST WIND DIRECTION    NW (300)
  HIGHEST GUST SPEED    18   HIGHEST GUST DIRECTION     N (10)
  AVERAGE WIND SPEED     4.4


SKY COVER
  POSSIBLE SUNSHINE  MM
  AVERAGE SKY COVER 0.0


WEATHER CONDITIONS
 THE FOLLOWING WEATHER WAS RECORDED YESTERDAY.
  NO SIGNIFICANT WEATHER WAS OBSERVED.


RELATIVE HUMIDITY (PERCENT)
 HIGHEST    84           600 AM
 LOWEST     18           400 PM
 AVERAGE    51

..........................................................




SUNRISE AND SUNSET
AUGUST 27 2014........SUNRISE   626 AM PDT   SUNSET   757 PM PDT
AUGUST 28 2014........SUNRISE   627 AM PDT   SUNSET   756 PM PDT


-  INDICATES NEGATIVE NUMBERS.
R  INDICATES RECORD WAS SET OR TIED.
MM INDICATES DATA IS MISSING.
T  INDICATES TRACE AMOUNT.




$$
