000
CDUS46 KPQR 031141
CLIVUO


CLIMATE REPORT
NATIONAL WEATHER SERVICE PORTLAND OREGON
340 AM PST TUE MAR 3 2015


...................................

...THE VANCOUVER WA CLIMATE SUMMARY FOR MARCH 2 2015...

CLIMATE NORMAL PERIOD 1981 TO 2010
CLIMATE RECORD PERIOD 1891 TO 2015


WEATHER ITEM   OBSERVED TIME   RECORD YEAR NORMAL DEPARTURE LAST
                VALUE   (LST)  VALUE       VALUE  FROM      YEAR
                                                  NORMAL
..................................................................
TEMPERATURE (F)
 YESTERDAY
  MAXIMUM         56    421 PM  72    1905  55      1       53
  MINIMUM         39   1159 PM  21    1917  37      2       33
  AVERAGE         48                        46      2       43

PRECIPITATION (IN)
  YESTERDAY        0.01                      0.11  -0.10     0.43
  MONTH TO DATE    0.01                      0.23  -0.22     0.47
  SINCE OCT 1     22.32                     25.51  -3.19    12.83
  SINCE JAN 1      7.43                      9.76  -2.33     7.36

DEGREE DAYS
 HEATING
  YESTERDAY       17                                        22
  MONTH TO DATE   40                                        48
  SINCE JUL 1   2692                                      3511

 COOLING
  YESTERDAY        0                                         0
  MONTH TO DATE    0                                         0
  SINCE JAN 1      0                                         0
..................................................................


WIND (MPH)
  HIGHEST WIND SPEED    15   HIGHEST WIND DIRECTION    NW (310)
  HIGHEST GUST SPEED    23   HIGHEST GUST DIRECTION    NW (310)
  AVERAGE WIND SPEED     5.1


SKY COVER
  POSSIBLE SUNSHINE  MM
  AVERAGE SKY COVER 0.5


WEATHER CONDITIONS
 THE FOLLOWING WEATHER WAS RECORDED YESTERDAY.
  LIGHT RAIN


RELATIVE HUMIDITY (PERCENT)
 HIGHEST    89           800 AM
 LOWEST     41           500 PM
 AVERAGE    65

..........................................................




SUNRISE AND SUNSET
MARCH  3 2015.........SUNRISE   646 AM PST   SUNSET   600 PM PST
MARCH  4 2015.........SUNRISE   644 AM PST   SUNSET   601 PM PST


-  INDICATES NEGATIVE NUMBERS.
R  INDICATES RECORD WAS SET OR TIED.
MM INDICATES DATA IS MISSING.
T  INDICATES TRACE AMOUNT.




$$
