000
CDUS41 KAKQ 210529
CLIWAL


CLIMATE REPORT
NATIONAL WEATHER SERVICE WAKEFIELD, VA
129 AM EDT SAT OCT 21 2017


...................................

...THE WALLOPS ISLAND VA CLIMATE SUMMARY FOR OCTOBER 20 2017...

CLIMATE NORMAL PERIOD 1981 TO 2010
CLIMATE RECORD PERIOD 1963 TO 2017


WEATHER ITEM   OBSERVED TIME   RECORD YEAR NORMAL DEPARTURE
                VALUE   (LST)  VALUE       VALUE  FROM
                                                  NORMAL
...............................................................
TEMPERATURE (F)
 YESTERDAY
  MAXIMUM         77    237 PM  80    1984  67     10
  MINIMUM         51    315 AM  29    1974  49      2
  AVERAGE         64                        58      6

PRECIPITATION (IN)
  YESTERDAY        0.00          1.06        0.09  -0.09
  MONTH TO DATE    5.09                      2.02   3.07
  SINCE SEP 1      6.93                      6.00   0.93
  SINCE JAN 1     42.45                     33.39   9.06

SNOWFALL (IN)
  YESTERDAY        0.0           0.0    MM   0.0    0.0
  MONTH TO DATE    0.0                       0.0    0.0
  SINCE NOV 1     10.1                       7.9    2.2
  SINCE JUL 1      0.0                       0.0    0.0

DEGREE DAYS
 HEATING
  YESTERDAY        1                               -7
  MONTH TO DATE   56                              -53
  SINCE SEP 1     65                              -74
  SINCE JUL 1     65                              -75

 COOLING
  YESTERDAY        0                               -1
  MONTH TO DATE   82                               54
  SINCE SEP 1    265                               73
  SINCE JAN 1   1416                              224
...............................................................


WIND (MPH)
  HIGHEST WIND SPEED    12   HIGHEST WIND DIRECTION    SE (140)
  HIGHEST GUST SPEED    24   HIGHEST GUST DIRECTION    NW (330)
  AVERAGE WIND SPEED     4.2




RELATIVE HUMIDITY (PERCENT)
 HIGHEST   100
 LOWEST     43
 AVERAGE    72

..........................................................


THE WALLOPS ISLAND VA CLIMATE NORMALS FOR TODAY
                         NORMAL    RECORD    YEAR
 MAXIMUM TEMPERATURE (F)   67        81      1984
 MINIMUM TEMPERATURE (F)   48        31      1974


SUNRISE AND SUNSET
OCTOBER 21 2017.......SUNRISE   716 AM EDT   SUNSET   616 PM EDT
OCTOBER 22 2017.......SUNRISE   717 AM EDT   SUNSET   615 PM EDT


-  INDICATES NEGATIVE NUMBERS.
R  INDICATES RECORD WAS SET OR TIED.
MM INDICATES DATA IS MISSING.
T  INDICATES TRACE AMOUNT.




$$
