000
CDUS41 KAKQ 152241
CLIWAL


CLIMATE REPORT
NATIONAL WEATHER SERVICE WAKEFIELD, VA
540 PM EST FRI DEC 15 2017


...................................

...THE WALLOPS ISLAND VA CLIMATE SUMMARY FOR DECEMBER 15 2017...
VALID TODAY AS OF 0500 PM LOCAL TIME.

CLIMATE NORMAL PERIOD 1981 TO 2010
CLIMATE RECORD PERIOD 1963 TO 2017


WEATHER ITEM   OBSERVED TIME   RECORD YEAR NORMAL DEPARTURE
                VALUE   (LST)  VALUE       VALUE  FROM
                                                  NORMAL
...............................................................
TEMPERATURE (F)
 TODAY
  MAXIMUM         46    108 PM  69    2015  49     -3
  MINIMUM         28    449 AM  17    1985  32     -4
  AVERAGE         37

PRECIPITATION (IN)
  TODAY            0.00          1.98 1981   0.11  -0.11
  MONTH TO DATE    1.84                      1.70   0.14
  SINCE DEC 1      1.84                      1.70   0.14
  SINCE JAN 1     48.51                     39.11   9.40

SNOWFALL (IN)
  TODAY            0.0           0.2  1989
  MONTH TO DATE    1.3
  SINCE NOV 1      1.3
  SINCE JUL 1      1.3
  SNOW DEPTH       0

DEGREE DAYS
 HEATING
  TODAY           28

 COOLING
  TODAY            0
...............................................................


WIND (MPH)
  HIGHEST WIND SPEED    15   HIGHEST WIND DIRECTION    NE (50)
  HIGHEST GUST SPEED    17   HIGHEST GUST DIRECTION    NE (40)




RELATIVE HUMIDITY (PERCENT)
 HIGHEST    82
 LOWEST     58
 AVERAGE    70

..........................................................


THE WALLOPS ISLAND VA CLIMATE NORMALS FOR TOMORROW
                         NORMAL    RECORD    YEAR
 MAXIMUM TEMPERATURE (F)   49        78      1971
 MINIMUM TEMPERATURE (F)   32        16      2010


SUNRISE AND SUNSET
DECEMBER 15 2017......SUNRISE   711 AM EST   SUNSET   444 PM EST
DECEMBER 16 2017......SUNRISE   711 AM EST   SUNSET   444 PM EST


-  INDICATES NEGATIVE NUMBERS.
R  INDICATES RECORD WAS SET OR TIED.
MM INDICATES DATA IS MISSING.
T  INDICATES TRACE AMOUNT.




$$
