000
CDUS41 KAKQ 280832
CLIWAL


CLIMATE REPORT
NATIONAL WEATHER SERVICE WAKEFIELD, VA
332 AM EST SUN DEC 28 2014


...................................

...THE WALLOPS ISLAND VA CLIMATE SUMMARY FOR DECEMBER 27 2014...

CLIMATE NORMAL PERIOD 1981 TO 2010
CLIMATE RECORD PERIOD 1963 TO 2014


WEATHER ITEM   OBSERVED TIME   RECORD YEAR NORMAL DEPARTURE
                VALUE   (LST)  VALUE       VALUE  FROM
                                                  NORMAL
...............................................................
TEMPERATURE (F)
 YESTERDAY
  MAXIMUM         61   1255 PM  66    1973  46     15
  MINIMUM         30    701 AM  14    1989  30      0
  AVERAGE         46                        38      8

PRECIPITATION (IN)
  YESTERDAY        0.00          0.50        0.10  -0.10
  MONTH TO DATE    2.93                      3.05  -0.12
  SINCE DEC 1      2.93                      3.05  -0.12
  SINCE JAN 1     37.69                     40.46  -2.77

SNOWFALL (IN)
  YESTERDAY        0.0           1.0  1997   0.1   -0.1
  MONTH TO DATE    0.0                       1.7   -1.7
  SINCE NOV 1      0.0                       1.8   -1.8
  SINCE JUL 1      0.0                       1.8   -1.8

DEGREE DAYS
 HEATING
  YESTERDAY       19                               -8
  MONTH TO DATE  579                              -69
  SINCE DEC 1    579                              -69
  SINCE JUL 1   1273                              -79

 COOLING
  YESTERDAY        0                                0
  MONTH TO DATE    0                                0
  SINCE DEC 1      0                                0
  SINCE JAN 1   1352                              155
...............................................................


WIND (MPH)
  HIGHEST WIND SPEED    14   HIGHEST WIND DIRECTION     S (200)
  HIGHEST GUST SPEED    16   HIGHEST GUST DIRECTION    SW (230)
  AVERAGE WIND SPEED     6.6




RELATIVE HUMIDITY (PERCENT)
 HIGHEST   100
 LOWEST     36
 AVERAGE    68

..........................................................


THE WALLOPS ISLAND VA CLIMATE NORMALS FOR TODAY
                         NORMAL    RECORD    YEAR
 MAXIMUM TEMPERATURE (F)   46        73      2008
 MINIMUM TEMPERATURE (F)   29        11      2004


SUNRISE AND SUNSET
DECEMBER 28 2014......SUNRISE   717 AM EST   SUNSET   450 PM EST
DECEMBER 29 2014......SUNRISE   717 AM EST   SUNSET   451 PM EST


-  INDICATES NEGATIVE NUMBERS.
R  INDICATES RECORD WAS SET OR TIED.
MM INDICATES DATA IS MISSING.
T  INDICATES TRACE AMOUNT.




$$
