247
CDUS41 KAKQ 282133
CLIWAL


CLIMATE REPORT
NATIONAL WEATHER SERVICE WAKEFIELD, VA
533 PM EDT THU APR 28 2016


...................................

...THE WALLOPS ISLAND VA CLIMATE SUMMARY FOR APRIL 28 2016...
VALID TODAY AS OF 0500 PM LOCAL TIME.

CLIMATE NORMAL PERIOD 1981 TO 2010
CLIMATE RECORD PERIOD 1963 TO 2016


WEATHER ITEM   OBSERVED TIME   RECORD YEAR NORMAL DEPARTURE
                VALUE   (LST)  VALUE       VALUE  FROM
                                                  NORMAL
...............................................................
TEMPERATURE (F)
 TODAY
  MAXIMUM         53    359 PM  85    2009  67    -14
                                      1990
  MINIMUM         51    448 AM  36    1998  49      2
  AVERAGE         52

PRECIPITATION (IN)
  TODAY            0.05          1.49 2002   0.09  -0.04
  MONTH TO DATE    1.66                      2.90  -1.24
  SINCE MAR 1      3.53                      6.90  -3.37
  SINCE JAN 1     10.71                     12.70  -1.99

SNOWFALL (IN)
  TODAY            0.0           0.0    MM
  MONTH TO DATE    0.6
  SINCE NOV 1     12.3
  SINCE JUL 1     12.3
  SNOW DEPTH       0

DEGREE DAYS
 HEATING
  TODAY           13

 COOLING
  TODAY            0
...............................................................


WIND (MPH)
  HIGHEST WIND SPEED    18   HIGHEST WIND DIRECTION    NE (60)
  HIGHEST GUST SPEED    23   HIGHEST GUST DIRECTION    NE (60)




RELATIVE HUMIDITY (PERCENT)
 HIGHEST    96
 LOWEST     89
 AVERAGE    93

..........................................................


THE WALLOPS ISLAND VA CLIMATE NORMALS FOR TOMORROW
                         NORMAL    RECORD    YEAR
 MAXIMUM TEMPERATURE (F)   67        90      1974
 MINIMUM TEMPERATURE (F)   49        38      1993


SUNRISE AND SUNSET
APRIL 28 2016.........SUNRISE   609 AM EDT   SUNSET   750 PM EDT
APRIL 29 2016.........SUNRISE   608 AM EDT   SUNSET   751 PM EDT


-  INDICATES NEGATIVE NUMBERS.
R  INDICATES RECORD WAS SET OR TIED.
MM INDICATES DATA IS MISSING.
T  INDICATES TRACE AMOUNT.




$$
