000
CDUS41 KAKQ 210827
CLIWAL


CLIMATE REPORT
NATIONAL WEATHER SERVICE WAKEFIELD, VA
427 AM EDT TUE OCT 21 2014


...................................

...THE WALLOPS ISLAND VA CLIMATE SUMMARY FOR OCTOBER 20 2014...

CLIMATE NORMAL PERIOD 1981 TO 2010
CLIMATE RECORD PERIOD 1963 TO 2014


WEATHER ITEM   OBSERVED TIME   RECORD YEAR NORMAL DEPARTURE
                VALUE   (LST)  VALUE       VALUE  FROM
                                                  NORMAL
...............................................................
TEMPERATURE (F)
 YESTERDAY
  MAXIMUM         67    124 PM  80    1984  67      0
  MINIMUM         38    615 AM  29    1974  49    -11
  AVERAGE         53                        58     -5

PRECIPITATION (IN)
  YESTERDAY        0.00          1.06        0.09  -0.09
  MONTH TO DATE    0.82                      2.02  -1.20
  SINCE SEP 1      5.55                      6.00  -0.45
  SINCE JAN 1     31.14                     33.39  -2.25

SNOWFALL (IN)
  YESTERDAY        0.0           0.0    MM   0.0    0.0
  MONTH TO DATE    0.0                       0.0    0.0
  SINCE NOV 1     13.1                       7.9    5.2
  SINCE JUL 1      0.0                       0.0    0.0

DEGREE DAYS
 HEATING
  YESTERDAY       12                                4
  MONTH TO DATE   53                              -56
  SINCE SEP 1     58                              -81
  SINCE JUL 1     58                              -82

 COOLING
  YESTERDAY        0                               -1
  MONTH TO DATE   35                                7
  SINCE SEP 1    250                               58
  SINCE JAN 1   1347                              155
...............................................................


WIND (MPH)
  HIGHEST WIND SPEED    20   HIGHEST WIND DIRECTION     S (200)
  HIGHEST GUST SPEED    23   HIGHEST GUST DIRECTION     S (190)
  AVERAGE WIND SPEED     6.5




RELATIVE HUMIDITY (PERCENT)
 HIGHEST    92
 LOWEST     43
 AVERAGE    68

..........................................................


THE WALLOPS ISLAND VA CLIMATE NORMALS FOR TODAY
                         NORMAL    RECORD    YEAR
 MAXIMUM TEMPERATURE (F)   67        81      1984
 MINIMUM TEMPERATURE (F)   48        31      1974


SUNRISE AND SUNSET
OCTOBER 21 2014.......SUNRISE   716 AM EDT   SUNSET   616 PM EDT
OCTOBER 22 2014.......SUNRISE   717 AM EDT   SUNSET   615 PM EDT


-  INDICATES NEGATIVE NUMBERS.
R  INDICATES RECORD WAS SET OR TIED.
MM INDICATES DATA IS MISSING.
T  INDICATES TRACE AMOUNT.




$$
