000
CDUS46 KLOX 220903
CLIWJF


CLIMATE REPORT
NATIONAL WEATHER SERVICE LOS ANGELES/OXNARD CA
203 AM PDT TUE JUL 22 2014


...................................

...THE LANCASTER FOX FIELD CA CLIMATE SUMMARY FOR JULY 21 2014...

CLIMATE NORMAL PERIOD 1981 TO 2010
CLIMATE RECORD PERIOD 1948 TO 2014


WEATHER ITEM   OBSERVED TIME   RECORD YEAR NORMAL DEPARTURE
                VALUE   (LST)  VALUE       VALUE  FROM
                                                  NORMAL
...............................................................
TEMPERATURE (F)
 YESTERDAY
  MAXIMUM         92    105 PM 107    2009  99     -7
  MINIMUM         67    525 AM  50    1972  67      0
  AVERAGE         80                        83     -3

PRECIPITATION (IN)
  YESTERDAY        0.00          0.02 1988   0.00   0.00
                                      1988
                                      2013
  MONTH TO DATE    T                         0.06  -0.06
  SINCE JUL 1      T                         0.06  -0.06
  SINCE JAN 1      2.32                      4.97  -2.65

SNOWFALL (IN)
  YESTERDAY        0.0           0.0    MM
  MONTH TO DATE    0.0
  SINCE JUN 1      0.0
  SINCE JUL 1      0.0
  SNOW DEPTH       0

DEGREE DAYS
 HEATING
  YESTERDAY        0                                0
  MONTH TO DATE    0                                0
  SINCE JUN 1      0                               -8
  SINCE JUL 1      0                                0

 COOLING
  YESTERDAY       15                               -3
  MONTH TO DATE  376                               18
  SINCE JUN 1    776                               77
  SINCE JAN 1    976                               88
...............................................................


WIND (MPH)
  HIGHEST WIND SPEED    24   HIGHEST WIND DIRECTION    SW (240)
  HIGHEST GUST SPEED    35   HIGHEST GUST DIRECTION     S (200)
  AVERAGE WIND SPEED    14.8




RELATIVE HUMIDITY (PERCENT)
 HIGHEST    58
 LOWEST     16
 AVERAGE    37

..........................................................


THE LANCASTER FOX FIELD CA CLIMATE NORMALS FOR TODAY
                         NORMAL    RECORD    YEAR
 MAXIMUM TEMPERATURE (F)   99       108      2006
 MINIMUM TEMPERATURE (F)   67        51      1999
                                             1972


SUNRISE AND SUNSET
JULY 22 2014..........SUNRISE   556 AM PDT   SUNSET   803 PM PDT
JULY 23 2014..........SUNRISE   556 AM PDT   SUNSET   802 PM PDT


-  INDICATES NEGATIVE NUMBERS.
R  INDICATES RECORD WAS SET OR TIED.
MM INDICATES DATA IS MISSING.
T  INDICATES TRACE AMOUNT.




$$
