000
CDUS46 KLOX 290916
CLIWJF


CLIMATE REPORT
NATIONAL WEATHER SERVICE LOS ANGELES/OXNARD CA
214 AM PDT FRI JUL 29 2016


...................................

...THE LANCASTER FOX FIELD CA CLIMATE SUMMARY FOR JULY 28 2016...

CLIMATE NORMAL PERIOD 1981 TO 2010
CLIMATE RECORD PERIOD 1948 TO 2016


WEATHER ITEM   OBSERVED TIME   RECORD YEAR NORMAL DEPARTURE
                VALUE   (LST)  VALUE       VALUE  FROM
                                                  NORMAL
...............................................................
TEMPERATURE (F)
 YESTERDAY
  MAXIMUM        107R   310 PM 107    2009  99      8
                                      1995
  MINIMUM         77    525 AM  49    1965  67     10
  AVERAGE         92                        83      9

PRECIPITATION (IN)
  YESTERDAY        0.00          0.05 1968   0.01  -0.01
  MONTH TO DATE    0.00                      0.09  -0.09
  SINCE OCT 1      3.82                      7.13  -3.31
  SINCE JAN 1      2.53                      5.00  -2.47

SNOWFALL (IN)
  YESTERDAY        0.0           0.0    MM
  MONTH TO DATE    0.0
  SINCE JUN 1      0.0
  SINCE JUL 1      0.0
  SNOW DEPTH       0

DEGREE DAYS
 HEATING
  YESTERDAY        0                                0
  MONTH TO DATE    0                                0
  SINCE JUN 1      0                               -8
  SINCE JUL 1      0                                0

 COOLING
  YESTERDAY       27                                9
  MONTH TO DATE  537                               53
  SINCE JUN 1   1071                              246
  SINCE JAN 1   1239                              225
...............................................................


WIND (MPH)
  HIGHEST WIND SPEED    29   HIGHEST WIND DIRECTION     W (260)
  HIGHEST GUST SPEED    33   HIGHEST GUST DIRECTION     W (260)
  AVERAGE WIND SPEED    11.0




RELATIVE HUMIDITY (PERCENT)
 HIGHEST    26
 LOWEST     11
 AVERAGE    19

..........................................................


THE LANCASTER FOX FIELD CA CLIMATE NORMALS FOR TODAY
                         NORMAL    RECORD    YEAR
 MAXIMUM TEMPERATURE (F)   99       109      1995
 MINIMUM TEMPERATURE (F)   67        52      1956


SUNRISE AND SUNSET
JULY 29 2016..........SUNRISE   601 AM PDT   SUNSET   757 PM PDT
JULY 30 2016..........SUNRISE   602 AM PDT   SUNSET   756 PM PDT


-  INDICATES NEGATIVE NUMBERS.
R  INDICATES RECORD WAS SET OR TIED.
MM INDICATES DATA IS MISSING.
T  INDICATES TRACE AMOUNT.




$$
