000
CDUS46 KLOX 120912
CLIWJF


CLIMATE REPORT
NATIONAL WEATHER SERVICE LOS ANGELES/OXNARD CA
111 AM PST TUE DEC 12 2017


...................................

...THE LANCASTER FOX FIELD CA CLIMATE SUMMARY FOR DECEMBER 11 2017...

CLIMATE NORMAL PERIOD 1981 TO 2010
CLIMATE RECORD PERIOD 1948 TO 2017


WEATHER ITEM   OBSERVED TIME   RECORD YEAR NORMAL DEPARTURE
                VALUE   (LST)  VALUE       VALUE  FROM
                                                  NORMAL
...............................................................
TEMPERATURE (F)
 YESTERDAY
  MAXIMUM         69    317 PM  74    1958  58     11
  MINIMUM         24    658 AM  15    2013  30     -6
  AVERAGE         47                        44      3

PRECIPITATION (IN)
  YESTERDAY        0.00          0.16 1993   0.03  -0.03
  MONTH TO DATE    0.00                      0.31  -0.31
  SINCE OCT 1      0.02                      1.29  -1.27
  SINCE JAN 1      4.64                      6.54  -1.90

SNOWFALL (IN)
  YESTERDAY        0.0           T    1985
  MONTH TO DATE    0.0
  SINCE DEC 1      0.0
  SINCE JUL 1      0.0
  SNOW DEPTH       0

DEGREE DAYS
 HEATING
  YESTERDAY       18                               -3
  MONTH TO DATE  217                               -6
  SINCE DEC 1    217                               -6
  SINCE JUL 1    579                             -189

 COOLING
  YESTERDAY        0                                0
  MONTH TO DATE    0                                0
  SINCE DEC 1      0                                0
  SINCE JAN 1   2216                              334
...............................................................


WIND (MPH)
  HIGHEST WIND SPEED    10   HIGHEST WIND DIRECTION    NW (300)
  HIGHEST GUST SPEED    11   HIGHEST GUST DIRECTION     E (70)
  AVERAGE WIND SPEED     3.7




RELATIVE HUMIDITY (PERCENT)
 HIGHEST    29
 LOWEST      5
 AVERAGE    17

..........................................................


THE LANCASTER FOX FIELD CA CLIMATE NORMALS FOR TODAY
                         NORMAL    RECORD    YEAR
 MAXIMUM TEMPERATURE (F)   58        77      1950
 MINIMUM TEMPERATURE (F)   30        11      1989


SUNRISE AND SUNSET
DECEMBER 12 2017......SUNRISE   651 AM PST   SUNSET   443 PM PST
DECEMBER 13 2017......SUNRISE   652 AM PST   SUNSET   443 PM PST


-  INDICATES NEGATIVE NUMBERS.
R  INDICATES RECORD WAS SET OR TIED.
MM INDICATES DATA IS MISSING.
T  INDICATES TRACE AMOUNT.




$$
