126
CDUS46 KLOX 140128
CLIWJF


CLIMATE REPORT
NATIONAL WEATHER SERVICE LOS ANGELES/OXNARD CA
528 PM PST SAT FEB 13 2016


...................................

...THE LANCASTER CLIMATE SUMMARY FOR FEBRUARY 13 2016...
VALID TODAY AS OF 0500 PM LOCAL TIME.

CLIMATE NORMAL PERIOD 1981 TO 2010
CLIMATE RECORD PERIOD 1948 TO 2016


WEATHER ITEM   OBSERVED TIME   RECORD YEAR NORMAL DEPARTURE LAST
                VALUE   (LST)  VALUE       VALUE  FROM      YEAR
                                                  NORMAL
..................................................................
TEMPERATURE (F)
 TODAY
  MAXIMUM         75    222 PM  84    2014  61     14       76
  MINIMUM         30    645 AM  18    1965  35     -5       30
  AVERAGE         53                        48      5       53

PRECIPITATION (IN)
  TODAY            0.00          1.18 1980   0.07  -0.07     0.00
  MONTH TO DATE    T                         0.81  -0.81      T
  SINCE OCT 1      3.02                      4.44  -1.42     3.88
  SINCE JAN 1      1.73                      2.31  -0.58     0.96

SNOWFALL (IN)
  TODAY            0.0           0.0    MM   0.0             0.0
  MONTH TO DATE    0.0                       0.3             0.0
  SINCE DEC 1      0.0                       2.0             0.0
  SINCE JUL 1      0.0                       2.0             0.0
  SNOW DEPTH       0

DEGREE DAYS
 HEATING
  TODAY           12                        17     -5       12
  MONTH TO DATE  232                       233     -1      147
  SINCE DEC 1   1512                      1513     -1     1294
  SINCE JUL 1   2092                      2058     34     1691

 COOLING
  TODAY            0                         0      0        0
  MONTH TO DATE    0                         0      0        0
  SINCE DEC 1      0                         0      0        0
  SINCE JAN 1      0                         0      0        0
..................................................................


WIND (MPH)
  HIGHEST WIND SPEED    10   HIGHEST WIND DIRECTION     W (270)
  HIGHEST GUST SPEED    12   HIGHEST GUST DIRECTION     W (270)
  AVERAGE WIND SPEED     1.8


SKY COVER
  POSSIBLE SUNSHINE  MM
  AVERAGE SKY COVER 0.0


WEATHER CONDITIONS
 THE FOLLOWING WEATHER WAS RECORDED TODAY.
  NO SIGNIFICANT WEATHER WAS OBSERVED.


RELATIVE HUMIDITY (PERCENT)
 HIGHEST    78           600 AM
 LOWEST     17           200 PM
 AVERAGE    48

..........................................................


THE LANCASTER CLIMATE NORMALS FOR TOMORROW
                         NORMAL    RECORD    YEAR
 MAXIMUM TEMPERATURE (F)   61        84      2014
 MINIMUM TEMPERATURE (F)   35        13      1949


SUNRISE AND SUNSET
FEBRUARY 13 2016......SUNRISE   641 AM PST   SUNSET   534 PM PST
FEBRUARY 14 2016......SUNRISE   640 AM PST   SUNSET   535 PM PST


-  INDICATES NEGATIVE NUMBERS.
R  INDICATES RECORD WAS SET OR TIED.
MM INDICATES DATA IS MISSING.
T  INDICATES TRACE AMOUNT.




$$
