000
CDUS46 KLOX 230923
CLIWJF


CLIMATE REPORT
NATIONAL WEATHER SERVICE LOS ANGELES/OXNARD CA
223 AM PDT SAT AUG 23 2014


...................................

...THE LANCASTER FOX FIELD CA CLIMATE SUMMARY FOR AUGUST 22 2014...

CLIMATE NORMAL PERIOD 1981 TO 2010
CLIMATE RECORD PERIOD 1948 TO 2014


WEATHER ITEM   OBSERVED TIME   RECORD YEAR NORMAL DEPARTURE
                VALUE   (LST)  VALUE       VALUE  FROM
                                                  NORMAL
...............................................................
TEMPERATURE (F)
 YESTERDAY
  MAXIMUM         89    102 PM 105    1961  97     -8
  MINIMUM         65    246 AM  48    1959  63      2
  AVERAGE         77                        80     -3

PRECIPITATION (IN)
  YESTERDAY        0.00          T    1984   0.01  -0.01
                                      1984
                                      2009
  MONTH TO DATE    0.03                      0.07  -0.04
  SINCE JUL 1      0.03                      0.16  -0.13
  SINCE JAN 1      2.35                      5.07  -2.72

SNOWFALL (IN)
  YESTERDAY        0.0           0.0    MM
  MONTH TO DATE    0.0
  SINCE JUN 1      0.0
  SINCE JUL 1      0.0
  SNOW DEPTH       0

DEGREE DAYS
 HEATING
  YESTERDAY        0                                0
  MONTH TO DATE    0                                0
  SINCE JUN 1      0                               -8
  SINCE JUL 1      0                                0

 COOLING
  YESTERDAY       12                               -3
  MONTH TO DATE  335                              -29
  SINCE JUN 1   1322                               81
  SINCE JAN 1   1522                               92
...............................................................


WIND (MPH)
  HIGHEST WIND SPEED    30   HIGHEST WIND DIRECTION    SW (220)
  HIGHEST GUST SPEED    39   HIGHEST GUST DIRECTION    SW (220)
  AVERAGE WIND SPEED    16.2




RELATIVE HUMIDITY (PERCENT)
 HIGHEST    57
 LOWEST     25
 AVERAGE    41

..........................................................


THE LANCASTER FOX FIELD CA CLIMATE NORMALS FOR TODAY
                         NORMAL    RECORD    YEAR
 MAXIMUM TEMPERATURE (F)   97       106      1956
 MINIMUM TEMPERATURE (F)   63        47      1968


SUNRISE AND SUNSET
AUGUST 23 2014........SUNRISE   619 AM PDT   SUNSET   731 PM PDT
AUGUST 24 2014........SUNRISE   620 AM PDT   SUNSET   730 PM PDT


-  INDICATES NEGATIVE NUMBERS.
R  INDICATES RECORD WAS SET OR TIED.
MM INDICATES DATA IS MISSING.
T  INDICATES TRACE AMOUNT.




$$
