000
CDUS46 KLOX 270114
CLIWJF


CLIMATE REPORT
NATIONAL WEATHER SERVICE LOS ANGELES/OXNARD CA
614 PM PDT MON SEP 26 2016


...................................

...THE LANCASTER CLIMATE SUMMARY FOR SEPTEMBER 26 2016...
VALID TODAY AS OF 0600 PM LOCAL TIME.

CLIMATE NORMAL PERIOD 1981 TO 2010
CLIMATE RECORD PERIOD 1948 TO 2016


WEATHER ITEM   OBSERVED TIME   RECORD YEAR NORMAL DEPARTURE LAST
                VALUE   (LST)  VALUE       VALUE  FROM      YEAR
                                                  NORMAL
..................................................................
TEMPERATURE (F)
 TODAY
  MAXIMUM         94    225 PM 101    2010  87      7       97
                                      2009
  MINIMUM         51    454 AM  27    1948  53     -2       65
  AVERAGE         73                        70      3       81

PRECIPITATION (IN)
  TODAY            0.00          0.03 1983   0.00   0.00     0.00
  MONTH TO DATE    0.00                      0.12  -0.12     0.64
  SINCE OCT 1      3.82                      7.35  -3.53     7.63
  SINCE JAN 1      2.53                      5.22  -2.69     4.71

SNOWFALL (IN)
  TODAY            0.0           0.0    MM   0.0             0.0
  MONTH TO DATE    0.0                       0.0             0.0
  SINCE SEP 1      0.0                       0.0             0.0
  SINCE JUL 1      0.0                       0.0             0.0
  SNOW DEPTH       0

DEGREE DAYS
 HEATING
  TODAY            0                         1     -1        0
  MONTH TO DATE    2                         5     -3        0
  SINCE SEP 1      2                         5     -3        0
  SINCE JUL 1      2                         5     -3        0

 COOLING
  TODAY            8                         6      2       16
  MONTH TO DATE  203                       250    -47      322
  SINCE SEP 1    203                       250    -47      322
  SINCE JAN 1   2065                      1809    256     1915
..................................................................


WIND (MPH)
  HIGHEST WIND SPEED    17   HIGHEST WIND DIRECTION    NE (60)
  HIGHEST GUST SPEED    22   HIGHEST GUST DIRECTION     E (80)
  AVERAGE WIND SPEED     6.1


SKY COVER
  POSSIBLE SUNSHINE  MM
  AVERAGE SKY COVER 0.0


WEATHER CONDITIONS
 THE FOLLOWING WEATHER WAS RECORDED TODAY.
  NO SIGNIFICANT WEATHER WAS OBSERVED.


RELATIVE HUMIDITY (PERCENT)
 HIGHEST    28           500 AM
 LOWEST     10          1200 PM
 AVERAGE    19

..........................................................


THE LANCASTER CLIMATE NORMALS FOR TOMORROW
                         NORMAL    RECORD    YEAR
 MAXIMUM TEMPERATURE (F)   87       103      2010
                                             2003
 MINIMUM TEMPERATURE (F)   53        30      1948


SUNRISE AND SUNSET
SEPTEMBER 26 2016.....SUNRISE   644 AM PDT   SUNSET   643 PM PDT
SEPTEMBER 27 2016.....SUNRISE   645 AM PDT   SUNSET   642 PM PDT


-  INDICATES NEGATIVE NUMBERS.
R  INDICATES RECORD WAS SET OR TIED.
MM INDICATES DATA IS MISSING.
T  INDICATES TRACE AMOUNT.




$$
