000
CDUS45 KLKN 310927
CLIWMC


CLIMATE REPORT
NATIONAL WEATHER SERVICE ELKO NV
227 AM PDT TUE MAY 31 2016


...................................

...THE WINNEMUCCA AIRPORT NV CLIMATE SUMMARY FOR MAY 30 2016...

CLIMATE NORMAL PERIOD 1981 TO 2010
CLIMATE RECORD PERIOD 1877 TO 2016


WEATHER ITEM   OBSERVED TIME   RECORD YEAR NORMAL DEPARTURE LAST
                VALUE   (LST)  VALUE       VALUE  FROM      YEAR
                                                  NORMAL
..................................................................
TEMPERATURE (F)
 YESTERDAY
  MAXIMUM         82    334 PM  96    2002  77      5       84
                                      1986
                                      1910
  MINIMUM         38    429 AM  25    1985  41     -3       47
  AVERAGE         60                        59      1       66

PRECIPITATION (IN)
  YESTERDAY        0.00          0.97 1935   0.03  -0.03     0.00
  MONTH TO DATE    0.65                      1.09  -0.44     2.38
  SINCE OCT 1      8.85                      6.82   2.03     8.12
  SINCE JAN 1      4.57                      4.34   0.23     5.55

SNOWFALL (IN)
  YESTERDAY        0.0           2.0  1937   0.0    0.0      0.0
  MONTH TO DATE    0.0                       0.1   -0.1      0.0
  SINCE MAR 1      1.7                       4.9   -3.2      2.4
  SINCE JUL 1     21.1                      20.9    0.2      5.3
  SNOW DEPTH       0

DEGREE DAYS
 HEATING
  YESTERDAY        5                         7     -2        0
  MONTH TO DATE  328                       313     15      298
  SINCE MAR 1   1450                      1604   -154     1473
  SINCE JUL 1   5627                      6193   -566     5255

 COOLING
  YESTERDAY        0                         1     -1        1
  MONTH TO DATE    0                         8     -8        2
  SINCE MAR 1      0                         8     -8        2
  SINCE JAN 1      0                         8     -8        2
..................................................................


WIND (MPH)
  HIGHEST WIND SPEED    14   HIGHEST WIND DIRECTION     N (20)
  HIGHEST GUST SPEED    20   HIGHEST GUST DIRECTION     W (290)
  AVERAGE WIND SPEED     6.7



WEATHER CONDITIONS
 THE FOLLOWING WEATHER WAS RECORDED YESTERDAY.
  NO SIGNIFICANT WEATHER WAS OBSERVED.


RELATIVE HUMIDITY (PERCENT)
 HIGHEST    57           500 AM
 LOWEST     11           300 PM
 AVERAGE    34

..........................................................


THE WINNEMUCCA AIRPORT NV CLIMATE NORMALS FOR TODAY
                         NORMAL    RECORD    YEAR
 MAXIMUM TEMPERATURE (F)   77        98      1910
 MINIMUM TEMPERATURE (F)   41        27      1999
                                             1951


SUNRISE AND SUNSET
MAY 31 2016...........SUNRISE   522 AM PDT   SUNSET   816 PM PDT
JUNE  1 2016..........SUNRISE   521 AM PDT   SUNSET   817 PM PDT


-  INDICATES NEGATIVE NUMBERS.
R  INDICATES RECORD WAS SET OR TIED.
MM INDICATES DATA IS MISSING.
T  INDICATES TRACE AMOUNT.




$$
