000
CDUS45 KLKN 270931
CLIWMC


CLIMATE REPORT
NATIONAL WEATHER SERVICE ELKO NV
227 AM PDT THU APR 27 2017


...................................

...THE WINNEMUCCA AIRPORT NV CLIMATE SUMMARY FOR APRIL 26 2017...

CLIMATE NORMAL PERIOD 1981 TO 2010
CLIMATE RECORD PERIOD 1877 TO 2017


WEATHER ITEM   OBSERVED TIME   RECORD YEAR NORMAL DEPARTURE LAST
                VALUE   (LST)  VALUE       VALUE  FROM      YEAR
                                                  NORMAL
..................................................................
TEMPERATURE (F)
 YESTERDAY
  MAXIMUM         61    412 PM  86    1987  66     -5       57
  MINIMUM         35   1149 PM  13    1985  33      2       29
  AVERAGE         48                        49     -1       43

PRECIPITATION (IN)
  YESTERDAY        0.15          0.68 1970   0.04   0.11     0.00
  MONTH TO DATE    0.93                      0.76   0.17     0.90
  SINCE OCT 1      9.34                      5.60   3.74     8.03
  SINCE JAN 1      4.80                      3.12   1.68     3.75

SNOWFALL (IN)
  YESTERDAY        0.0           6.5  1970   0.1   -0.1      0.0
  MONTH TO DATE    T                         1.5   -1.5       T
  SINCE MAR 1      2.2                       4.7   -2.5      1.7
  SINCE JUL 1     18.3                      20.7   -2.4     21.1
  SNOW DEPTH       0

DEGREE DAYS
 HEATING
  YESTERDAY       17                        16      1       22
  MONTH TO DATE  479                       491    -12      393
  SINCE MAR 1   1105                      1230   -125     1052
  SINCE JUL 1   5544                      5819   -275     5229

 COOLING
  YESTERDAY        0                         0      0        0
  MONTH TO DATE    0                         0      0        0
  SINCE MAR 1      0                         0      0        0
  SINCE JAN 1      0                         0      0        0
..................................................................


WIND (MPH)
  HIGHEST WIND SPEED    28   HIGHEST WIND DIRECTION    NW (320)
  HIGHEST GUST SPEED    39   HIGHEST GUST DIRECTION    NW (320)
  AVERAGE WIND SPEED    10.6



WEATHER CONDITIONS
 THE FOLLOWING WEATHER WAS RECORDED YESTERDAY.
  RAIN
  LIGHT RAIN
  FOG


RELATIVE HUMIDITY (PERCENT)
 HIGHEST    92           600 AM
 LOWEST     50          1200 AM
 AVERAGE    71

..........................................................


THE WINNEMUCCA AIRPORT NV CLIMATE NORMALS FOR TODAY
                         NORMAL    RECORD    YEAR
 MAXIMUM TEMPERATURE (F)   66        88      1987
 MINIMUM TEMPERATURE (F)   33        13      1955


SUNRISE AND SUNSET
APRIL 27 2017.........SUNRISE   554 AM PDT   SUNSET   744 PM PDT
APRIL 28 2017.........SUNRISE   553 AM PDT   SUNSET   745 PM PDT


-  INDICATES NEGATIVE NUMBERS.
R  INDICATES RECORD WAS SET OR TIED.
MM INDICATES DATA IS MISSING.
T  INDICATES TRACE AMOUNT.




$$
