187
CDUS45 KLKN 230930
CLIWMC


CLIMATE REPORT
NATIONAL WEATHER SERVICE ELKO NV
226 AM PDT FRI JUN 23 2017


...................................

...THE WINNEMUCCA AIRPORT NV CLIMATE SUMMARY FOR JUNE 22 2017...

CLIMATE NORMAL PERIOD 1981 TO 2010
CLIMATE RECORD PERIOD 1877 TO 2017


WEATHER ITEM   OBSERVED TIME   RECORD YEAR NORMAL DEPARTURE LAST
                VALUE   (LST)  VALUE       VALUE  FROM      YEAR
                                                  NORMAL
..................................................................
TEMPERATURE (F)
 YESTERDAY
  MAXIMUM         89    330 PM 104    1954  86      3       95
  MINIMUM         56    417 AM  29    1916  47      9       45
  AVERAGE         73                        66      7       70

PRECIPITATION (IN)
  YESTERDAY        0.00          0.66 1918   0.02  -0.02     0.00
  MONTH TO DATE    1.22                      0.48   0.74     0.01
  SINCE OCT 1     11.00                      7.33   3.67     8.86
  SINCE JAN 1      6.46                      4.85   1.61     4.58

SNOWFALL (IN)
  YESTERDAY        0.0           0.0  1877   0.0    0.0      0.0
  MONTH TO DATE    0.0                       0.0    0.0      0.0
  SINCE JUN 1      0.0                       0.0    0.0      0.0
  SINCE JUL 1     18.5                      20.9   -2.4     21.1
  SNOW DEPTH       0

DEGREE DAYS
 HEATING
  YESTERDAY        0                         2     -2        0
  MONTH TO DATE   73                        93    -20       54
  SINCE JUN 1     73                        93    -20       54
  SINCE JUL 1   6004                      6293   -289     5686

 COOLING
  YESTERDAY        8                         3      5        5
  MONTH TO DATE   84                        43     41       78
  SINCE JUN 1     84                        43     41       78
  SINCE JAN 1     91                        54     37       78
..................................................................


WIND (MPH)
  HIGHEST WIND SPEED    20   HIGHEST WIND DIRECTION    NE (50)
  HIGHEST GUST SPEED    25   HIGHEST GUST DIRECTION     N (20)
  AVERAGE WIND SPEED    10.4



WEATHER CONDITIONS
 THE FOLLOWING WEATHER WAS RECORDED YESTERDAY.
  NO SIGNIFICANT WEATHER WAS OBSERVED.


RELATIVE HUMIDITY (PERCENT)
 HIGHEST    47           400 AM
 LOWEST      7           500 PM
 AVERAGE    27

..........................................................


THE WINNEMUCCA AIRPORT NV CLIMATE NORMALS FOR TODAY
                         NORMAL    RECORD    YEAR
 MAXIMUM TEMPERATURE (F)   86       103      1970
 MINIMUM TEMPERATURE (F)   48        35      1879


SUNRISE AND SUNSET
JUNE 23 2017..........SUNRISE   520 AM PDT   SUNSET   827 PM PDT
JUNE 24 2017..........SUNRISE   520 AM PDT   SUNSET   827 PM PDT


-  INDICATES NEGATIVE NUMBERS.
R  INDICATES RECORD WAS SET OR TIED.
MM INDICATES DATA IS MISSING.
T  INDICATES TRACE AMOUNT.




$$
