000
CDUS45 KLKN 160931
CLIWMC


CLIMATE REPORT
NATIONAL WEATHER SERVICE ELKO NV
228 AM PDT WED APR 16 2014


...................................

...THE WINNEMUCCA AIRPORT NV CLIMATE SUMMARY FOR APRIL 15 2014...

CLIMATE NORMAL PERIOD 1981 TO 2010
CLIMATE RECORD PERIOD 1877 TO 2014


WEATHER ITEM   OBSERVED TIME   RECORD YEAR NORMAL DEPARTURE LAST
                VALUE   (LST)  VALUE       VALUE  FROM      YEAR
                                                  NORMAL
..................................................................
TEMPERATURE (F)
 YESTERDAY
  MAXIMUM         70    141 PM  85    1936  62      8       46
  MINIMUM         28    517 AM  12    1970  30     -2       18
  AVERAGE         49                        46      3       32

PRECIPITATION (IN)
  YESTERDAY        0.00          0.48 1978   0.03  -0.03     0.00
  MONTH TO DATE    0.11                      0.43  -0.32     0.55
  SINCE OCT 1      5.49                      5.27   0.22     3.75
  SINCE JAN 1      2.83                      2.79   0.04     1.34

SNOWFALL (IN)
  YESTERDAY        0.0           3.2  1963   0.1   -0.1      0.0
  MONTH TO DATE    1.2                       1.0    0.2       T
  SINCE MAR 1      1.9                       4.2   -2.3       T
  SINCE JUL 1     23.4                      20.2    3.2     21.9
  SNOW DEPTH       0

DEGREE DAYS
 HEATING
  YESTERDAY       16                        19     -3       33
  MONTH TO DATE  278                       302    -24      282
  SINCE MAR 1    981                      1041    -60      992
  SINCE JUL 1   5640                      5630     10     5758

 COOLING
  YESTERDAY        0                         0      0        0
  MONTH TO DATE    0                         0      0        0
  SINCE MAR 1      0                         0      0        0
  SINCE JAN 1      0                         0      0        0
..................................................................


WIND (MPH)
  HIGHEST WIND SPEED    24   HIGHEST WIND DIRECTION     W (280)
  HIGHEST GUST SPEED    36   HIGHEST GUST DIRECTION     W (290)
  AVERAGE WIND SPEED    10.1



WEATHER CONDITIONS
 THE FOLLOWING WEATHER WAS RECORDED YESTERDAY.
  NO SIGNIFICANT WEATHER WAS OBSERVED.


RELATIVE HUMIDITY (PERCENT)
 HIGHEST    49           500 AM
 LOWEST     16          1200 PM
 AVERAGE    33

..........................................................


THE WINNEMUCCA AIRPORT NV CLIMATE NORMALS FOR TODAY
                         NORMAL    RECORD    YEAR
 MAXIMUM TEMPERATURE (F)   62        84      1936
 MINIMUM TEMPERATURE (F)   31         8      1963


SUNRISE AND SUNSET
APRIL 16 2014.........SUNRISE   611 AM PDT   SUNSET   732 PM PDT
APRIL 17 2014.........SUNRISE   609 AM PDT   SUNSET   733 PM PDT


-  INDICATES NEGATIVE NUMBERS.
R  INDICATES RECORD WAS SET OR TIED.
MM INDICATES DATA IS MISSING.
T  INDICATES TRACE AMOUNT.




$$
