629
CDUS45 KLKN 190934
CLIWMC


CLIMATE REPORT
NATIONAL WEATHER SERVICE ELKO NV
132 AM PST THU JAN 19 2017


...................................

...THE WINNEMUCCA AIRPORT NV CLIMATE SUMMARY FOR JANUARY 18 2017...

CLIMATE NORMAL PERIOD 1981 TO 2010
CLIMATE RECORD PERIOD 1877 TO 2017


WEATHER ITEM   OBSERVED TIME   RECORD YEAR NORMAL DEPARTURE LAST
                VALUE   (LST)  VALUE       VALUE  FROM      YEAR
                                                  NORMAL
..................................................................
TEMPERATURE (F)
 YESTERDAY
  MAXIMUM         37    320 PM  68    1971  42     -5       46
  MINIMUM         26    246 AM -21    1917  19      7       35
  AVERAGE         32                        30      2       41

PRECIPITATION (IN)
  YESTERDAY        0.20          0.51 1951   0.03   0.17     0.05
                                      1895
  MONTH TO DATE    1.39                      0.55   0.84     1.11
  SINCE OCT 1      5.93                      3.03   2.90     5.39
  SINCE JAN 1      1.39                      0.55   0.84     1.11

SNOWFALL (IN)
  YESTERDAY       MM             5.5  1895   0.1   MM        0.0
  MONTH TO DATE    4.2                       2.2    2.0      5.5
  SINCE DEC 1     10.4                       7.5    2.9     14.5
  SINCE JUL 1     11.0                      11.0    0.0     14.8
  SNOW DEPTH       0

DEGREE DAYS
 HEATING
  YESTERDAY       33                        35     -2       24
  MONTH TO DATE  688                       641     47      663
  SINCE DEC 1   1888                      1746    142     1719
  SINCE JUL 1   3223                      3314    -91     3068

 COOLING
  YESTERDAY        0                         0      0        0
  MONTH TO DATE    0                         0      0        0
  SINCE DEC 1      0                         0      0        0
  SINCE JAN 1      0                         0      0        0
..................................................................


WIND (MPH)
  HIGHEST WIND SPEED    20   HIGHEST WIND DIRECTION    NE (50)
  HIGHEST GUST SPEED    24   HIGHEST GUST DIRECTION     S (170)
  AVERAGE WIND SPEED     9.6



WEATHER CONDITIONS
 THE FOLLOWING WEATHER WAS RECORDED YESTERDAY.
  LIGHT RAIN
  LT FREEZING RAIN
  LIGHT SNOW
  FOG


RELATIVE HUMIDITY (PERCENT)
 HIGHEST   100           700 PM
 LOWEST     64          1200 PM
 AVERAGE    82

..........................................................


THE WINNEMUCCA AIRPORT NV CLIMATE NORMALS FOR TODAY
                         NORMAL    RECORD    YEAR
 MAXIMUM TEMPERATURE (F)   42        67      1971
 MINIMUM TEMPERATURE (F)   19       -22      1883


SUNRISE AND SUNSET
JANUARY 19 2017.......SUNRISE   711 AM PST   SUNSET   453 PM PST
JANUARY 20 2017.......SUNRISE   711 AM PST   SUNSET   454 PM PST


-  INDICATES NEGATIVE NUMBERS.
R  INDICATES RECORD WAS SET OR TIED.
MM INDICATES DATA IS MISSING.
T  INDICATES TRACE AMOUNT.




$$
