000
CDUS45 KLKN 240928
CLIWMC


CLIMATE REPORT
NATIONAL WEATHER SERVICE ELKO NV
228 AM PDT SUN JUL 24 2016


...................................

...THE WINNEMUCCA AIRPORT NV CLIMATE SUMMARY FOR JULY 23 2016...

CLIMATE NORMAL PERIOD 1981 TO 2010
CLIMATE RECORD PERIOD 1877 TO 2016


WEATHER ITEM   OBSERVED TIME   RECORD YEAR NORMAL DEPARTURE LAST
                VALUE   (LST)  VALUE       VALUE  FROM      YEAR
                                                  NORMAL
..................................................................
TEMPERATURE (F)
 YESTERDAY
  MAXIMUM         91    432 PM 107    2003  95     -4       85
  MINIMUM         42    423 AM  38    1973  53    -11       50
  AVERAGE         67                        74     -7       68

PRECIPITATION (IN)
  YESTERDAY        0.00          0.65 1913   0.01  -0.01      T
  MONTH TO DATE    T                         0.18  -0.18     0.66
  SINCE OCT 1      8.86                      7.59   1.27     8.90
  SINCE JAN 1      4.58                      5.11  -0.53     6.33

SNOWFALL (IN)
  YESTERDAY        0.0           0.0  1877   0.0    0.0      0.0
  MONTH TO DATE    0.0                       0.0    0.0      0.0
  SINCE JUN 1      0.0                       T      0.0      0.0
  SINCE JUL 1      0.0                       0.0    0.0      0.0
  SNOW DEPTH       0

DEGREE DAYS
 HEATING
  YESTERDAY        0                         0      0        0
  MONTH TO DATE   17                         6     11        2
  SINCE JUN 1     71                       111    -40       24
  SINCE JUL 1     17                         6     11        2

 COOLING
  YESTERDAY        2                         9     -7        3
  MONTH TO DATE  127                       175    -48      175
  SINCE JUN 1    260                       254      6      380
  SINCE JAN 1    260                       265     -5      384
..................................................................


WIND (MPH)
  HIGHEST WIND SPEED    17   HIGHEST WIND DIRECTION    NE (40)
  HIGHEST GUST SPEED    22   HIGHEST GUST DIRECTION     N (20)
  AVERAGE WIND SPEED     8.4



WEATHER CONDITIONS
 THE FOLLOWING WEATHER WAS RECORDED YESTERDAY.
  NO SIGNIFICANT WEATHER WAS OBSERVED.


RELATIVE HUMIDITY (PERCENT)
 HIGHEST    37           500 AM
 LOWEST      7           400 PM
 AVERAGE    22

..........................................................


THE WINNEMUCCA AIRPORT NV CLIMATE NORMALS FOR TODAY
                         NORMAL    RECORD    YEAR
 MAXIMUM TEMPERATURE (F)   95       103      1933
                                             1931
 MINIMUM TEMPERATURE (F)   53        38      1993


SUNRISE AND SUNSET
JULY 24 2016..........SUNRISE   540 AM PDT   SUNSET   814 PM PDT
JULY 25 2016..........SUNRISE   541 AM PDT   SUNSET   814 PM PDT


-  INDICATES NEGATIVE NUMBERS.
R  INDICATES RECORD WAS SET OR TIED.
MM INDICATES DATA IS MISSING.
T  INDICATES TRACE AMOUNT.




$$
