000
CDUS45 KLKN 010031
CLIWMC


CLIMATE REPORT
NATIONAL WEATHER SERVICE ELKO NV
530 PM PDT FRI SEP 30 2016


...................................

...THE WINNEMUCCA AIRPORT NV CLIMATE SUMMARY FOR SEPTEMBER 30 2016...
VALID TODAY AS OF 0500 PM LOCAL TIME.

CLIMATE NORMAL PERIOD 1981 TO 2010
CLIMATE RECORD PERIOD 1877 TO 2016


WEATHER ITEM   OBSERVED TIME   RECORD YEAR NORMAL DEPARTURE LAST
                VALUE   (LST)  VALUE       VALUE  FROM      YEAR
                                                  NORMAL
..................................................................
TEMPERATURE (F)
 TODAY
  MAXIMUM         83    217 PM  95    2010  75      8       78
  MINIMUM         39    525 AM  17    1950  34      5       48
  AVERAGE         61                        54      7       63

PRECIPITATION (IN)
  TODAY            T             0.59 1984   0.02  -0.02      T
  MONTH TO DATE    0.24                      0.44  -0.20     0.06
  SINCE OCT 1      9.10                      8.28   0.82     9.19
  SINCE JAN 1      4.82                      5.80  -0.98     6.62

SNOWFALL (IN)
  TODAY            0.0           0.2  1971   0.0    0.0      0.0
  MONTH TO DATE    0.0                       T      0.0      0.0
  SINCE SEP 1      0.0                       T      0.0      0.0
  SINCE JUL 1      0.0                       T      0.0      0.0
  SNOW DEPTH       0

DEGREE DAYS
 HEATING
  TODAY            4                        11     -7        2
  MONTH TO DATE  169                       174     -5      117
  SINCE SEP 1    169                       174     -5      117
  SINCE JUL 1    189                       204    -15      127

 COOLING
  TODAY            0                         0      0        0
  MONTH TO DATE   12                        31    -19       27
  SINCE SEP 1     12                        31    -19       27
  SINCE JAN 1    577                       541     36      614
..................................................................


WIND (MPH)
  HIGHEST WIND SPEED    24   HIGHEST WIND DIRECTION     S (200)
  HIGHEST GUST SPEED    31   HIGHEST GUST DIRECTION     S (200)



WEATHER CONDITIONS
 THE FOLLOWING WEATHER WAS RECORDED TODAY.
  NO SIGNIFICANT WEATHER WAS OBSERVED.


RELATIVE HUMIDITY (PERCENT)
 HIGHEST    55           500 AM
 LOWEST     14           100 PM
 AVERAGE    35

..........................................................


THE WINNEMUCCA AIRPORT NV CLIMATE NORMALS FOR TOMORROW
                         NORMAL    RECORD    YEAR
 MAXIMUM TEMPERATURE (F)   74        94      2010
 MINIMUM TEMPERATURE (F)   34        20      2009


SUNRISE AND SUNSET
SEPTEMBER 30 2016.....SUNRISE   647 AM PDT   SUNSET   634 PM PDT
OCTOBER  1 2016.......SUNRISE   648 AM PDT   SUNSET   632 PM PDT


-  INDICATES NEGATIVE NUMBERS.
R  INDICATES RECORD WAS SET OR TIED.
MM INDICATES DATA IS MISSING.
T  INDICATES TRACE AMOUNT.




$$
