000
CDUS45 KLKN 180934
CLIWMC


CLIMATE REPORT
NATIONAL WEATHER SERVICE ELKO NV
128 AM PST THU JAN 18 2018


...................................

...THE WINNEMUCCA AIRPORT NV CLIMATE SUMMARY FOR JANUARY 17 2018...

CLIMATE NORMAL PERIOD 1981 TO 2010
CLIMATE RECORD PERIOD 1877 TO 2018


WEATHER ITEM   OBSERVED TIME   RECORD YEAR NORMAL DEPARTURE LAST
                VALUE   (LST)  VALUE       VALUE  FROM      YEAR
                                                  NORMAL
..................................................................
TEMPERATURE (F)
 YESTERDAY
  MAXIMUM         55    233 PM  64    1971  42     13       35
  MINIMUM         27    650 AM -22    1917  19      8       15
                                      1888
  AVERAGE         41                        30     11       25

PRECIPITATION (IN)
  YESTERDAY        0.00          0.59 1945   0.03  -0.03     0.00
  MONTH TO DATE    0.37                      0.52  -0.15     1.19
  SINCE OCT 1      1.71                      3.00  -1.29     5.73
  SINCE JAN 1      0.37                      0.52  -0.15     1.19

SNOWFALL (IN)
  YESTERDAY        0.0           7.3  1945   0.1   -0.1      0.0
  MONTH TO DATE    0.0                       2.1   -2.1      4.4
  SINCE DEC 1      3.1                       7.4   -4.3     10.6
  SINCE JUL 1      3.1                      10.9   -7.8     11.2
  SNOW DEPTH       0

DEGREE DAYS
 HEATING
  YESTERDAY       24                        35    -11       40
  MONTH TO DATE  425                       606   -181      655
  SINCE DEC 1   1507                      1711   -204     1855
  SINCE JUL 1   2943                      3279   -336     3190

 COOLING
  YESTERDAY        0                         0      0        0
  MONTH TO DATE    0                         0      0        0
  SINCE DEC 1      0                         0      0        0
  SINCE JAN 1      0                         0      0        0
..................................................................


WIND (MPH)
  HIGHEST WIND SPEED    13   HIGHEST WIND DIRECTION     S (170)
  HIGHEST GUST SPEED    16   HIGHEST GUST DIRECTION    NE (60)
  AVERAGE WIND SPEED     6.7



WEATHER CONDITIONS
 THE FOLLOWING WEATHER WAS RECORDED YESTERDAY.
  NO SIGNIFICANT WEATHER WAS OBSERVED.


RELATIVE HUMIDITY (PERCENT)
 HIGHEST    85           100 AM
 LOWEST     50           200 PM
 AVERAGE    68

..........................................................


THE WINNEMUCCA AIRPORT NV CLIMATE NORMALS FOR TODAY
                         NORMAL    RECORD    YEAR
 MAXIMUM TEMPERATURE (F)   42        68      1971
 MINIMUM TEMPERATURE (F)   19       -21      1917


SUNRISE AND SUNSET
JANUARY 18 2018.......SUNRISE   712 AM PST   SUNSET   452 PM PST
JANUARY 19 2018.......SUNRISE   712 AM PST   SUNSET   453 PM PST


-  INDICATES NEGATIVE NUMBERS.
R  INDICATES RECORD WAS SET OR TIED.
MM INDICATES DATA IS MISSING.
T  INDICATES TRACE AMOUNT.




$$
