000
CDUS45 KLKN 231251 CCA
CLIWMC

CLIMATE REPORT
NATIONAL WEATHER SERVICE ELKO NV
551 AM PDT MON OCT 23  2017


...................................

...THE WINNEMUCCA AIRPORT NV CLIMATE SUMMARY FOR OCTOBER 22 2017...

CLIMATE NORMAL PERIOD 1981 TO 2010
CLIMATE RECORD PERIOD 1877 TO 2017


WEATHER ITEM   OBSERVED TIME   RECORD YEAR NORMAL DEPARTURE LAST
                VALUE   (LST)  VALUE       VALUE  FROM      YEAR
                                                  NORMAL
..................................................................
TEMPERATURE (F)
 YESTERDAY
  MAXIMUM         72    302 PM  83    2003  64      8       69
  MINIMUM         34    332 AM  11    1996  28      6       32
  AVERAGE         53                        46      7       51

PRECIPITATION (IN)
  YESTERDAY        0.00          0.31 2012   0.02  -0.02     0.00
  MONTH TO DATE    0.08                      0.46  -0.38     0.47
  SINCE OCT 1      0.08                      0.46  -0.38     0.47
  SINCE JAN 1      7.16                      6.26   0.90     5.29

SNOWFALL (IN)
  YESTERDAY        0.0           0.0  1877   0.0    0.0      0.0
  MONTH TO DATE    0.0                       0.3   -0.3       T
  SINCE SEP 1      0.0                       0.3   -0.3       T
  SINCE JUL 1      0.0                       0.3   -0.3       T
  SNOW DEPTH       0

DEGREE DAYS
 HEATING
  YESTERDAY       12                        19     -7       14
  MONTH TO DATE  444                       332    112      344
  SINCE SEP 1    672                       506    166      513
  SINCE JUL 1    672                       536    136      533

 COOLING
  YESTERDAY        0                         0      0        0
  MONTH TO DATE    0                         0      0        0
  SINCE SEP 1    120                        31     89       12
  SINCE JAN 1    927                       541    386      577
..................................................................


WIND (MPH)
  HIGHEST WIND SPEED    18   HIGHEST WIND DIRECTION    SW (240)
  HIGHEST GUST SPEED    23   HIGHEST GUST DIRECTION    SW (240)
  AVERAGE WIND SPEED     7.5



WEATHER CONDITIONS
 THE FOLLOWING WEATHER WAS RECORDED YESTERDAY.
  NO SIGNIFICANT WEATHER WAS OBSERVED.


RELATIVE HUMIDITY (PERCENT)
 HIGHEST    79          1000 PM
 LOWEST     20           200 PM
 AVERAGE    50

..........................................................


THE WINNEMUCCA AIRPORT NV CLIMATE NORMALS FOR TODAY
                         NORMAL    RECORD    YEAR
 MAXIMUM TEMPERATURE (F)   64        80      1937
 MINIMUM TEMPERATURE (F)   28        12      1935


SUNRISE AND SUNSET
OCTOBER 23 2017.......SUNRISE   712 AM PDT   SUNSET   559 PM PDT
OCTOBER 24 2017.......SUNRISE   713 AM PDT   SUNSET   557 PM PDT


-  INDICATES NEGATIVE NUMBERS.
R  INDICATES RECORD WAS SET OR TIED.
MM INDICATES DATA IS MISSING.
T  INDICATES TRACE AMOUNT.




$$
