000
CDUS45 KLKN 290033
CLIWMC


CLIMATE REPORT
NATIONAL WEATHER SERVICE ELKO NV
430 PM PST WED JAN 28 2015


...................................

...THE WINNEMUCCA AIRPORT NV CLIMATE SUMMARY FOR JANUARY 28 2015...
VALID TODAY AS OF 0400 PM LOCAL TIME.

CLIMATE NORMAL PERIOD 1981 TO 2010
CLIMATE RECORD PERIOD 1877 TO 2015


WEATHER ITEM   OBSERVED TIME   RECORD YEAR NORMAL DEPARTURE LAST
                VALUE   (LST)  VALUE       VALUE  FROM      YEAR
                                                  NORMAL
..................................................................
TEMPERATURE (F)
 TODAY
  MAXIMUM         54    352 PM  63    1976  43     11       54
  MINIMUM         30    647 AM -14    1922  20     10       32
  AVERAGE         42                        32     10       43

PRECIPITATION (IN)
  TODAY            0.00          0.47 1937   0.03  -0.03      T
  MONTH TO DATE    0.40                      0.80  -0.40     0.02
  SINCE OCT 1      2.97                      3.28  -0.31     2.68
  SINCE JAN 1      0.40                      0.80  -0.40     0.02

SNOWFALL (IN)
  TODAY            0.0           5.2  1947   0.1   -0.1      0.0
  MONTH TO DATE    T                         3.4   -3.4      0.0
  SINCE DEC 1      T                         8.7   -8.7      9.9
  SINCE JUL 1      2.3                      12.2   -9.9     16.5
  SNOW DEPTH       0

DEGREE DAYS
 HEATING
  TODAY           23                        33    -10       22
  MONTH TO DATE  840                       982   -142      870
  SINCE DEC 1   1725                      2087   -362     2313
  SINCE JUL 1   3019                      3655   -636     3858

 COOLING
  TODAY            0                         0      0        0
  MONTH TO DATE    0                         0      0        0
  SINCE DEC 1      0                         0      0        0
  SINCE JAN 1      0                         0      0        0
..................................................................


WIND (MPH)
  HIGHEST WIND SPEED    10   HIGHEST WIND DIRECTION     S (190)
  HIGHEST GUST SPEED    13   HIGHEST GUST DIRECTION     S (180)



WEATHER CONDITIONS
 THE FOLLOWING WEATHER WAS RECORDED TODAY.
  NO SIGNIFICANT WEATHER WAS OBSERVED.


RELATIVE HUMIDITY (PERCENT)
 HIGHEST   100           700 AM
 LOWEST     50           300 PM
 AVERAGE    75

..........................................................


THE WINNEMUCCA AIRPORT NV CLIMATE NORMALS FOR TOMORROW
                         NORMAL    RECORD    YEAR
 MAXIMUM TEMPERATURE (F)   43        62      1986
                                             1976
 MINIMUM TEMPERATURE (F)   20       -19      1957
                                             1949


SUNRISE AND SUNSET
JANUARY 28 2015.......SUNRISE   705 AM PST   SUNSET   503 PM PST
JANUARY 29 2015.......SUNRISE   704 AM PST   SUNSET   505 PM PST


-  INDICATES NEGATIVE NUMBERS.
R  INDICATES RECORD WAS SET OR TIED.
MM INDICATES DATA IS MISSING.
T  INDICATES TRACE AMOUNT.




$$
