000
CDUS41 KALY 252048
CLIWRK


CLIMATE REPORT
NATIONAL WEATHER SERVICE ALBANY NY
447 PM EDT FRI JUL 25 2014


...................................

...THE POUGHKEEPSIE NY CLIMATE SUMMARY FOR JULY 25 2014...
VALID TODAY AS OF 0400 PM LOCAL TIME.

CLIMATE NORMAL PERIOD 1981 TO 2010
CLIMATE RECORD PERIOD 1949 TO 2014


WEATHER ITEM   OBSERVED TIME   RECORD YEAR NORMAL DEPARTURE LAST
                VALUE   (LST)  VALUE       VALUE  FROM      YEAR
                                                  NORMAL
..................................................................
TEMPERATURE (F)
 TODAY
  MAXIMUM         81    327 PM  97    2001  85     -4       73
  MINIMUM         55    528 AM  48    1953  61     -6       58
  AVERAGE         68                        73     -5       66

PRECIPITATION (IN)
  TODAY            0.00          0.91 1975   0.16  -0.16     0.00
  MONTH TO DATE    4.48                      3.65   0.83     2.91
  SINCE JUN 1      6.77                      8.08  -1.31    12.73
  SINCE JAN 1     20.80                     25.58  -4.78    23.38

DEGREE DAYS
 HEATING
  TODAY            0                         0      0        0
  MONTH TO DATE    0                         0      0        0
  SINCE JUN 1      7                        49    -42       31
  SINCE JUL 1      0                         0      0        0

 COOLING
  TODAY            3                         8     -5        1
  MONTH TO DATE  229                       192     37      348
  SINCE JUN 1    367                       319     48      502
  SINCE JAN 1    400                       355     45      555
..................................................................


WIND (MPH)
  HIGHEST WIND SPEED     6   HIGHEST WIND DIRECTION     W (280)
  HIGHEST GUST SPEED    MM   HIGHEST GUST DIRECTION    MM
  AVERAGE WIND SPEED     0.6


SKY COVER
  AVERAGE SKY COVER 0.0



RELATIVE HUMIDITY (PERCENT)
 HIGHEST    93           300 AM
 LOWEST     42           100 PM
 AVERAGE    68

..........................................................


THE POUGHKEEPSIE NY CLIMATE NORMALS FOR TOMORROW
                         NORMAL    RECORD    YEAR
 MAXIMUM TEMPERATURE (F)   85        97      2005
 MINIMUM TEMPERATURE (F)   61        47      1976


SUNRISE AND SUNSET
JULY 25 2014..........SUNRISE   543 AM EDT   SUNSET   820 PM EDT
JULY 26 2014..........SUNRISE   544 AM EDT   SUNSET   819 PM EDT


-  INDICATES NEGATIVE NUMBERS.
R  INDICATES RECORD WAS SET OR TIED.
MM INDICATES DATA IS MISSING.
T  INDICATES TRACE AMOUNT.




$$
