000
CDUS41 KALY 310627
CLIWRK


CLIMATE REPORT
NATIONAL WEATHER SERVICE ALBANY NY
226 AM EDT THU JUL 31 2014


...................................

...THE POUGHKEEPSIE NY CLIMATE SUMMARY FOR JULY 30 2014...

CLIMATE NORMAL PERIOD 1981 TO 2010
CLIMATE RECORD PERIOD 1949 TO 2014


WEATHER ITEM   OBSERVED TIME   RECORD YEAR NORMAL DEPARTURE LAST
                VALUE   (LST)  VALUE       VALUE  FROM      YEAR
                                                  NORMAL
..................................................................
TEMPERATURE (F)
 YESTERDAY
  MAXIMUM         78    449 PM  96    1949  84     -6       80
  MINIMUM         59    543 AM  46    1956  61     -2       56
  AVERAGE         69                        73     -4       68

PRECIPITATION (IN)
  YESTERDAY        0.00          2.71 1960   0.17  -0.17     0.00
  MONTH TO DATE    4.96                      4.48   0.48     3.14
  SINCE JUN 1      7.25                      8.91  -1.66    12.96
  SINCE JAN 1     21.28                     26.41  -5.13    23.61

DEGREE DAYS
 HEATING
  YESTERDAY        0                         0      0        0
  MONTH TO DATE    0                         0      0        0
  SINCE JUN 1      7                        49    -42       31
  SINCE JUL 1      0                         0      0        0

 COOLING
  YESTERDAY        4                         8     -4        3
  MONTH TO DATE  261                       232     29      379
  SINCE JUN 1    399                       359     40      533
  SINCE JAN 1    432                       395     37      586
..................................................................


WIND (MPH)
  HIGHEST WIND SPEED     9   HIGHEST WIND DIRECTION     W (250)
  HIGHEST GUST SPEED    13   HIGHEST GUST DIRECTION    SW (220)
  AVERAGE WIND SPEED     2.0


SKY COVER
  AVERAGE SKY COVER 0.5



RELATIVE HUMIDITY (PERCENT)
 HIGHEST    90           100 AM
 LOWEST     37           400 PM
 AVERAGE    64

..........................................................


THE POUGHKEEPSIE NY CLIMATE NORMALS FOR TODAY
                         NORMAL    RECORD    YEAR
 MAXIMUM TEMPERATURE (F)   84        99      1954
 MINIMUM TEMPERATURE (F)   61        47      1956


SUNRISE AND SUNSET
JULY 31 2014..........SUNRISE   549 AM EDT   SUNSET   814 PM EDT
AUGUST  1 2014........SUNRISE   550 AM EDT   SUNSET   813 PM EDT


-  INDICATES NEGATIVE NUMBERS.
R  INDICATES RECORD WAS SET OR TIED.
MM INDICATES DATA IS MISSING.
T  INDICATES TRACE AMOUNT.




$$
