000
CDUS45 KRIW 240753
CLIWRL


CLIMATE REPORT
NATIONAL WEATHER SERVICE RIVERTON WY
153 AM MDT SUN SEP 24 2017


...................................

...THE WORLAND WY CLIMATE SUMMARY FOR SEPTEMBER 23 2017...

CLIMATE NORMAL PERIOD 1981 TO 2010
CLIMATE RECORD PERIOD 1947 TO 2017


WEATHER ITEM   OBSERVED TIME   RECORD YEAR NORMAL DEPARTURE LAST
                VALUE   (LST)  VALUE       VALUE  FROM      YEAR
                                                  NORMAL
..................................................................
TEMPERATURE (F)
 YESTERDAY
  MAXIMUM         44    321 PM  94    1992  70    -26       62
  MINIMUM         40    748 AM  27    2000  40      0       49
                                      1984
  AVERAGE         42                        55    -13       56

PRECIPITATION (IN)
  YESTERDAY        0.33          1.07 1984   0.03   0.30     0.52
  MONTH TO DATE    1.92                      0.62   1.30     0.99
  SINCE SEP 1      1.92                      0.62   1.30     0.99
  SINCE JAN 1      7.42                      6.07   1.35     5.46

DEGREE DAYS
 HEATING
  YESTERDAY       23                        10     13        9
  MONTH TO DATE  168                       137     31      132
  SINCE SEP 1    168                       137     31      132
  SINCE JUL 1    169                       173     -4      163

 COOLING
  YESTERDAY        0                         0      0        0
  MONTH TO DATE   52                        28     24       25
  SINCE SEP 1     52                        28     24       25
  SINCE JAN 1    588                       534     54      690
..................................................................


WIND (MPH)
  HIGHEST WIND SPEED    13   HIGHEST WIND DIRECTION     N (340)
  HIGHEST GUST SPEED    15   HIGHEST GUST DIRECTION     N (350)
  AVERAGE WIND SPEED     5.0


SKY COVER
  POSSIBLE SUNSHINE  MM
  AVERAGE SKY COVER 1.0


WEATHER CONDITIONS
 THE FOLLOWING WEATHER WAS RECORDED YESTERDAY.
  RAIN
  LIGHT RAIN
  FOG


RELATIVE HUMIDITY (PERCENT)
 HIGHEST   100           500 PM
 LOWEST     83           100 PM
 AVERAGE    92

..........................................................


THE WORLAND WY CLIMATE NORMALS FOR TODAY
                         NORMAL    RECORD    YEAR
 MAXIMUM TEMPERATURE (F)   70        90      2015
 MINIMUM TEMPERATURE (F)   39        24      1984


SUNRISE AND SUNSET
SEPTEMBER 24 2017.....SUNRISE   702 AM MDT   SUNSET   705 PM MDT
SEPTEMBER 25 2017.....SUNRISE   703 AM MDT   SUNSET   703 PM MDT


-  INDICATES NEGATIVE NUMBERS.
R  INDICATES RECORD WAS SET OR TIED.
MM INDICATES DATA IS MISSING.
T  INDICATES TRACE AMOUNT.




$$
