000
CDUS45 KRIW 020046
CLIWRL


CLIMATE REPORT
NATIONAL WEATHER SERVICE RIVERTON WY
644 PM MDT WED OCT 1 2014


...................................

...THE WORLAND WY CLIMATE SUMMARY FOR OCTOBER 1 2014...
VALID TODAY AS OF 0500 PM LOCAL TIME.

CLIMATE NORMAL PERIOD 1981 TO 2010
CLIMATE RECORD PERIOD 1947 TO 2014


WEATHER ITEM   OBSERVED TIME   RECORD YEAR NORMAL DEPARTURE LAST
                VALUE   (LST)  VALUE       VALUE  FROM      YEAR
                                                  NORMAL
..................................................................
TEMPERATURE (F)
 TODAY
  MAXIMUM         56        MM  91    2011  66    -10       72
  MINIMUM         46    500 AM  24    1985  36     10       36
  AVERAGE         51                        51      0       54

PRECIPITATION (IN)
  TODAY            0.18          1.12 1989   0.03   0.15     0.00
  MONTH TO DATE    0.18                      0.03   0.15     0.00
  SINCE SEP 1      1.31                      0.88   0.43     2.63
  SINCE JAN 1      6.90                      6.33   0.57     5.84

DEGREE DAYS
 HEATING
  TODAY           14                        14      0       11
  MONTH TO DATE   14                        14      0       11
  SINCE SEP 1    192                       235    -43      157
  SINCE JUL 1    226                       271    -45      157

 COOLING
  TODAY            0                         0      0        0
  MONTH TO DATE    0                         0      0        0
  SINCE SEP 1     34                        29      5       91
  SINCE JAN 1    543                       535      8      852
..................................................................


WIND (MPH)
  HIGHEST WIND SPEED    13   HIGHEST WIND DIRECTION    NW (320)
  HIGHEST GUST SPEED    MM   HIGHEST GUST DIRECTION    MM
  AVERAGE WIND SPEED     8.1


SKY COVER
  POSSIBLE SUNSHINE  MM
  AVERAGE SKY COVER 0.9


WEATHER CONDITIONS
 THE FOLLOWING WEATHER WAS RECORDED TODAY.
  LIGHT RAIN
  FOG


RELATIVE HUMIDITY (PERCENT)
 HIGHEST    86           100 AM
 LOWEST     41           200 PM
 AVERAGE    64

..........................................................


THE WORLAND WY CLIMATE NORMALS FOR TOMORROW
                         NORMAL    RECORD    YEAR
 MAXIMUM TEMPERATURE (F)   66        88      1992
 MINIMUM TEMPERATURE (F)   36        26      1964


SUNRISE AND SUNSET
OCTOBER  1 2014.......SUNRISE   710 AM MDT   SUNSET   653 PM MDT
OCTOBER  2 2014.......SUNRISE   711 AM MDT   SUNSET   651 PM MDT


-  INDICATES NEGATIVE NUMBERS.
R  INDICATES RECORD WAS SET OR TIED.
MM INDICATES DATA IS MISSING.
T  INDICATES TRACE AMOUNT.




$$
