000
CDUS45 KRIW 020028
CLIWRL


CLIMATE REPORT
NATIONAL WEATHER SERVICE RIVERTON WY
628 PM MDT FRI AUG 1 2014


...................................

...THE WORLAND WY CLIMATE SUMMARY FOR AUGUST 1 2014...
VALID TODAY AS OF 0500 PM LOCAL TIME.

CLIMATE NORMAL PERIOD 1981 TO 2010
CLIMATE RECORD PERIOD 1947 TO 2014


WEATHER ITEM   OBSERVED TIME   RECORD YEAR NORMAL DEPARTURE LAST
                VALUE   (LST)  VALUE       VALUE  FROM      YEAR
                                                  NORMAL
..................................................................
TEMPERATURE (F)
 TODAY
  MAXIMUM         92        MM 102    2000  90      2       98
  MINIMUM         57        MM  43    1968  56      1       55
  AVERAGE         75                        73      2       77

PRECIPITATION (IN)
  TODAY            0.00          0.55 1976   0.02  -0.02     0.00
  MONTH TO DATE    0.00                      0.02  -0.02     0.00
  SINCE JUN 1      1.87                      1.88  -0.01     0.39
  SINCE JAN 1      4.08                      5.04  -0.96     3.08

DEGREE DAYS
 HEATING
  TODAY            0                         0      0        0
  MONTH TO DATE    0                         0      0        0
  SINCE JUN 1     91                       106    -15       45
  SINCE JUL 1      1                        13    -12        0

 COOLING
  TODAY           10                         8      2       12
  MONTH TO DATE   10                         8      2       12
  SINCE JUN 1    318                       321     -3      478
  SINCE JAN 1    348                       333     15      495
..................................................................


WIND (MPH)
  HIGHEST WIND SPEED    21   HIGHEST WIND DIRECTION     E (70)
  HIGHEST GUST SPEED    31   HIGHEST GUST DIRECTION     E (70)
  AVERAGE WIND SPEED     4.9


SKY COVER
  POSSIBLE SUNSHINE  MM
  AVERAGE SKY COVER 0.0


WEATHER CONDITIONS
 THE FOLLOWING WEATHER WAS RECORDED TODAY.
  NO SIGNIFICANT WEATHER WAS OBSERVED.


RELATIVE HUMIDITY (PERCENT)
 HIGHEST    57           500 AM
 LOWEST     15           200 PM
 AVERAGE    36

..........................................................


THE WORLAND WY CLIMATE NORMALS FOR TOMORROW
                         NORMAL    RECORD    YEAR
 MAXIMUM TEMPERATURE (F)   90       100      2001
 MINIMUM TEMPERATURE (F)   55        49      2006
                                             1975


SUNRISE AND SUNSET
AUGUST  1 2014........SUNRISE   600 AM MDT   SUNSET   835 PM MDT
AUGUST  2 2014........SUNRISE   601 AM MDT   SUNSET   834 PM MDT


-  INDICATES NEGATIVE NUMBERS.
R  INDICATES RECORD WAS SET OR TIED.
MM INDICATES DATA IS MISSING.
T  INDICATES TRACE AMOUNT.




$$
