000
CDUS45 KRIW 230736
CLIWRL


CLIMATE REPORT
NATIONAL WEATHER SERVICE RIVERTON WY
134 AM MDT THU MAR 23 2017


...................................

...THE WORLAND WY CLIMATE SUMMARY FOR MARCH 22 2017...

CLIMATE NORMAL PERIOD 1981 TO 2010
CLIMATE RECORD PERIOD 1947 TO 2017


WEATHER ITEM   OBSERVED TIME   RECORD YEAR NORMAL DEPARTURE LAST
                VALUE   (LST)  VALUE       VALUE  FROM      YEAR
                                                  NORMAL
..................................................................
TEMPERATURE (F)
 YESTERDAY
  MAXIMUM         70    301 PM  78    1972  53     17       47
  MINIMUM         32    518 AM   7    1965  25      7       32
  AVERAGE         51                        39     12       40

PRECIPITATION (IN)
  YESTERDAY        0.00          0.23 2011   0.02  -0.02     0.10
  MONTH TO DATE    0.16                      0.31  -0.15     0.13
  SINCE MAR 1      0.16                      0.31  -0.15     0.13
  SINCE JAN 1      0.56                      0.73  -0.17     0.16

DEGREE DAYS
 HEATING
  YESTERDAY       14                        26    -12       25
  MONTH TO DATE  492                       662   -170      556
  SINCE MAR 1    492                       662   -170      556
  SINCE JUL 1   6367                      6663   -296     5941

 COOLING
  YESTERDAY        0                         0      0        0
  MONTH TO DATE    0                         0      0        0
  SINCE MAR 1      0                         0      0        0
  SINCE JAN 1      0                         0      0        0
..................................................................


WIND (MPH)
  HIGHEST WIND SPEED    20   HIGHEST WIND DIRECTION    SW (210)
  HIGHEST GUST SPEED    24   HIGHEST GUST DIRECTION     S (200)
  AVERAGE WIND SPEED     7.0


SKY COVER
  POSSIBLE SUNSHINE  MM
  AVERAGE SKY COVER 0.1


WEATHER CONDITIONS
 THE FOLLOWING WEATHER WAS RECORDED YESTERDAY.
  FOG


RELATIVE HUMIDITY (PERCENT)
 HIGHEST   100          1200 AM
 LOWEST     30           300 PM
 AVERAGE    65

..........................................................


THE WORLAND WY CLIMATE NORMALS FOR TODAY
                         NORMAL    RECORD    YEAR
 MAXIMUM TEMPERATURE (F)   53        78      2012
 MINIMUM TEMPERATURE (F)   25        -1      1965


SUNRISE AND SUNSET
MARCH 23 2017.........SUNRISE   709 AM MDT   SUNSET   728 PM MDT
MARCH 24 2017.........SUNRISE   707 AM MDT   SUNSET   730 PM MDT


-  INDICATES NEGATIVE NUMBERS.
R  INDICATES RECORD WAS SET OR TIED.
MM INDICATES DATA IS MISSING.
T  INDICATES TRACE AMOUNT.




$$
