000
CDUS45 KRIW 230758
CLIWRL


CLIMATE REPORT
NATIONAL WEATHER SERVICE RIVERTON WY
157 AM MDT WED APR 23 2014


...................................

...THE WORLAND WY CLIMATE SUMMARY FOR APRIL 22 2014...

CLIMATE NORMAL PERIOD 1981 TO 2010
CLIMATE RECORD PERIOD 1947 TO 2014


WEATHER ITEM   OBSERVED TIME   RECORD YEAR NORMAL DEPARTURE LAST
                VALUE   (LST)  VALUE       VALUE  FROM      YEAR
                                                  NORMAL
..................................................................
TEMPERATURE (F)
 YESTERDAY
  MAXIMUM         75    216 PM  87    1986  62     13       32
  MINIMUM         37    324 AM  14    2013  33      4       14
  AVERAGE         56                        48      8       23

PRECIPITATION (IN)
  YESTERDAY        0.00          0.42 2013   0.04  -0.04     0.42
  MONTH TO DATE    0.27                      0.53  -0.26     0.90
  SINCE MAR 1      0.67                      0.99  -0.32     1.10
  SINCE JAN 1      1.05                      1.41  -0.36     1.49

DEGREE DAYS
 HEATING
  YESTERDAY        9                        18     -9       42
  MONTH TO DATE  439                       452    -13      567
  SINCE MAR 1   1379                      1337     42     1440
  SINCE JUL 1   7759                      7338    421     7022

 COOLING
  YESTERDAY        0                         0      0        0
  MONTH TO DATE    0                         0      0        0
  SINCE MAR 1      0                         0      0        0
  SINCE JAN 1      0                         0      0        0
..................................................................


WIND (MPH)
  HIGHEST WIND SPEED    40   HIGHEST WIND DIRECTION    SW (210)
  HIGHEST GUST SPEED    52   HIGHEST GUST DIRECTION    SW (210)
  AVERAGE WIND SPEED     8.8


SKY COVER
  POSSIBLE SUNSHINE  MM
  AVERAGE SKY COVER 0.1


WEATHER CONDITIONS
 THE FOLLOWING WEATHER WAS RECORDED YESTERDAY.
  HAZE


RELATIVE HUMIDITY (PERCENT)
 HIGHEST    76           500 AM
 LOWEST     25           200 PM
 AVERAGE    51

..........................................................


THE WORLAND WY CLIMATE NORMALS FOR TODAY
                         NORMAL    RECORD    YEAR
 MAXIMUM TEMPERATURE (F)   62        88      2012
 MINIMUM TEMPERATURE (F)   33         4      2013


SUNRISE AND SUNSET
APRIL 23 2014.........SUNRISE   615 AM MDT   SUNSET   806 PM MDT
APRIL 24 2014.........SUNRISE   614 AM MDT   SUNSET   807 PM MDT


-  INDICATES NEGATIVE NUMBERS.
R  INDICATES RECORD WAS SET OR TIED.
MM INDICATES DATA IS MISSING.
T  INDICATES TRACE AMOUNT.




$$
