000
CDUS45 KRIW 050735
CLIWRL


CLIMATE REPORT
NATIONAL WEATHER SERVICE RIVERTON WY
134 AM MDT SAT SEP 5 2015


...................................

...THE WORLAND WY CLIMATE SUMMARY FOR SEPTEMBER 4 2015...

CLIMATE NORMAL PERIOD 1981 TO 2010
CLIMATE RECORD PERIOD 1947 TO 2015


WEATHER ITEM   OBSERVED TIME   RECORD YEAR NORMAL DEPARTURE LAST
                VALUE   (LST)  VALUE       VALUE  FROM      YEAR
                                                  NORMAL
..................................................................
TEMPERATURE (F)
 YESTERDAY
  MAXIMUM         91    439 PM  99    1978  81     10       69
  MINIMUM         48    531 AM  32    1962  47      1       48
  AVERAGE         70                        64      6       59

PRECIPITATION (IN)
  YESTERDAY        T             0.58 1999   0.02  -0.02     0.00
  MONTH TO DATE    T                         0.08  -0.08     0.03
  SINCE SEP 1      T                         0.08  -0.08     0.03
  SINCE JAN 1      6.12                      5.53   0.59     5.62

DEGREE DAYS
 HEATING
  YESTERDAY        0                         3     -3        6
  MONTH TO DATE    0                        11    -11       12
  SINCE SEP 1      0                        11    -11       12
  SINCE JUL 1     37                        47    -10       46

 COOLING
  YESTERDAY        5                         2      3        0
  MONTH TO DATE   30                        10     20        4
  SINCE SEP 1     30                        10     20        4
  SINCE JAN 1    606                       516     90      513
..................................................................


WIND (MPH)
  HIGHEST WIND SPEED    35   HIGHEST WIND DIRECTION     S (160)
  HIGHEST GUST SPEED    44   HIGHEST GUST DIRECTION     S (160)
  AVERAGE WIND SPEED     8.3


SKY COVER
  POSSIBLE SUNSHINE  MM
  AVERAGE SKY COVER 0.1


WEATHER CONDITIONS
 THE FOLLOWING WEATHER WAS RECORDED YESTERDAY.
  LIGHT RAIN


RELATIVE HUMIDITY (PERCENT)
 HIGHEST    71           600 AM
 LOWEST     15           500 PM
 AVERAGE    43

..........................................................


THE WORLAND WY CLIMATE NORMALS FOR TODAY
                         NORMAL    RECORD    YEAR
 MAXIMUM TEMPERATURE (F)   80        99      1978
 MINIMUM TEMPERATURE (F)   47        33      1965


SUNRISE AND SUNSET
SEPTEMBER  5 2015.....SUNRISE   639 AM MDT   SUNSET   741 PM MDT
SEPTEMBER  6 2015.....SUNRISE   641 AM MDT   SUNSET   739 PM MDT


-  INDICATES NEGATIVE NUMBERS.
R  INDICATES RECORD WAS SET OR TIED.
MM INDICATES DATA IS MISSING.
T  INDICATES TRACE AMOUNT.




$$
