001
CDUS45 KRIW 270736
CLIWRL


CLIMATE REPORT
NATIONAL WEATHER SERVICE RIVERTON WY
126 AM MDT WED JUL 27 2016


...................................

...THE WORLAND WY CLIMATE SUMMARY FOR JULY 26 2016...

CLIMATE NORMAL PERIOD 1981 TO 2010
CLIMATE RECORD PERIOD 1947 TO 2016


WEATHER ITEM   OBSERVED TIME   RECORD YEAR NORMAL DEPARTURE LAST
                VALUE   (LST)  VALUE       VALUE  FROM      YEAR
                                                  NORMAL
..................................................................
TEMPERATURE (F)
 YESTERDAY
  MAXIMUM         95    244 PM 102    1988  90      5       99
  MINIMUM         62    514 AM  50    2005  56      6       53
  AVERAGE         79                        73      6       76

PRECIPITATION (IN)
  YESTERDAY        T             0.19 1991   0.02  -0.02     0.00
  MONTH TO DATE    0.06                      0.59  -0.53     0.38
  SINCE JUN 1      0.35                      1.74  -1.39     1.44
  SINCE JAN 1      4.11                      4.90  -0.79     5.62

DEGREE DAYS
 HEATING
  YESTERDAY        0                         0      0        0
  MONTH TO DATE    4                        10     -6        0
  SINCE JUN 1     10                       103    -93        4
  SINCE JUL 1      4                        10     -6        0

 COOLING
  YESTERDAY       14                         8      6       11
  MONTH TO DATE  212                       188     24      180
  SINCE JUN 1    407                       272    135      359
  SINCE JAN 1    409                       284    125      361
..................................................................


WIND (MPH)
  HIGHEST WIND SPEED    30   HIGHEST WIND DIRECTION     N (340)
  HIGHEST GUST SPEED    38   HIGHEST GUST DIRECTION    NW (330)
  AVERAGE WIND SPEED     7.6


SKY COVER
  POSSIBLE SUNSHINE  MM
  AVERAGE SKY COVER 0.1


WEATHER CONDITIONS
 THE FOLLOWING WEATHER WAS RECORDED YESTERDAY.
  THUNDERSTORM
  LIGHT RAIN
  HAZE


RELATIVE HUMIDITY (PERCENT)
 HIGHEST    44           500 AM
 LOWEST     12           300 PM
 AVERAGE    28

..........................................................


THE WORLAND WY CLIMATE NORMALS FOR TODAY
                         NORMAL    RECORD    YEAR
 MAXIMUM TEMPERATURE (F)   90       104      1975
 MINIMUM TEMPERATURE (F)   56        44      1993


SUNRISE AND SUNSET
JULY 27 2016..........SUNRISE   555 AM MDT   SUNSET   841 PM MDT
JULY 28 2016..........SUNRISE   556 AM MDT   SUNSET   840 PM MDT


-  INDICATES NEGATIVE NUMBERS.
R  INDICATES RECORD WAS SET OR TIED.
MM INDICATES DATA IS MISSING.
T  INDICATES TRACE AMOUNT.




$$
