000
CDUS45 KRIW 100731
CLIWRL


CLIMATE REPORT
NATIONAL WEATHER SERVICE RIVERTON WY
130 AM MDT THU JUL 10 2014


...................................

...THE WORLAND WY CLIMATE SUMMARY FOR JULY 9 2014...

CLIMATE NORMAL PERIOD 1981 TO 2010
CLIMATE RECORD PERIOD 1947 TO 2014


WEATHER ITEM   OBSERVED TIME   RECORD YEAR NORMAL DEPARTURE LAST
                VALUE   (LST)  VALUE       VALUE  FROM      YEAR
                                                  NORMAL
..................................................................
TEMPERATURE (F)
 YESTERDAY
  MAXIMUM         96    340 PM 103    1976  88      8       91
  MINIMUM         56    450 AM  45    2004  55      1       54
  AVERAGE         76                        71      5       73

PRECIPITATION (IN)
  YESTERDAY        0.00          0.56 1982   0.02  -0.02     0.00
  MONTH TO DATE    0.00                      0.19  -0.19     0.12
  SINCE JUN 1      1.62                      1.34   0.28     0.21
  SINCE JAN 1      3.83                      4.50  -0.67     2.90

DEGREE DAYS
 HEATING
  YESTERDAY        0                         1     -1        0
  MONTH TO DATE    1                         9     -8        0
  SINCE JUN 1     91                       102    -11       45
  SINCE JUL 1      1                         9     -8        0

 COOLING
  YESTERDAY       11                         7      4        8
  MONTH TO DATE   79                        56     23       97
  SINCE JUN 1    108                       140    -32      230
  SINCE JAN 1    138                       152    -14      247
..................................................................


WIND (MPH)
  HIGHEST WIND SPEED    14   HIGHEST WIND DIRECTION    NE (50)
  HIGHEST GUST SPEED    18   HIGHEST GUST DIRECTION    NE (50)
  AVERAGE WIND SPEED     4.6


SKY COVER
  POSSIBLE SUNSHINE  MM
  AVERAGE SKY COVER 0.0


WEATHER CONDITIONS
 THE FOLLOWING WEATHER WAS RECORDED YESTERDAY.
  NO SIGNIFICANT WEATHER WAS OBSERVED.


RELATIVE HUMIDITY (PERCENT)
 HIGHEST    62           500 AM
 LOWEST     17           300 PM
 AVERAGE    40

..........................................................


THE WORLAND WY CLIMATE NORMALS FOR TODAY
                         NORMAL    RECORD    YEAR
 MAXIMUM TEMPERATURE (F)   88       104      1979
 MINIMUM TEMPERATURE (F)   55        48      2009


SUNRISE AND SUNSET
JULY 10 2014..........SUNRISE   539 AM MDT   SUNSET   855 PM MDT
JULY 11 2014..........SUNRISE   540 AM MDT   SUNSET   855 PM MDT


-  INDICATES NEGATIVE NUMBERS.
R  INDICATES RECORD WAS SET OR TIED.
MM INDICATES DATA IS MISSING.
T  INDICATES TRACE AMOUNT.




$$
