000
CDUS45 KRIW 240745
CLIWRL


CLIMATE REPORT
NATIONAL WEATHER SERVICE RIVERTON WY
1243 AM MST FRI NOV 24 2017


...................................

...THE WORLAND WY CLIMATE SUMMARY FOR NOVEMBER 23 2017...

CLIMATE NORMAL PERIOD 1981 TO 2010
CLIMATE RECORD PERIOD 1947 TO 2017


WEATHER ITEM   OBSERVED TIME   RECORD YEAR NORMAL DEPARTURE LAST
                VALUE   (LST)  VALUE       VALUE  FROM      YEAR
                                                  NORMAL
..................................................................
TEMPERATURE (F)
 YESTERDAY
  MAXIMUM         55    144 PM  63    1988  39     16       38
  MINIMUM         28    240 AM -26    1985  13     15       19
  AVERAGE         42                        26     16       29

PRECIPITATION (IN)
  YESTERDAY        0.00          0.29 2002   0.02  -0.02     0.00
  MONTH TO DATE    0.68                      0.29   0.39     0.96
  SINCE SEP 1      2.98                      1.83   1.15     5.28
  SINCE JAN 1      8.48                      7.28   1.20     9.75

DEGREE DAYS
 HEATING
  YESTERDAY       23                        39    -16       36
  MONTH TO DATE  778                       743     35      605
  SINCE SEP 1   1719                      1569    150     1272
  SINCE JUL 1   1720                      1605    115     1303

 COOLING
  YESTERDAY        0                         0      0        0
  MONTH TO DATE    0                         0      0        0
  SINCE SEP 1     52                        29     23       25
  SINCE JAN 1    588                       535     53      690
..................................................................


WIND (MPH)
  HIGHEST WIND SPEED    14   HIGHEST WIND DIRECTION     W (260)
  HIGHEST GUST SPEED    20   HIGHEST GUST DIRECTION     W (270)
  AVERAGE WIND SPEED     5.6


SKY COVER
  POSSIBLE SUNSHINE  MM
  AVERAGE SKY COVER 0.0


WEATHER CONDITIONS
 THE FOLLOWING WEATHER WAS RECORDED YESTERDAY.
  NO SIGNIFICANT WEATHER WAS OBSERVED.


RELATIVE HUMIDITY (PERCENT)
 HIGHEST   100           100 AM
 LOWEST     64           200 PM
 AVERAGE    82

..........................................................


THE WORLAND WY CLIMATE NORMALS FOR TODAY
                         NORMAL    RECORD    YEAR
 MAXIMUM TEMPERATURE (F)   39        63      1990
 MINIMUM TEMPERATURE (F)   13       -16      2010


SUNRISE AND SUNSET
NOVEMBER 24 2017......SUNRISE   719 AM MST   SUNSET   438 PM MST
NOVEMBER 25 2017......SUNRISE   720 AM MST   SUNSET   438 PM MST


-  INDICATES NEGATIVE NUMBERS.
R  INDICATES RECORD WAS SET OR TIED.
MM INDICATES DATA IS MISSING.
T  INDICATES TRACE AMOUNT.




$$
