000
CDUS45 KRIW 250028
CLIWRL


CLIMATE REPORT
NATIONAL WEATHER SERVICE RIVERTON WY
627 PM MDT MON JUL 24 2017


...................................

...THE WORLAND WY CLIMATE SUMMARY FOR JULY 24 2017...
VALID TODAY AS OF 0500 PM LOCAL TIME.

CLIMATE NORMAL PERIOD 1981 TO 2010
CLIMATE RECORD PERIOD 1947 TO 2017


WEATHER ITEM   OBSERVED TIME   RECORD YEAR NORMAL DEPARTURE LAST
                VALUE   (LST)  VALUE       VALUE  FROM      YEAR
                                                  NORMAL
..................................................................
TEMPERATURE (F)
 TODAY
  MAXIMUM        100        MM 104    1976  90     10       92
  MINIMUM         56        MM  48    2004  56      0       53
                                      1972
  AVERAGE         78                        73      5       73

PRECIPITATION (IN)
  TODAY            0.00          0.33 1995   0.02  -0.02     0.00
  MONTH TO DATE    0.05                      0.55  -0.50     0.06
  SINCE JUN 1      0.41                      1.70  -1.29     0.35
  SINCE JAN 1      5.21                      4.86   0.35     4.11

DEGREE DAYS
 HEATING
  TODAY            0                         0      0        0
  MONTH TO DATE    0                        10    -10        4
  SINCE JUN 1     46                       103    -57       10
  SINCE JUL 1      0                        10    -10        4

 COOLING
  TODAY           13                         8      5        8
  MONTH TO DATE  255                       172     83      189
  SINCE JUN 1    345                       256     89      384
  SINCE JAN 1    345                       268     77      386
..................................................................


WIND (MPH)
  HIGHEST WIND SPEED     8   HIGHEST WIND DIRECTION     E (90)
  HIGHEST GUST SPEED    MM   HIGHEST GUST DIRECTION    MM
  AVERAGE WIND SPEED     4.9


SKY COVER
  POSSIBLE SUNSHINE  MM
  AVERAGE SKY COVER 0.0


WEATHER CONDITIONS
 THE FOLLOWING WEATHER WAS RECORDED TODAY.
  NO SIGNIFICANT WEATHER WAS OBSERVED.


RELATIVE HUMIDITY (PERCENT)
 HIGHEST    62           600 AM
 LOWEST     10           200 PM
 AVERAGE    36

..........................................................


THE WORLAND WY CLIMATE NORMALS FOR TOMORROW
                         NORMAL    RECORD    YEAR
 MAXIMUM TEMPERATURE (F)   90       102      1975
 MINIMUM TEMPERATURE (F)   56        47      1993


SUNRISE AND SUNSET
JULY 24 2017..........SUNRISE   552 AM MDT   SUNSET   844 PM MDT
JULY 25 2017..........SUNRISE   553 AM MDT   SUNSET   843 PM MDT


-  INDICATES NEGATIVE NUMBERS.
R  INDICATES RECORD WAS SET OR TIED.
MM INDICATES DATA IS MISSING.
T  INDICATES TRACE AMOUNT.




$$
