000
CDUS45 KRIW 300825
CLIWRL


CLIMATE REPORT
NATIONAL WEATHER SERVICE RIVERTON WY
156 AM MDT TUE MAY 30 2017


...................................

...THE WORLAND WY CLIMATE SUMMARY FOR MAY 29 2017...

CLIMATE NORMAL PERIOD 1981 TO 2010
CLIMATE RECORD PERIOD 1947 TO 2017


WEATHER ITEM   OBSERVED TIME   RECORD YEAR NORMAL DEPARTURE LAST
                VALUE   (LST)  VALUE       VALUE  FROM      YEAR
                                                  NORMAL
..................................................................
TEMPERATURE (F)
 YESTERDAY
  MAXIMUM         75    432 PM  94    2003  74      1       78
  MINIMUM         43    500 AM  33    1979  45     -2       44
  AVERAGE         59                        59      0       61

PRECIPITATION (IN)
  YESTERDAY        0.00          0.88 1979   0.05  -0.05     0.00
  MONTH TO DATE    0.92                      1.32  -0.40     1.42
  SINCE MAR 1      4.40                      2.64   1.76     3.73
  SINCE JAN 1      4.80                      3.06   1.74     3.76

DEGREE DAYS
 HEATING
  YESTERDAY        6                         6      0        4
  MONTH TO DATE  291                       296     -5      303
  SINCE MAR 1   1530                      1762   -232     1596
  SINCE JUL 1   7405                      7763   -358     6981

 COOLING
  YESTERDAY        0                         1     -1        0
  MONTH TO DATE    0                         3     -3        2
  SINCE MAR 1      0                         4     -4        2
  SINCE JAN 1      0                         4     -4        2
..................................................................


WIND (MPH)
  HIGHEST WIND SPEED    16   HIGHEST WIND DIRECTION     N (350)
  HIGHEST GUST SPEED    21   HIGHEST GUST DIRECTION    NW (330)
  AVERAGE WIND SPEED     6.0


SKY COVER
  POSSIBLE SUNSHINE  MM
  AVERAGE SKY COVER 0.2


WEATHER CONDITIONS
 THE FOLLOWING WEATHER WAS RECORDED YESTERDAY.
  NO SIGNIFICANT WEATHER WAS OBSERVED.


RELATIVE HUMIDITY (PERCENT)
 HIGHEST   100           400 AM
 LOWEST     19           400 PM
 AVERAGE    60

..........................................................


THE WORLAND WY CLIMATE NORMALS FOR TODAY
                         NORMAL    RECORD    YEAR
 MAXIMUM TEMPERATURE (F)   74        94      1966
 MINIMUM TEMPERATURE (F)   45        32      1982


SUNRISE AND SUNSET
MAY 30 2017...........SUNRISE   533 AM MDT   SUNSET   846 PM MDT
MAY 31 2017...........SUNRISE   532 AM MDT   SUNSET   847 PM MDT


-  INDICATES NEGATIVE NUMBERS.
R  INDICATES RECORD WAS SET OR TIED.
MM INDICATES DATA IS MISSING.
T  INDICATES TRACE AMOUNT.




$$
