000
CDUS45 KRIW 200733
CLIWRL


CLIMATE REPORT
NATIONAL WEATHER SERVICE RIVERTON WY
129 AM MDT SAT SEP 20 2014


...................................

...THE WORLAND WY CLIMATE SUMMARY FOR SEPTEMBER 19 2014...

CLIMATE NORMAL PERIOD 1981 TO 2010
CLIMATE RECORD PERIOD 1947 TO 2014


WEATHER ITEM   OBSERVED TIME   RECORD YEAR NORMAL DEPARTURE LAST
                VALUE   (LST)  VALUE       VALUE  FROM      YEAR
                                                  NORMAL
..................................................................
TEMPERATURE (F)
 YESTERDAY
  MAXIMUM         82    403 PM  93    2010  73      9       64
                                      1981
  MINIMUM         54   1156 PM  26    1965  41     13       40
  AVERAGE         68                        57     11       52

PRECIPITATION (IN)
  YESTERDAY        T             0.39 1985   0.03  -0.03     0.00
  MONTH TO DATE    0.68                      0.49   0.19     0.91
  SINCE SEP 1      0.68                      0.49   0.19     0.91
  SINCE JAN 1      6.27                      5.94   0.33     4.12

DEGREE DAYS
 HEATING
  YESTERDAY        0                         9     -9       13
  MONTH TO DATE  132                        99     33       34
  SINCE SEP 1    132                        99     33       34
  SINCE JUL 1    166                       135     31       34

 COOLING
  YESTERDAY        3                         0      3        0
  MONTH TO DATE   16                        28    -12       90
  SINCE SEP 1     16                        28    -12       90
  SINCE JAN 1    525                       534     -9      851
..................................................................


WIND (MPH)
  HIGHEST WIND SPEED    20   HIGHEST WIND DIRECTION    NW (330)
  HIGHEST GUST SPEED    24   HIGHEST GUST DIRECTION    NW (310)
  AVERAGE WIND SPEED     5.3


SKY COVER
  POSSIBLE SUNSHINE  MM
  AVERAGE SKY COVER 0.1


WEATHER CONDITIONS
 THE FOLLOWING WEATHER WAS RECORDED YESTERDAY.
  LIGHT RAIN


RELATIVE HUMIDITY (PERCENT)
 HIGHEST    93           400 AM
 LOWEST     26           200 PM
 AVERAGE    60

..........................................................


THE WORLAND WY CLIMATE NORMALS FOR TODAY
                         NORMAL    RECORD    YEAR
 MAXIMUM TEMPERATURE (F)   72        91      1984
 MINIMUM TEMPERATURE (F)   41        24      1983


SUNRISE AND SUNSET
SEPTEMBER 20 2014.....SUNRISE   657 AM MDT   SUNSET   713 PM MDT
SEPTEMBER 21 2014.....SUNRISE   658 AM MDT   SUNSET   711 PM MDT


-  INDICATES NEGATIVE NUMBERS.
R  INDICATES RECORD WAS SET OR TIED.
MM INDICATES DATA IS MISSING.
T  INDICATES TRACE AMOUNT.




$$
