000
CDAK47 PAYA 280908
CLIYAK

CLIMATE REPORT
NATIONAL WEATHER SERVICE YAKUTAT, AK
1208 AM AKST WED JAN 28 2015

...................................
...THE YAKUTAT AP CLIMATE SUMMARY FOR JANUARY 27 2015...

CLIMATE NORMAL PERIOD  1981 TO  2010
CLIMATE RECORD PERIOD  1948 TO  2015

WEATHER ITEM   OBSERVED TIME    RECORD YEAR NORMAL DEPARTURE LAST
               VALUE    (LST)   VALUE       VALUE  FROM      YEAR
                                                   NORMAL
...................................................................
TEMPERATURE
YESTERDAY
 MAXIMUM            27  1231 AM    48  2014     34      -7     48
 MINIMUM            20  0954 AM   -10  1996     22      -2     28
 AVERAGE            24                          28      -4     38

PRECIPITATION
(INCHES)
 YESTERDAY        0.00           1.96  2001   0.42   -0.42   0.01
 MONTH TO DATE   13.71                       12.06    1.65  24.82
 SINCE DEC 1     25.76                       28.34   -2.58  34.50
 SINCE JAN 1     13.71                       12.06    1.65  24.82

SNOWFALL
(INCHES)
 YESTERDAY         0.0            9.3  2012    0.9    -0.9    0.0
 MONTH TO DATE     1.3                        26.9   -25.6   21.4
 SINCE DEC 1       3.1                        50.1   -47.0   58.1
 SINCE JUL 1       8.4                        70.8   -62.4   67.3
 SNOW DEPTH (IN)     1                                          0

DEGREE DAYS
 HEATING
  YESTERDAY         41                          37       4     27
  MONTH TO DATE    777                         998    -221    768
  SINCE DEC 1     1742                        2094    -352   1928
  SINCE JUL 1     4422                        4992    -570   4538

 COOLING
  YESTERDAY          0                           0       0      0
  MONTH TO DATE      0                           0       0      0
  SINCE DEC 1        0                           0       0      0
  SINCE JAN 1        0                           0       0      0
...................................................................

WIND (MPH)
 HIGHEST WIND SPEED     7     HIGHEST WIND DIRECTION     70
 HIGHEST GUST SPEED     9     HIGHEST GUST DIRECTION     60
 AVERAGE WIND SPEED   3.1

SKY COVER
  POSSIBLE SUNSHINE    MM          AVERAGE SKY COVER     MM

WEATHER CONDITIONS
 THE FOLLOWING WEATHER WAS RECORDED YESTERDAY.
  NO SIGNIFICANT WEATHER WAS OBSERVED.

RELATIVE HUMIDITY
 HIGHEST RH     MM PERCENT       MM
 LOWEST  RH     MM PERCENT       MM
 AVERAGE RH     MM PERCENT       MM
...................................................................

THE YAKUTAT CLIMATE NORMALS FOR TODAY
                           NORMAL    RECORD   YEAR
 MAXIMUM TEMPERATURE (F)     34        44     2014
 MINIMUM TEMPERATURE (F)     22       -15     1966

SUNRISE AND SUNSET
 JAN 28 2015..........SUNRISE  8:39 AM      SUNSET  4:26 PM
 JAN 29 2015..........SUNRISE  8:37 AM      SUNSET  4:28 PM

-  INDICATES NEGATIVE NUMBERS.
R  INDICATES RECORD HAS BEEN SET OR TIED.
MM INDICATES DATA IS MISSING.
T  INDICATES TRACE OF PRECIPITATION.

&&
-------------------------------------------------------------------

AMOUNT OF DAYLIGHT TODAY  (HOUR:MIN)........7 HOURS 47 MINUTES
GAIN/LOSS SINCE YESTERDAY (HOUR:MIN:SEC)....+0:04:38

$$
*** JAN 15
