000
CDAK47 PAYA 060914 CCA
CLIYAK

CLIMATE REPORT...CORRECTED RECORD LOW AND RECORD PRECIPITATION
NATIONAL WEATHER SERVICE YAKUTAT, AK
114 AM AKDT FRI MAY 6 2016

...................................
...THE YAKUTAT AP CLIMATE SUMMARY FOR MAY 5 2016...

CLIMATE NORMAL PERIOD  1981 TO  2010
CLIMATE RECORD PERIOD  1948 TO  2016

WEATHER ITEM   OBSERVED TIME    RECORD YEAR NORMAL DEPARTURE LAST
               VALUE    (LST)   VALUE       VALUE  FROM      YEAR
                                                   NORMAL
...................................................................
TEMPERATURE
YESTERDAY
 MAXIMUM            45  0421 PM    63  2004     50      -5     54
 MINIMUM            39  0502 AM     9  1945     34       5     30
 AVERAGE            42                          42       0     42

PRECIPITATION
(INCHES)
 YESTERDAY        1.51           2.15  1921   0.26    1.25   0.00
 MONTH TO DATE    3.30                        1.39    1.91   0.09
 SINCE MAR 1     22.83                       21.62    1.21  24.68
 SINCE JAN 1     48.12                       46.14    1.98  49.05

SNOWFALL
(INCHES)
 YESTERDAY         0.0            3.1  2001    0.0     0.0    0.0
 MONTH TO DATE     0.0                         0.2    -0.2    0.0
 SINCE MAR 1       0.7                        37.6   -36.9   34.3
 SINCE JUL 1      49.9                       139.8   -89.9   47.1
 SNOW DEPTH (IN)     0                                          0

DEGREE DAYS
 HEATING
  YESTERDAY         23                          23       0     23
  MONTH TO DATE    109                         116      -7    114
  SINCE MAR 1     1574                        1954    -380   1810
  SINCE JUL 1     6912                        8083   -1171   7242

 COOLING
  YESTERDAY          0                           0       0      0
  MONTH TO DATE      0                           0       0      0
  SINCE MAR 1        0                           0       0      0
  SINCE JAN 1        0                           0       0      0
...................................................................

WIND (MPH)
 HIGHEST WIND SPEED    22     HIGHEST WIND DIRECTION    130
 HIGHEST GUST SPEED    36     HIGHEST GUST DIRECTION    120
 AVERAGE WIND SPEED  10.4

SKY COVER
  POSSIBLE SUNSHINE    MM          AVERAGE SKY COVER     MM

WEATHER CONDITIONS
 THE FOLLOWING WEATHER WAS RECORDED YESTERDAY.
  FOG
RAIN


RELATIVE HUMIDITY
 HIGHEST RH     MM PERCENT       MM
 LOWEST  RH     MM PERCENT       MM
 AVERAGE RH     MM PERCENT       MM
...................................................................

THE YAKUTAT CLIMATE NORMALS FOR TODAY
                           NORMAL    RECORD   YEAR
 MAXIMUM TEMPERATURE (F)     51        70     1981
 MINIMUM TEMPERATURE (F)     35        23     2002

SUNRISE AND SUNSET
 MAY 6 2016..........SUNRISE  5:05 AM      SUNSET  9:29 PM
 MAY 7 2016..........SUNRISE  5:02 AM      SUNSET  9:31 PM

-  INDICATES NEGATIVE NUMBERS.
R  INDICATES RECORD HAS BEEN SET OR TIED.
MM INDICATES DATA IS MISSING.
T  INDICATES TRACE OF PRECIPITATION.

&&
-------------------------------------------------------------------

AMOUNT OF DAYLIGHT TODAY  (HOUR:MIN)........16 HOURS 24 MINUTES
GAIN/LOSS SINCE YESTERDAY (HOUR:MIN:SEC)....+0:04:55

$$
*** MAY 16
