000
CDUS46 KPDT 210829
CLIYKM

CLIMATE REPORT
NATIONAL WEATHER SERVICE PENDLETON OR
1226 AM PST TUE NOV 21 2017


...................................

...THE YAKIMA WA CLIMATE SUMMARY FOR NOVEMBER 20 2017...

CLIMATE NORMAL PERIOD 1981 TO 2010
CLIMATE RECORD PERIOD 1946 TO 2017


WEATHER ITEM   OBSERVED TIME   RECORD YEAR NORMAL DEPARTURE LAST
                VALUE   (LST)  VALUE       VALUE  FROM      YEAR
                                                  NORMAL
..................................................................
TEMPERATURE (F)
 YESTERDAY
  MAXIMUM         59    208 PM  63    2002  46     13       49
  MINIMUM         36   1159 PM   1    1985  26     10       32
  AVERAGE         48                        36     12       41

PRECIPITATION (IN)
  YESTERDAY        0.08          0.41 1966   0.04   0.04     0.00
  MONTH TO DATE    0.82                      0.65   0.17     0.55
  SINCE OCT 1      1.61                      1.19   0.42     2.98
  SINCE JAN 1      9.56                      6.32   3.24     9.04

SNOWFALL (IN)
  YESTERDAY        0.0           5.2  1946   0.2   -0.2      0.0
  MONTH TO DATE    0.4                       1.5   -1.1      0.0
  SINCE JAN 1     29.5                      10.2   19.3     12.5
  SINCE JUL 1      0.4                       1.6   -1.2      0.0
  SNOW DEPTH       0

DEGREE DAYS
 HEATING
  YESTERDAY       17                        29    -12       24
  MONTH TO DATE  469                       515    -46      331
  SINCE SEP 1   1030                      1171   -141      786
  SINCE JUL 1   1030                      1219   -189      789

 COOLING
  YESTERDAY        0                         0      0        0
  MONTH TO DATE    0                         0      0        0
  SINCE SEP 1    116                        32     84       21
  SINCE JAN 1   1054                       472    582      774
..................................................................


WIND (MPH)
  HIGHEST WIND SPEED    25   HIGHEST WIND DIRECTION     W (280)
  HIGHEST GUST SPEED    31   HIGHEST GUST DIRECTION     W (280)
  AVERAGE WIND SPEED     5.2


SKY COVER
  POSSIBLE SUNSHINE  MM
  AVERAGE SKY COVER 0.4


WEATHER CONDITIONS
 THE FOLLOWING WEATHER WAS RECORDED YESTERDAY.
  LIGHT RAIN
  FOG


RELATIVE HUMIDITY (PERCENT)
 HIGHEST    92           700 AM
 LOWEST     43           300 PM
 AVERAGE    68

..........................................................


THE YAKIMA WA CLIMATE NORMALS FOR TODAY
                         NORMAL    RECORD    YEAR
 MAXIMUM TEMPERATURE (F)   45        62      1980
 MINIMUM TEMPERATURE (F)   26         0      1985


SUNRISE AND SUNSET
NOVEMBER 21 2017......SUNRISE   713 AM PST   SUNSET   423 PM PST
NOVEMBER 22 2017......SUNRISE   714 AM PST   SUNSET   422 PM PST


-  INDICATES NEGATIVE NUMBERS.
R  INDICATES RECORD WAS SET OR TIED.
MM INDICATES DATA IS MISSING.
T  INDICATES TRACE AMOUNT.




$$
