000
CDUS46 KPDT 081344 RRA
CLIYKM

CLIMATE REPORT
NATIONAL WEATHER SERVICE PENDLETON OR
1226 AM PST THU DEC 8 2016


...................................

...THE YAKIMA WA CLIMATE SUMMARY FOR DECEMBER 7 2016...

CLIMATE NORMAL PERIOD 1981 TO 2010
CLIMATE RECORD PERIOD 1946 TO 2016


WEATHER ITEM   OBSERVED TIME   RECORD YEAR NORMAL DEPARTURE LAST
                VALUE   (LST)  VALUE       VALUE  FROM      YEAR
                                                  NORMAL
..................................................................
TEMPERATURE (F)
 YESTERDAY
  MAXIMUM         33    327 PM  58    1973  37     -4       49
  MINIMUM         18   1144 PM  -2    1956  22     -4       33
  AVERAGE         26                        30     -4       41

PRECIPITATION (IN)
  YESTERDAY        0.00          0.78 2015   0.04  -0.04     0.78
  MONTH TO DATE    T                         0.34  -0.34     1.29
  SINCE OCT 1      3.05                      1.93   1.12     2.47
  SINCE JAN 1      9.11                      7.06   2.05     6.78

SNOWFALL (IN)
  YESTERDAY        0.0           4.6  1948   0.3   -0.3      0.0
  MONTH TO DATE    0.0                       2.0   -2.0      1.3
  SINCE JAN 1     12.5                      14.2   -1.7      5.9
  SINCE JUL 1      T                         5.6   -5.6      4.3
  SNOW DEPTH       0

DEGREE DAYS
 HEATING
  YESTERDAY       39                        35      4       24
  MONTH TO DATE  219                       240    -21      218
  SINCE DEC 1    219                       240    -21      218
  SINCE JUL 1   1238                      1773   -535     1332

 COOLING
  YESTERDAY        0                         0      0        0
  MONTH TO DATE    0                         0      0        0
  SINCE DEC 1      0                         0      0        0
  SINCE JAN 1    774                       472    302     1094
..................................................................


WIND (MPH)
  HIGHEST WIND SPEED    10   HIGHEST WIND DIRECTION     W (250)
  HIGHEST GUST SPEED    13   HIGHEST GUST DIRECTION     W (250)
  AVERAGE WIND SPEED     3.2


SKY COVER
  POSSIBLE SUNSHINE  MM
  AVERAGE SKY COVER 0.7


WEATHER CONDITIONS
 THE FOLLOWING WEATHER WAS RECORDED YESTERDAY.
  NO SIGNIFICANT WEATHER WAS OBSERVED.


RELATIVE HUMIDITY (PERCENT)
 HIGHEST    75          1200 AM
 LOWEST     43           100 PM
 AVERAGE    59

..........................................................


THE YAKIMA WA CLIMATE NORMALS FOR TODAY
                         NORMAL    RECORD    YEAR
 MAXIMUM TEMPERATURE (F)   37        57      2015
 MINIMUM TEMPERATURE (F)   22        -7      1972


SUNRISE AND SUNSET
DECEMBER  8 2016......SUNRISE   734 AM PST   SUNSET   415 PM PST
DECEMBER  9 2016......SUNRISE   735 AM PST   SUNSET   415 PM PST


-  INDICATES NEGATIVE NUMBERS.
R  INDICATES RECORD WAS SET OR TIED.
MM INDICATES DATA IS MISSING.
T  INDICATES TRACE AMOUNT.




$$
