000
CDUS46 KPDT 060841
CLIYKM

CLIMATE REPORT
NATIONAL WEATHER SERVICE PENDLETON OR
1225 AM PST FRI MAR 6 2015


...................................

...THE YAKIMA WA CLIMATE SUMMARY FOR MARCH 5 2015...

CLIMATE NORMAL PERIOD 1981 TO 2010
CLIMATE RECORD PERIOD 1946 TO 2015


WEATHER ITEM   OBSERVED TIME   RECORD YEAR NORMAL DEPARTURE LAST
                VALUE   (LST)  VALUE       VALUE  FROM      YEAR
                                                  NORMAL
..................................................................
TEMPERATURE (F)
 YESTERDAY
  MAXIMUM         58    351 PM  66    2014  53      5       66
  MINIMUM         24    549 AM   7    1955  28     -4       42
  AVERAGE         41                        40      1       54

PRECIPITATION (IN)
  YESTERDAY        0.00          0.56 1961   0.02  -0.02     0.43
  MONTH TO DATE    T                         0.13  -0.13     0.57
  SINCE OCT 1      3.79                      5.17  -1.38     3.13
  SINCE JAN 1      1.69                      2.05  -0.36     2.30

SNOWFALL (IN)
  YESTERDAY        0.0           4.2  1961   0.1   -0.1      0.0
  MONTH TO DATE    0.0                       0.3   -0.3      1.7
  SINCE JAN 1      1.6                       8.2   -6.6     19.9
  SINCE JUL 1      1.6                      21.2  -19.6     19.9
  SNOW DEPTH       0

DEGREE DAYS
 HEATING
  YESTERDAY       24                        25     -1       11
  MONTH TO DATE  127                       126      1      139
  SINCE MAR 1    127                       126      1      139
  SINCE JUL 1   3709                      4653   -944     4541

 COOLING
  YESTERDAY        0                         0      0        0
  MONTH TO DATE    0                         0      0        0
  SINCE MAR 1      0                         0      0        0
  SINCE JAN 1      0                         0      0        0
..................................................................


WIND (MPH)
  HIGHEST WIND SPEED    12   HIGHEST WIND DIRECTION    SE (140)
  HIGHEST GUST SPEED    18   HIGHEST GUST DIRECTION    SE (150)
  AVERAGE WIND SPEED     2.6


SKY COVER
  POSSIBLE SUNSHINE  MM
  AVERAGE SKY COVER 0.0


WEATHER CONDITIONS
 THE FOLLOWING WEATHER WAS RECORDED YESTERDAY.
  HAZE


RELATIVE HUMIDITY (PERCENT)
 HIGHEST    88           600 AM
 LOWEST     33           200 PM
 AVERAGE    61

..........................................................


THE YAKIMA WA CLIMATE NORMALS FOR TODAY
                         NORMAL    RECORD    YEAR
 MAXIMUM TEMPERATURE (F)   53        67      2005
 MINIMUM TEMPERATURE (F)   28        15      1960


SUNRISE AND SUNSET
MARCH  6 2015.........SUNRISE   632 AM PST   SUNSET   555 PM PST
MARCH  7 2015.........SUNRISE   631 AM PST   SUNSET   556 PM PST


-  INDICATES NEGATIVE NUMBERS.
R  INDICATES RECORD WAS SET OR TIED.
MM INDICATES DATA IS MISSING.
T  INDICATES TRACE AMOUNT.




$$
