000
CDUS46 KPDT 250856 RRA
CLIYKM

CLIMATE REPORT
NATIONAL WEATHER SERVICE PENDLETON OR
154 AM PDT THU AUG 25 2016


...................................

...THE YAKIMA WA CLIMATE SUMMARY FOR AUGUST 24 2016...

CLIMATE NORMAL PERIOD 1981 TO 2010
CLIMATE RECORD PERIOD 1946 TO 2016


WEATHER ITEM   OBSERVED TIME   RECORD YEAR NORMAL DEPARTURE LAST
                VALUE   (LST)  VALUE       VALUE  FROM      YEAR
                                                  NORMAL
..................................................................
TEMPERATURE (F)
 YESTERDAY
  MAXIMUM         91    321 PM 100    1958  85      6       87
  MINIMUM         52    531 AM  37    1993  50      2       54
  AVERAGE         72                        68      4       71

PRECIPITATION (IN)
  YESTERDAY        0.00          0.56 1968   0.01  -0.01     0.00
  MONTH TO DATE    T                         0.19  -0.19      T
  SINCE OCT 1     10.54                      7.82   2.72     6.39
  SINCE JAN 1      5.89                      4.70   1.19     4.29

SNOWFALL (IN)
  YESTERDAY        0.0           0.0  2002   0.0    0.0      0.0
                                      2001
                                      1999
  MONTH TO DATE    0.0                       0.0    0.0      0.0
  SINCE JAN 1     12.5                       8.6    3.9      1.6
  SINCE JUL 1      0.0                       0.0    0.0      0.0
  SNOW DEPTH       0

DEGREE DAYS
 HEATING
  YESTERDAY        0                         1     -1        0
  MONTH TO DATE    3                        17    -14        1
  SINCE JUN 1     71                       136    -65        4
  SINCE JUL 1      3                        38    -35        1

 COOLING
  YESTERDAY        7                         4      3        6
  MONTH TO DATE  208                       138     70      235
  SINCE JUN 1    667                       398    269      924
  SINCE JAN 1    706                       418    288     1016
..................................................................


WIND (MPH)
  HIGHEST WIND SPEED    18   HIGHEST WIND DIRECTION     N (10)
  HIGHEST GUST SPEED    25   HIGHEST GUST DIRECTION    NE (30)
  AVERAGE WIND SPEED     7.5


SKY COVER
  POSSIBLE SUNSHINE  MM
  AVERAGE SKY COVER 0.2


WEATHER CONDITIONS
 THE FOLLOWING WEATHER WAS RECORDED YESTERDAY.
  NO SIGNIFICANT WEATHER WAS OBSERVED.


RELATIVE HUMIDITY (PERCENT)
 HIGHEST    66           500 AM
 LOWEST     15           200 PM
 AVERAGE    41

..........................................................


THE YAKIMA WA CLIMATE NORMALS FOR TODAY
                         NORMAL    RECORD    YEAR
 MAXIMUM TEMPERATURE (F)   85       100      1996
 MINIMUM TEMPERATURE (F)   50        36      1993


SUNRISE AND SUNSET
AUGUST 25 2016........SUNRISE   614 AM PDT   SUNSET   753 PM PDT
AUGUST 26 2016........SUNRISE   615 AM PDT   SUNSET   751 PM PDT


-  INDICATES NEGATIVE NUMBERS.
R  INDICATES RECORD WAS SET OR TIED.
MM INDICATES DATA IS MISSING.
T  INDICATES TRACE AMOUNT.




$$
