000
CDUS46 KPDT 270948
CLIYKM

CLIMATE REPORT
NATIONAL WEATHER SERVICE PENDLETON OR
248 AM PDT FRI MAR 27 2015


...................................

...THE YAKIMA WA CLIMATE SUMMARY FOR MARCH 26 2015...

CLIMATE NORMAL PERIOD 1981 TO 2010
CLIMATE RECORD PERIOD 1946 TO 2015


WEATHER ITEM   OBSERVED TIME   RECORD YEAR NORMAL DEPARTURE LAST
                VALUE   (LST)  VALUE       VALUE  FROM      YEAR
                                                  NORMAL
..................................................................
TEMPERATURE (F)
 YESTERDAY
  MAXIMUM         74R   324 PM  71    1994  59     15       56
                                      1952
  MINIMUM         39    605 AM  22    1990  32      7       31
                                      1985
                                      1975
  AVERAGE         57                        46     11       44

PRECIPITATION (IN)
  YESTERDAY        0.00          0.31 1985   0.01  -0.01      T
  MONTH TO DATE    0.73                      0.54   0.19     0.57
  SINCE OCT 1      4.52                      5.58  -1.06     3.13
  SINCE JAN 1      2.42                      2.46  -0.04     2.30

SNOWFALL (IN)
  YESTERDAY        0.0           2.0  1971   0.0    0.0      0.0
  MONTH TO DATE    0.0                       0.7   -0.7      1.7
  SINCE JAN 1      1.6                       8.6   -7.0     19.9
  SINCE JUL 1      1.6                      21.6  -20.0     19.9
  SNOW DEPTH       0

DEGREE DAYS
 HEATING
  YESTERDAY        8                        19    -11       21
  MONTH TO DATE  407                       581   -174      531
  SINCE MAR 1    407                       581   -174      531
  SINCE JUL 1   3989                      5108  -1119     4933

 COOLING
  YESTERDAY        0                         0      0        0
  MONTH TO DATE    0                         0      0        0
  SINCE MAR 1      0                         0      0        0
  SINCE JAN 1      0                         0      0        0
..................................................................


WIND (MPH)
  HIGHEST WIND SPEED    10   HIGHEST WIND DIRECTION     W (270)
  HIGHEST GUST SPEED    12   HIGHEST GUST DIRECTION     W (270)
  AVERAGE WIND SPEED     4.6


SKY COVER
  POSSIBLE SUNSHINE  MM
  AVERAGE SKY COVER 0.0


WEATHER CONDITIONS
 THE FOLLOWING WEATHER WAS RECORDED YESTERDAY.
  NO SIGNIFICANT WEATHER WAS OBSERVED.


RELATIVE HUMIDITY (PERCENT)
 HIGHEST    89           300 AM
 LOWEST     41           200 PM
 AVERAGE    65

..........................................................


THE YAKIMA WA CLIMATE NORMALS FOR TODAY
                         NORMAL    RECORD    YEAR
 MAXIMUM TEMPERATURE (F)   60        75      1994
 MINIMUM TEMPERATURE (F)   32        19      1975


SUNRISE AND SUNSET
MARCH 27 2015.........SUNRISE   652 AM PDT   SUNSET   724 PM PDT
MARCH 28 2015.........SUNRISE   650 AM PDT   SUNSET   726 PM PDT


-  INDICATES NEGATIVE NUMBERS.
R  INDICATES RECORD WAS SET OR TIED.
MM INDICATES DATA IS MISSING.
T  INDICATES TRACE AMOUNT.




$$
