000
CDUS46 KPDT 300840
CLIYKM

CLIMATE REPORT
NATIONAL WEATHER SERVICE PENDLETON OR
139 AM PDT THU OCT 30 2014


...................................

...THE YAKIMA WA CLIMATE SUMMARY FOR OCTOBER 29 2014...

CLIMATE NORMAL PERIOD 1981 TO 2010
CLIMATE RECORD PERIOD 1946 TO 2014


WEATHER ITEM   OBSERVED TIME   RECORD YEAR NORMAL DEPARTURE LAST
                VALUE   (LST)  VALUE       VALUE  FROM      YEAR
                                                  NORMAL
..................................................................
TEMPERATURE (F)
 YESTERDAY
  MAXIMUM         62    316 PM  70    2012  57      5       55
                                      1962
  MINIMUM         36    450 AM  11    1971  31      5       22
  AVERAGE         49                        44      5       39

PRECIPITATION (IN)
  YESTERDAY        T             0.35 1950   0.03  -0.03     0.00
  MONTH TO DATE    0.47                      0.49  -0.02     0.13
  SINCE OCT 1      0.47                      0.49  -0.02     0.13
  SINCE JAN 1      4.89                      5.62  -0.73     4.79

SNOWFALL (IN)
  YESTERDAY       MM             T    2002   0.0   MM        0.0
  MONTH TO DATE    0.0                       0.1   -0.1      0.0
  SINCE JAN 1     19.9                       8.7   11.2      1.1
  SINCE JUL 1      0.0                       0.1   -0.1      0.0
  SNOW DEPTH      MM

DEGREE DAYS
 HEATING
  YESTERDAY       16                        21     -5       26
  MONTH TO DATE  268                       453   -185      450
  SINCE SEP 1    338                       613   -275      575
  SINCE JUL 1    344                       661   -317      575

 COOLING
  YESTERDAY        0                         0      0        0
  MONTH TO DATE    8                         0      8        0
  SINCE SEP 1     44                        32     12      135
  SINCE JAN 1    871                       472    399      970
..................................................................


WIND (MPH)
  HIGHEST WIND SPEED     9   HIGHEST WIND DIRECTION    NW (310)
  HIGHEST GUST SPEED    10   HIGHEST GUST DIRECTION    NW (310)
  AVERAGE WIND SPEED     2.9


SKY COVER
  POSSIBLE SUNSHINE  MM
  AVERAGE SKY COVER 0.6


WEATHER CONDITIONS
 THE FOLLOWING WEATHER WAS RECORDED YESTERDAY.
  LIGHT RAIN
  FOG
  FOG W/VISIBILITY <= 1/4 MILE


RELATIVE HUMIDITY (PERCENT)
 HIGHEST   100           900 AM
 LOWEST     64           200 PM
 AVERAGE    82

..........................................................


THE YAKIMA WA CLIMATE NORMALS FOR TODAY
                         NORMAL    RECORD    YEAR
 MAXIMUM TEMPERATURE (F)   57        70      1967
 MINIMUM TEMPERATURE (F)   31         9      2002


SUNRISE AND SUNSET
OCTOBER 30 2014.......SUNRISE   741 AM PDT   SUNSET   550 PM PDT
OCTOBER 31 2014.......SUNRISE   743 AM PDT   SUNSET   548 PM PDT


-  INDICATES NEGATIVE NUMBERS.
R  INDICATES RECORD WAS SET OR TIED.
MM INDICATES DATA IS MISSING.
T  INDICATES TRACE AMOUNT.




$$
