000
CDUS46 KPDT 300103 RRA
CLIYKM

CLIMATE REPORT
NATIONAL WEATHER SERVICE PENDLETON OR
601 PM PDT MON MAY 29 2017


...................................

...THE YAKIMA WA CLIMATE SUMMARY FOR MAY 29 2017...
VALID TODAY AS OF 0500 PM LOCAL TIME.

CLIMATE NORMAL PERIOD 1981 TO 2010
CLIMATE RECORD PERIOD 1946 TO 2017


WEATHER ITEM   OBSERVED TIME   RECORD YEAR NORMAL DEPARTURE LAST
                VALUE   (LST)  VALUE       VALUE  FROM      YEAR
                                                  NORMAL
..................................................................
TEMPERATURE (F)
 TODAY
  MAXIMUM         95    357 PM 101    1983  76     19       79
  MINIMUM         55    406 AM  29    2001  45     10       44
  AVERAGE         75                        60     15       62

PRECIPITATION (IN)
  TODAY            0.00          0.31 2013   0.02  -0.02     0.00
  MONTH TO DATE    0.46                      0.54  -0.08     0.64
  SINCE OCT 1     11.21                      6.75   4.46    10.10
  SINCE JAN 1      7.29                      3.63   3.66     5.45

SNOWFALL (IN)
  TODAY            0.0           0.0  2002   0.0    0.0      0.0
                                      2001
                                      2000
  MONTH TO DATE    0.0                       0.0    0.0      0.0
  SINCE JAN 1     29.1                       8.6   20.5     12.5
  SINCE JUL 1     36.5                      21.6   14.9     31.4
  SNOW DEPTH       0

DEGREE DAYS
 HEATING
  TODAY            0                         6     -6        3
  MONTH TO DATE  165                       251    -86       78
  SINCE MAR 1   1191                      1406   -215      833
  SINCE JUL 1   5620                      5933   -313     4583

 COOLING
  TODAY           10                         1      9        0
  MONTH TO DATE   44                        18     26       33
  SINCE MAR 1     44                        19     25       39
  SINCE JAN 1     44                        19     25       39
..................................................................


WIND (MPH)
  HIGHEST WIND SPEED    10   HIGHEST WIND DIRECTION    SE (150)
  HIGHEST GUST SPEED    16   HIGHEST GUST DIRECTION     W (290)
  AVERAGE WIND SPEED     6.2


SKY COVER
  POSSIBLE SUNSHINE  MM
  AVERAGE SKY COVER 0.0


WEATHER CONDITIONS
 THE FOLLOWING WEATHER WAS RECORDED TODAY.
  NO SIGNIFICANT WEATHER WAS OBSERVED.


RELATIVE HUMIDITY (PERCENT)
 HIGHEST    72           300 AM
 LOWEST     17           400 PM
 AVERAGE    45

..........................................................


THE YAKIMA WA CLIMATE NORMALS FOR TOMORROW
                         NORMAL    RECORD    YEAR
 MAXIMUM TEMPERATURE (F)   76       102      1986
 MINIMUM TEMPERATURE (F)   46        33      1988


SUNRISE AND SUNSET
MAY 29 2017...........SUNRISE   514 AM PDT   SUNSET   845 PM PDT
MAY 30 2017...........SUNRISE   514 AM PDT   SUNSET   846 PM PDT


-  INDICATES NEGATIVE NUMBERS.
R  INDICATES RECORD WAS SET OR TIED.
MM INDICATES DATA IS MISSING.
T  INDICATES TRACE AMOUNT.




$$
