000
CDUS46 KPDT 280836
CLIYKM

CLIMATE REPORT
NATIONAL WEATHER SERVICE PENDLETON OR
125 AM PDT MON JUL 28 2014


...................................

...THE YAKIMA WA CLIMATE SUMMARY FOR JULY 27 2014...

CLIMATE NORMAL PERIOD 1981 TO 2010
CLIMATE RECORD PERIOD 1946 TO 2014


WEATHER ITEM   OBSERVED TIME   RECORD YEAR NORMAL DEPARTURE LAST
                VALUE   (LST)  VALUE       VALUE  FROM      YEAR
                                                  NORMAL
..................................................................
TEMPERATURE (F)
 YESTERDAY
  MAXIMUM         96    315 PM 106    1998  90      6       94
  MINIMUM         56    519 AM  45    1986  55      1       60
                                      1955
  AVERAGE         76                        72      4       77

PRECIPITATION (IN)
  YESTERDAY        0.00          0.16 1947   0.01  -0.01     0.00
  MONTH TO DATE    0.06                      0.20  -0.14      T
  SINCE OCT 1      3.89                      7.61  -3.72     7.97
  SINCE JAN 1      3.06                      4.49  -1.43     4.17

SNOWFALL (IN)
  YESTERDAY        0.0           0.0  2002   0.0    0.0      0.0
                                      2001
                                      2000
  MONTH TO DATE    0.0                       0.0    0.0      0.0
  SINCE JAN 1     19.9                       8.6   11.3      1.1
  SINCE JUL 1      0.0                       0.0    0.0      0.0
  SNOW DEPTH       0

DEGREE DAYS
 HEATING
  YESTERDAY        0                         0      0        0
  MONTH TO DATE    5                        19    -14        0
  SINCE JUN 1     35                       117    -82       39
  SINCE JUL 1      5                        19    -14        0

 COOLING
  YESTERDAY       11                         7      4       12
  MONTH TO DATE  330                       162    168      356
  SINCE JUN 1    432                       227    205      472
  SINCE JAN 1    455                       247    208      524
..................................................................


WIND (MPH)
  HIGHEST WIND SPEED    13   HIGHEST WIND DIRECTION    NW (310)
  HIGHEST GUST SPEED    14   HIGHEST GUST DIRECTION    NW (320)
  AVERAGE WIND SPEED     6.0


SKY COVER
  POSSIBLE SUNSHINE  MM
  AVERAGE SKY COVER 0.0


WEATHER CONDITIONS
 THE FOLLOWING WEATHER WAS RECORDED YESTERDAY.
  NO SIGNIFICANT WEATHER WAS OBSERVED.


RELATIVE HUMIDITY (PERCENT)
 HIGHEST    77           500 AM
 LOWEST     16           400 PM
 AVERAGE    47

..........................................................


THE YAKIMA WA CLIMATE NORMALS FOR TODAY
                         NORMAL    RECORD    YEAR
 MAXIMUM TEMPERATURE (F)   90       105      1998
                                             1971
 MINIMUM TEMPERATURE (F)   55        42      1955
                                             1954


SUNRISE AND SUNSET
JULY 28 2014..........SUNRISE   538 AM PDT   SUNSET   838 PM PDT
JULY 29 2014..........SUNRISE   539 AM PDT   SUNSET   837 PM PDT


-  INDICATES NEGATIVE NUMBERS.
R  INDICATES RECORD WAS SET OR TIED.
MM INDICATES DATA IS MISSING.
T  INDICATES TRACE AMOUNT.




$$
