000
CDUS46 KPDT 260828 RRA
CLIYKM

CLIMATE REPORT
NATIONAL WEATHER SERVICE PENDLETON OR
126 AM PDT WED JUL 26 2017


...................................

...THE YAKIMA WA CLIMATE SUMMARY FOR JULY 25 2017...

CLIMATE NORMAL PERIOD 1981 TO 2010
CLIMATE RECORD PERIOD 1946 TO 2017


WEATHER ITEM   OBSERVED TIME   RECORD YEAR NORMAL DEPARTURE LAST
                VALUE   (LST)  VALUE       VALUE  FROM      YEAR
                                                  NORMAL
..................................................................
TEMPERATURE (F)
 YESTERDAY
  MAXIMUM         97    504 PM 102    2016  90      7      102
                                      2013
  MINIMUM         59    458 AM  42    1949  55      4       61
  AVERAGE         78                        72      6       82

PRECIPITATION (IN)
  YESTERDAY        0.00          0.29 2011   0.01  -0.01     0.00
  MONTH TO DATE    0.00                      0.19  -0.19     0.22
  SINCE OCT 1     11.49                      7.60   3.89    10.54
  SINCE JAN 1      7.57                      4.48   3.09     5.89

SNOWFALL (IN)
  YESTERDAY        0.0           0.0  2002   0.0    0.0      0.0
                                      2001
                                      2000
  MONTH TO DATE    0.0                       0.0    0.0      0.0
  SINCE JAN 1     29.1                       8.6   20.5     12.5
  SINCE JUL 1      0.0                       0.0    0.0      0.0
  SNOW DEPTH       0

DEGREE DAYS
 HEATING
  YESTERDAY        0                         0      0        0
  MONTH TO DATE    0                        19    -19        0
  SINCE JUN 1     51                       117    -66       68
  SINCE JUL 1      0                        19    -19        0

 COOLING
  YESTERDAY       13                         7      6       17
  MONTH TO DATE  293                       148    145      163
  SINCE JUN 1    439                       213    226      348
  SINCE JAN 1    496                       233    263      387
..................................................................


WIND (MPH)
  HIGHEST WIND SPEED    14   HIGHEST WIND DIRECTION     N (360)
  HIGHEST GUST SPEED    17   HIGHEST GUST DIRECTION     N (360)
  AVERAGE WIND SPEED     5.7


SKY COVER
  POSSIBLE SUNSHINE  MM
  AVERAGE SKY COVER 0.0


WEATHER CONDITIONS
 THE FOLLOWING WEATHER WAS RECORDED YESTERDAY.
  NO SIGNIFICANT WEATHER WAS OBSERVED.


RELATIVE HUMIDITY (PERCENT)
 HIGHEST    65           600 AM
 LOWEST     14           300 PM
 AVERAGE    40

..........................................................


THE YAKIMA WA CLIMATE NORMALS FOR TODAY
                         NORMAL    RECORD    YEAR
 MAXIMUM TEMPERATURE (F)   90       103      1998
 MINIMUM TEMPERATURE (F)   55        42      1953


SUNRISE AND SUNSET
JULY 26 2017..........SUNRISE   536 AM PDT   SUNSET   840 PM PDT
JULY 27 2017..........SUNRISE   537 AM PDT   SUNSET   839 PM PDT


-  INDICATES NEGATIVE NUMBERS.
R  INDICATES RECORD WAS SET OR TIED.
MM INDICATES DATA IS MISSING.
T  INDICATES TRACE AMOUNT.




$$
