000
CDUS46 KPDT 050040 CCA
CLIYKM

CLIMATE REPORT
NATIONAL WEATHER SERVICE PENDLETON OR
540 PM PDT FRI SEP 4 2015


...................................

...THE YAKIMA WA CLIMATE SUMMARY FOR SEPTEMBER 4 2015...
VALID TODAY AS OF 0500 PM LOCAL TIME.

CLIMATE NORMAL PERIOD 1981 TO 2010
CLIMATE RECORD PERIOD 1946 TO 2015


WEATHER ITEM   OBSERVED TIME   RECORD YEAR NORMAL DEPARTURE LAST
                VALUE   (LST)  VALUE       VALUE  FROM      YEAR
                                                  NORMAL
..................................................................
TEMPERATURE (F)
 TODAY
  MAXIMUM         71    324 PM  98    1988  82    -11       79
  MINIMUM         40    325 AM  35    1996  47     -7       43
  AVERAGE         56                        64     -8       61

PRECIPITATION (IN)
  TODAY            T             0.08 2007   0.01  -0.01     0.00
  MONTH TO DATE    T                         0.05  -0.05      T
  SINCE OCT 1      6.40                      7.94  -1.54     4.79
  SINCE JAN 1      4.30                      4.82  -0.52     3.96

SNOWFALL (IN)
  TODAY           0.0             0.0 2002    0.0   0.0       0.0
                                      2001
                                      1999
  MONTH TO DATE    0.0                       0.0    0.0      0.0
  SINCE JAN 1      1.6                       8.6   -7.0     19.9
  SINCE JUL 1      0.0                       0.0    0.0      0.0
  SNOW DEPTH       0

DEGREE DAYS
 HEATING
  TODAY            9                         3      6        4
  MONTH TO DATE   20                         9     11       10
  SINCE SEP 1     20                         9     11       10
  SINCE JUL 1     21                        57    -36       16

 COOLING
  TODAY            0                         2     -2        0
  MONTH TO DATE    0                         8     -8        0
  SINCE SEP 1      0                         8     -8        0
  SINCE JAN 1   1057                       448    609      827
..................................................................


WIND (MPH)
  HIGHEST WIND SPEED    14   HIGHEST WIND DIRECTION     W (290)
  HIGHEST GUST SPEED    16   HIGHEST GUST DIRECTION    NW (300)
  AVERAGE WIND SPEED     6.0


SKY COVER
  POSSIBLE SUNSHINE  MM
  AVERAGE SKY COVER 0.6


WEATHER CONDITIONS
 THE FOLLOWING WEATHER WAS RECORDED TODAY.
  NO SIGNIFICANT WEATHER WAS OBSERVED.


RELATIVE HUMIDITY (PERCENT)
 HIGHEST    73           300 AM
 LOWEST     28           300 PM
 AVERAGE    51

..........................................................


THE YAKIMA WA CLIMATE NORMALS FOR TOMORROW
                         NORMAL    RECORD    YEAR
 MAXIMUM TEMPERATURE (F)   82        97      2006
                                             1955
 MINIMUM TEMPERATURE (F)   47        35      1996


SUNRISE AND SUNSET
SEPTEMBER  4 2015.....SUNRISE   626 AM PDT   SUNSET   736 PM PDT
SEPTEMBER  5 2015.....SUNRISE   627 AM PDT   SUNSET   734 PM PDT


-  INDICATES NEGATIVE NUMBERS.
R  INDICATES RECORD WAS SET OR TIED.
MM INDICATES DATA IS MISSING.
T  INDICATES TRACE AMOUNT.

$$
