000
CDUS46 KPDT 290829
CLIYKM

CLIMATE REPORT
NATIONAL WEATHER SERVICE PENDLETON OR
126 AM PDT FRI MAY 29 2015


...................................

...THE YAKIMA WA CLIMATE SUMMARY FOR MAY 28 2015...

CLIMATE NORMAL PERIOD 1981 TO 2010
CLIMATE RECORD PERIOD 1946 TO 2015


WEATHER ITEM   OBSERVED TIME   RECORD YEAR NORMAL DEPARTURE LAST
                VALUE   (LST)  VALUE       VALUE  FROM      YEAR
                                                  NORMAL
..................................................................
TEMPERATURE (F)
 YESTERDAY
  MAXIMUM         89    413 PM  97    1983  76     13       73
  MINIMUM         54    349 AM  29    1976  45      9       41
  AVERAGE         72                        60     12       57

PRECIPITATION (IN)
  YESTERDAY        0.00          0.39 1948   0.03  -0.03      T
  MONTH TO DATE    1.80                      0.52   1.28     0.13
  SINCE OCT 1      6.32                      6.73  -0.41     3.75
  SINCE JAN 1      4.22                      3.61   0.61     2.92

SNOWFALL (IN)
  YESTERDAY        0.0           0.0  2002   0.0    0.0      0.0
                                      2001
                                      2000
  MONTH TO DATE    0.0                       0.0    0.0      0.0
  SINCE JAN 1      1.6                       8.6   -7.0     19.9
  SINCE JUL 1      1.6                      21.6  -20.0     19.9
  SNOW DEPTH       0

DEGREE DAYS
 HEATING
  YESTERDAY        0                         6     -6        8
  MONTH TO DATE   86                       245   -159      141
  SINCE MAR 1    925                      1400   -475     1156
  SINCE JUL 1   4507                      5927  -1420     5558

 COOLING
  YESTERDAY        7                         1      6        0
  MONTH TO DATE   64                        17     47       19
  SINCE MAR 1     64                        18     46       19
  SINCE JAN 1     64                        18     46       19
..................................................................


WIND (MPH)
  HIGHEST WIND SPEED    18   HIGHEST WIND DIRECTION     N (350)
  HIGHEST GUST SPEED    26   HIGHEST GUST DIRECTION     N (10)
  AVERAGE WIND SPEED     5.0


SKY COVER
  POSSIBLE SUNSHINE  MM
  AVERAGE SKY COVER 0.1


WEATHER CONDITIONS
 THE FOLLOWING WEATHER WAS RECORDED YESTERDAY.
  NO SIGNIFICANT WEATHER WAS OBSERVED.


RELATIVE HUMIDITY (PERCENT)
 HIGHEST    77           100 AM
 LOWEST     21           200 PM
 AVERAGE    49

..........................................................


THE YAKIMA WA CLIMATE NORMALS FOR TODAY
                         NORMAL    RECORD    YEAR
 MAXIMUM TEMPERATURE (F)   76       101      1983
 MINIMUM TEMPERATURE (F)   45        29      2001


SUNRISE AND SUNSET
MAY 29 2015...........SUNRISE   515 AM PDT   SUNSET   845 PM PDT
MAY 30 2015...........SUNRISE   514 AM PDT   SUNSET   846 PM PDT


-  INDICATES NEGATIVE NUMBERS.
R  INDICATES RECORD WAS SET OR TIED.
MM INDICATES DATA IS MISSING.
T  INDICATES TRACE AMOUNT.




$$
