000
CDUS41 KCLE 010526
CLIYNG


CLIMATE REPORT
NATIONAL WEATHER SERVICE CLEVELAND OH
1225 AM EST SUN FEB 1 2015


...................................

...THE YOUNGSTOWN OH CLIMATE SUMMARY FOR JANUARY 31 2015...

CLIMATE NORMAL PERIOD 1981 TO 2010
CLIMATE RECORD PERIOD 1897 TO 2015


WEATHER ITEM   OBSERVED TIME   RECORD YEAR NORMAL DEPARTURE LAST
                VALUE   (LST)  VALUE       VALUE  FROM      YEAR
                                                  NORMAL
..................................................................
TEMPERATURE (F)
 YESTERDAY
  MAXIMUM         28   1159 PM  61    2002  33     -5       34
  MINIMUM          2    429 AM  -9    1948  19    -17       29
  AVERAGE         15                        26    -11       32

PRECIPITATION (IN)
  YESTERDAY        0.00                      0.08  -0.08     0.02
  MONTH TO DATE    3.16                      2.55   0.61     2.43
  SINCE DEC 1      5.48                      5.54  -0.06     5.95
  SINCE JAN 1      3.16                      2.55   0.61     2.43

SNOWFALL (IN)
  YESTERDAY        0.0                       0.5   -0.5      0.2
  MONTH TO DATE   29.3                      16.6   12.7     23.0
  SINCE DEC 1     30.0                      31.6   -1.6     43.5
  SINCE JUL 1     41.6                      36.0    5.6     57.6
  SNOW DEPTH       8

DEGREE DAYS
 HEATING
  YESTERDAY       50                        39     11       33
  MONTH TO DATE 1343                      1215    128     1395
  SINCE DEC 1   2276                      2294    -18     2457
  SINCE JUL 1   3686                      3623     63     3839

 COOLING
  YESTERDAY        0                         0      0        0
  MONTH TO DATE    0                         0      0        0
  SINCE DEC 1      0                         0      0        0
  SINCE JAN 1      0                         0      0        0
..................................................................


WIND (MPH)
  HIGHEST WIND SPEED    16   HIGHEST WIND DIRECTION    SW (230)
  HIGHEST GUST SPEED    21   HIGHEST GUST DIRECTION    SW (240)
  AVERAGE WIND SPEED     7.1


SKY COVER
  POSSIBLE SUNSHINE  MM
  AVERAGE SKY COVER 0.7


WEATHER CONDITIONS
 THE FOLLOWING WEATHER WAS RECORDED YESTERDAY.
  NO SIGNIFICANT WEATHER WAS OBSERVED.


RELATIVE HUMIDITY (PERCENT)
 HIGHEST    91           200 AM
 LOWEST     60           200 PM
 AVERAGE    76

..........................................................


THE YOUNGSTOWN OH CLIMATE NORMALS FOR TODAY
                         NORMAL    RECORD    YEAR
 MAXIMUM TEMPERATURE (F)   33        60      1989
 MINIMUM TEMPERATURE (F)   19        -7      1971


SUNRISE AND SUNSET
FEBRUARY  1 2015......SUNRISE   734 AM EST   SUNSET   539 PM EST
FEBRUARY  2 2015......SUNRISE   733 AM EST   SUNSET   540 PM EST


-  INDICATES NEGATIVE NUMBERS.
R  INDICATES RECORD WAS SET OR TIED.
MM INDICATES DATA IS MISSING.
T  INDICATES TRACE AMOUNT.




$$
