000
CDUS41 KPBZ 200702
CLIZZV


CLIMATE REPORT
NATIONAL WEATHER SERVICE PITTSBURGH PA
301 AM EDT MON OCT 20 2014


...................................

...THE ZANESVILLE OH CLIMATE SUMMARY FOR OCTOBER 19 2014...

CLIMATE NORMAL PERIOD 1981 TO 2010
CLIMATE RECORD PERIOD 1946 TO 2014


WEATHER ITEM   OBSERVED TIME   RECORD YEAR NORMAL DEPARTURE LAST
                VALUE   (LST)  VALUE       VALUE  FROM      YEAR
                                                  NORMAL
..................................................................
TEMPERATURE (F)
 YESTERDAY
  MAXIMUM         55    328 PM  84    1953  64     -9       53
  MINIMUM         37   1159 PM  27    1992  41     -4       40
  AVERAGE         46                        52     -6       47

PRECIPITATION (IN)
  YESTERDAY        0.00         MM      MM   0.08  -0.08     0.09
  MONTH TO DATE    2.04                      1.63   0.41     1.86
  SINCE JUN 1     16.99                     15.70   1.29    20.56
  SINCE JAN 1     31.32                     31.16   0.16    31.15

DEGREE DAYS
 HEATING
  YESTERDAY       19                        13      6       18
  MONTH TO DATE  182                       199    -17       97
  SINCE SEP 1    282                       297    -15      187
  SINCE JUL 1    303                       308     -5      196

 COOLING
  YESTERDAY        0                         0      0        0
  MONTH TO DATE    4                         7     -3       33
  SINCE SEP 1     86                        89     -3      123
  SINCE JAN 1    727                       766    -39      856
..................................................................


WIND (MPH)
  HIGHEST WIND SPEED    13   HIGHEST WIND DIRECTION    NW (310)
  HIGHEST GUST SPEED    17   HIGHEST GUST DIRECTION    NW (320)
  AVERAGE WIND SPEED     5.4


SKY COVER
  POSSIBLE SUNSHINE  MM
  AVERAGE SKY COVER 0.4


WEATHER CONDITIONS
 THE FOLLOWING WEATHER WAS RECORDED YESTERDAY.
  NO SIGNIFICANT WEATHER WAS OBSERVED.


RELATIVE HUMIDITY (PERCENT)
 HIGHEST    83           200 AM
 LOWEST     45           500 PM
 AVERAGE    64

..........................................................


THE ZANESVILLE OH CLIMATE NORMALS FOR TODAY
                         NORMAL    RECORD    YEAR
 MAXIMUM TEMPERATURE (F)   63        83      1953
 MINIMUM TEMPERATURE (F)   40        20      1972


SUNRISE AND SUNSET
OCTOBER 20 2014.......SUNRISE   743 AM EDT   SUNSET   641 PM EDT
OCTOBER 21 2014.......SUNRISE   744 AM EDT   SUNSET   639 PM EDT


-  INDICATES NEGATIVE NUMBERS.
R  INDICATES RECORD WAS SET OR TIED.
MM INDICATES DATA IS MISSING.
T  INDICATES TRACE AMOUNT.




$$
