000
CDUS41 KPBZ 182113
CLIZZV


CLIMATE REPORT
NATIONAL WEATHER SERVICE PITTSBURGH PA
512 PM EDT THU SEP 18 2014


...................................

...THE ZANESVILLE OH CLIMATE SUMMARY FOR SEPTEMBER 18 2014...
VALID TODAY AS OF 0500 PM LOCAL TIME.

CLIMATE NORMAL PERIOD 1981 TO 2010
CLIMATE RECORD PERIOD 1946 TO 2014


WEATHER ITEM   OBSERVED TIME   RECORD YEAR NORMAL DEPARTURE LAST
                VALUE   (LST)  VALUE       VALUE  FROM      YEAR
                                                  NORMAL
..................................................................
TEMPERATURE (F)
 TODAY
  MAXIMUM         71    343 PM  94    1955  75     -4       70
  MINIMUM         48    546 AM  30    1959  52     -4       50
  AVERAGE         60                        64     -4       60

PRECIPITATION (IN)
  TODAY            0.00         MM      MM   0.10  -0.10     0.00
  MONTH TO DATE    0.72                      1.80  -1.08     0.32
  SINCE JUN 1     14.57                     12.86   1.71    17.74
  SINCE JAN 1     28.90                     28.32   0.58    28.33

DEGREE DAYS
 HEATING
  TODAY            5                         3      2        5
  MONTH TO DATE   55                        32     23       41
  SINCE SEP 1     55                        32     23       41
  SINCE JUL 1     76                        43     33       50

 COOLING
  TODAY            0                         2     -2        0
  MONTH TO DATE   70                        63      7       78
  SINCE SEP 1     70                        63      7       78
  SINCE JAN 1    711                       740    -29      811
..................................................................


WIND (MPH)
  HIGHEST WIND SPEED    14   HIGHEST WIND DIRECTION    NE (50)
  HIGHEST GUST SPEED    18   HIGHEST GUST DIRECTION     N (20)
  AVERAGE WIND SPEED     3.9


SKY COVER
  POSSIBLE SUNSHINE  MM
  AVERAGE SKY COVER 0.4


WEATHER CONDITIONS
 THE FOLLOWING WEATHER WAS RECORDED TODAY.
  FOG
  HAZE


RELATIVE HUMIDITY (PERCENT)
 HIGHEST    93           300 AM
 LOWEST     37          1200 PM
 AVERAGE    65

..........................................................


THE ZANESVILLE OH CLIMATE NORMALS FOR TOMORROW
                         NORMAL    RECORD    YEAR
 MAXIMUM TEMPERATURE (F)   75        90      1955
 MINIMUM TEMPERATURE (F)   52        35      1959


SUNRISE AND SUNSET
SEPTEMBER 18 2014.....SUNRISE   711 AM EDT   SUNSET   731 PM EDT
SEPTEMBER 19 2014.....SUNRISE   712 AM EDT   SUNSET   730 PM EDT


-  INDICATES NEGATIVE NUMBERS.
R  INDICATES RECORD WAS SET OR TIED.
MM INDICATES DATA IS MISSING.
T  INDICATES TRACE AMOUNT.




$$
