000
CDUS41 KPBZ 310814
CLIZZV


CLIMATE REPORT
NATIONAL WEATHER SERVICE PITTSBURGH PA
314 AM EST SAT JAN 31 2015


...................................

...THE ZANESVILLE OH CLIMATE SUMMARY FOR JANUARY 30 2015...

CLIMATE NORMAL PERIOD 1981 TO 2010
CLIMATE RECORD PERIOD 1946 TO 2015


WEATHER ITEM   OBSERVED TIME   RECORD YEAR NORMAL DEPARTURE LAST
                VALUE   (LST)  VALUE       VALUE  FROM      YEAR
                                                  NORMAL
..................................................................
TEMPERATURE (F)
 YESTERDAY
  MAXIMUM         32   1229 AM  65    2013  38     -6       34
  MINIMUM          7   1159 PM  -2    2014  21    -14       -2
  AVERAGE         20                        29     -9       16

PRECIPITATION (IN)
  YESTERDAY        0.04         MM      MM   0.08  -0.04     0.00
  MONTH TO DATE    2.45                      2.58  -0.13     1.30
  SINCE JUN 1     24.86                     24.98  -0.12    29.61
  SINCE JAN 1      2.45                      2.58  -0.13     1.30

DEGREE DAYS
 HEATING
  YESTERDAY       45                        36      9       49
  MONTH TO DATE 1151                      1080     71     1296
  SINCE DEC 1   2060                      2084    -24     2249
  SINCE JUL 1   3367                      3225    142     3425

 COOLING
  YESTERDAY        0                         0      0        0
  MONTH TO DATE    0                         0      0        0
  SINCE DEC 1      0                         0      0        0
  SINCE JAN 1      0                         0      0        0
..................................................................


WIND (MPH)
  HIGHEST WIND SPEED    24   HIGHEST WIND DIRECTION     N (340)
  HIGHEST GUST SPEED    32   HIGHEST GUST DIRECTION    NW (330)
  AVERAGE WIND SPEED     9.4


SKY COVER
  POSSIBLE SUNSHINE  MM
  AVERAGE SKY COVER 0.5


WEATHER CONDITIONS
 THE FOLLOWING WEATHER WAS RECORDED YESTERDAY.
  SNOW
  LIGHT SNOW
  FOG
  HAZE


RELATIVE HUMIDITY (PERCENT)
 HIGHEST    83          1100 PM
 LOWEST     52           400 PM
 AVERAGE    68

..........................................................


THE ZANESVILLE OH CLIMATE NORMALS FOR TODAY
                         NORMAL    RECORD    YEAR
 MAXIMUM TEMPERATURE (F)   38        70      2002
 MINIMUM TEMPERATURE (F)   21        -8      1955


SUNRISE AND SUNSET
JANUARY 31 2015.......SUNRISE   737 AM EST   SUNSET   545 PM EST
FEBRUARY  1 2015......SUNRISE   736 AM EST   SUNSET   547 PM EST


-  INDICATES NEGATIVE NUMBERS.
R  INDICATES RECORD WAS SET OR TIED.
MM INDICATES DATA IS MISSING.
T  INDICATES TRACE AMOUNT.




$$
