000
CDUS41 KPBZ 032234
CLIZZV


CLIMATE REPORT
NATIONAL WEATHER SERVICE PITTSBURGH PA
533 PM EST TUE MAR 3 2015


...................................

...THE ZANESVILLE OH CLIMATE SUMMARY FOR MARCH 3 2015...
VALID TODAY AS OF 0500 PM LOCAL TIME.

CLIMATE NORMAL PERIOD 1981 TO 2010
CLIMATE RECORD PERIOD 1946 TO 2015


WEATHER ITEM   OBSERVED TIME   RECORD YEAR NORMAL DEPARTURE LAST
                VALUE   (LST)  VALUE       VALUE  FROM      YEAR
                                                  NORMAL
..................................................................
TEMPERATURE (F)
 TODAY
  MAXIMUM         39    359 PM  75    1976  46     -7       19
  MINIMUM         17   1257 AM   3    1950  26     -9        7
  AVERAGE         28                        36     -8       13

PRECIPITATION (IN)
  TODAY            0.24         MM      MM   0.08   0.16     0.00
  MONTH TO DATE    0.54                      0.25   0.29     0.21
  SINCE JUN 1     26.45                     27.48  -1.03    31.10
  SINCE JAN 1      4.04                      5.08  -1.04     2.79

DEGREE DAYS
 HEATING
  TODAY           37                        29      8       52
  MONTH TO DATE  114                        87     27      122
  SINCE MAR 1    114                        87     27      122
  SINCE JUL 1   4771                      4278    493     4679

 COOLING
  TODAY            0                         0      0        0
  MONTH TO DATE    0                         0      0        0
  SINCE MAR 1      0                         0      0        0
  SINCE JAN 1      0                         0      0        0
..................................................................


WIND (MPH)
  HIGHEST WIND SPEED    15   HIGHEST WIND DIRECTION     S (200)
  HIGHEST GUST SPEED    20   HIGHEST GUST DIRECTION     S (170)
  AVERAGE WIND SPEED     5.0


SKY COVER
  POSSIBLE SUNSHINE  MM
  AVERAGE SKY COVER 0.9


WEATHER CONDITIONS
 THE FOLLOWING WEATHER WAS RECORDED TODAY.
  RAIN
  LIGHT RAIN
  FOG


RELATIVE HUMIDITY (PERCENT)
 HIGHEST    93           500 PM
 LOWEST     56          1200 PM
 AVERAGE    75

..........................................................


THE ZANESVILLE OH CLIMATE NORMALS FOR TOMORROW
                         NORMAL    RECORD    YEAR
 MAXIMUM TEMPERATURE (F)   47        80      1976
 MINIMUM TEMPERATURE (F)   27         4      2014


SUNRISE AND SUNSET
MARCH  3 2015.........SUNRISE   658 AM EST   SUNSET   621 PM EST
MARCH  4 2015.........SUNRISE   657 AM EST   SUNSET   622 PM EST


-  INDICATES NEGATIVE NUMBERS.
R  INDICATES RECORD WAS SET OR TIED.
MM INDICATES DATA IS MISSING.
T  INDICATES TRACE AMOUNT.




$$
