000
CDUS41 KPBZ 230803
CLIZZV


CLIMATE REPORT
NATIONAL WEATHER SERVICE PITTSBURGH PA
303 AM EST THU NOV 23 2017


...................................

...THE ZANESVILLE OH CLIMATE SUMMARY FOR NOVEMBER 22 2017...

CLIMATE NORMAL PERIOD 1981 TO 2010
CLIMATE RECORD PERIOD 1895 TO 2017


WEATHER ITEM   OBSERVED TIME   RECORD YEAR NORMAL DEPARTURE LAST
                VALUE   (LST)  VALUE       VALUE  FROM      YEAR
                                                  NORMAL
..................................................................
TEMPERATURE (F)
 YESTERDAY
  MAXIMUM         47   1205 AM  75    1931  50     -3       44
  MINIMUM         25   1157 PM  10    1964  32     -7       17
                                      1937
  AVERAGE         36                        41     -5       31

PRECIPITATION (IN)
  YESTERDAY        0.02          1.29 2011   0.12  -0.10     0.00
  MONTH TO DATE    4.21                      2.29   1.92     0.62
  SINCE JUN 1     21.41                     18.97   2.44    13.18
  SINCE JAN 1     39.53                     34.43   5.10    28.16

DEGREE DAYS
 HEATING
  YESTERDAY       29                        24      5       34
  MONTH TO DATE  475                       446     29      413
  SINCE SEP 1    797                       922   -125      691
  SINCE JUL 1    801                       933   -132      691

 COOLING
  YESTERDAY        0                         0      0        0
  MONTH TO DATE    2                         0      2        2
  SINCE SEP 1    149                        91     58      204
  SINCE JAN 1    877                       768    109     1355
..................................................................


WIND (MPH)
  HIGHEST WIND SPEED    23   HIGHEST WIND DIRECTION    NW (320)
  HIGHEST GUST SPEED    27   HIGHEST GUST DIRECTION    NW (310)
  AVERAGE WIND SPEED     6.2


SKY COVER
  POSSIBLE SUNSHINE  MM
  AVERAGE SKY COVER 0.9


WEATHER CONDITIONS
 THE FOLLOWING WEATHER WAS RECORDED YESTERDAY.
  LIGHT RAIN


RELATIVE HUMIDITY (PERCENT)
 HIGHEST    92           400 AM
 LOWEST     52           200 PM
 AVERAGE    72

..........................................................


THE ZANESVILLE OH CLIMATE NORMALS FOR TODAY
                         NORMAL    RECORD    YEAR
 MAXIMUM TEMPERATURE (F)   49        72      1999
 MINIMUM TEMPERATURE (F)   31         7      1956


SUNRISE AND SUNSET
NOVEMBER 23 2017......SUNRISE   722 AM EST   SUNSET   506 PM EST
NOVEMBER 24 2017......SUNRISE   723 AM EST   SUNSET   505 PM EST


-  INDICATES NEGATIVE NUMBERS.
R  INDICATES RECORD WAS SET OR TIED.
MM INDICATES DATA IS MISSING.
T  INDICATES TRACE AMOUNT.




$$
