000
CXUS52 KTAE 011334
CLMAAF

CLIMATE REPORT
NATIONAL WEATHER SERVICE TALLAHASSEE FL
927 AM EDT SUN OCT 1 2017

...................................

...THE APALACHICOLA CLIMATE SUMMARY FOR THE MONTH OF SEPTEMBER 2017...

CLIMATE NORMAL PERIOD 1981 TO 2010
CLIMATE RECORD PERIOD 1931 TO 2017

WEATHER         OBSERVED                   LAST YEAR`S
                 VALUE   DATE(S)           VALUE  DATE(S)

.........................................................
TEMPERATURE (F)
HIGHEST            91   09/28                  91  09/23
                        09/19                      09/11
                        09/18                      09/02
LOWEST             63   09/11                  62  09/30
AVG. MAXIMUM     87.0                        87.8
AVG. MINIMUM     71.3                        73.0
MEAN             79.2                        80.4
DAYS MAX >= 90      6                           5
DAYS MAX <= 32      0                           0
DAYS MIN <= 32      0                           0
DAYS MIN <= 0       0                           0

PRECIPITATION (INCHES)
TOTALS           2.65                        8.87
DAILY AVG.       0.09                        0.30
DAYS >= .01        13                          12
DAYS >= .10         7                           7
DAYS >= .50         2                           4
DAYS >= 1.00        0                           3
GREATEST
 24 HR. TOTAL    0.80   09/30 TO 09/30       3.47

DEGREE_DAYS
HEATING TOTAL       0                           0
 SINCE 7/1          0                           0
COOLING TOTAL     434                         470
 SINCE 1/1       2555                        2653
..........................................................

WIND (MPH)
AVERAGE WIND SPEED              6.6
HIGHEST WIND SPEED/DIRECTION    37/020    DATE  09/11
HIGHEST GUST SPEED/DIRECTION    48/360    DATE  09/11

SKY COVER
AVERAGE SKY COVER           0.30

AVERAGE RH (PERCENT)     81

WEATHER CONDITIONS. NUMBER OF DAYS WITH
THUNDERSTORM              0     MIXED PRECIP               0
HEAVY RAIN                6     RAIN                       5
LIGHT RAIN               11     FREEZING RAIN              0
LT FREEZING RAIN          0     HAIL                       0
HEAVY SNOW                0     SNOW                       0
LIGHT SNOW                0     SLEET                      0
FOG                      13     FOG W/VIS <= 1/4 MILE      1
HAZE                      0

-  INDICATES NEGATIVE NUMBERS.
R  INDICATES RECORD WAS SET OR TIED.
MM INDICATES DATA IS MISSING.
T  INDICATES TRACE AMOUNT.

$$
