000
CXUS52 KTAE 012202
CLMAAF

CLIMATE REPORT
NATIONAL WEATHER SERVICE TALLAHASSEE FL
602 PM EDT SAT NOV 1 2014

...................................

...THE APALACHICOLA CLIMATE SUMMARY FOR THE MONTH OF OCTOBER 2014...

CLIMATE NORMAL PERIOD 1981 TO 2010
CLIMATE RECORD PERIOD 1931 TO 2014

WEATHER         OBSERVED                   LAST YEAR`S
                 VALUE   DATE(S)           VALUE  DATE(S)

.........................................................
TEMPERATURE (F)
HIGHEST            89   10/11                  87  10/13
                        10/03                      10/12
                                                   10/11
LOWEST             49   10/31                  45  10/27
                        10/05
AVG. MAXIMUM     83.1                        81.8
AVG. MINIMUM     60.5                        63.7
MEAN             71.8                        72.8
DAYS MAX >= 90      0                           0
DAYS MAX <= 32      0                           0
DAYS MIN <= 32      0                           0
DAYS MIN <= 0       0                           0

PRECIPITATION (INCHES)
TOTALS           4.39                        2.62
DAILY AVG.       0.14                        0.08
DAYS >= .01         5                           4
DAYS >= .10         3                           3
DAYS >= .50         2                           2
DAYS >= 1.00        2                           1
GREATEST
 24 HR. TOTAL    4.06   10/13 TO 10/14       2.37

DEGREE_DAYS
HEATING TOTAL       3                          14
 SINCE 7/1          3                          14
COOLING TOTAL     223                         263
 SINCE 1/1       2657                        2660
..........................................................

WIND (MPH)
AVERAGE WIND SPEED              5.6
HIGHEST WIND SPEED/DIRECTION    29/220    DATE  10/14
HIGHEST GUST SPEED/DIRECTION    41/210    DATE  10/14

SKY COVER
AVERAGE SKY COVER           0.20

AVERAGE RH (PERCENT)     68

WEATHER CONDITIONS. NUMBER OF DAYS WITH
THUNDERSTORM              0     MIXED PRECIP               0
HEAVY RAIN                4     RAIN                       3
LIGHT RAIN                4     FREEZING RAIN              0
LT FREEZING RAIN          0     HAIL                       0
HEAVY SNOW                0     SNOW                       0
LIGHT SNOW                0     SLEET                      0
FOG                      14     FOG W/VIS <= 1/4 MILE      7
HAZE                      6

-  INDICATES NEGATIVE NUMBERS.
R  INDICATES RECORD WAS SET OR TIED.
MM INDICATES DATA IS MISSING.
T  INDICATES TRACE AMOUNT.

$$
