000
CXUS55 KABQ 032027
CLMABQ

ABQCLMABQ
TTAA00 KABQ 011203


CLIMATE REPORT
NATIONAL WEATHER SERVICE ALBUQUERQUE NM
556 AM MDT MON SEP 1 2014

...................................

...THE ALBUQUERQUE  NM CLIMATE SUMMARY FOR THE MONTH OF AUGUST 2014...

CLIMATE NORMAL PERIOD 1981 TO 2010
CLIMATE RECORD PERIOD 1897 TO 2014

WEATHER         OBSERVED          NORMAL  DEPART  LAST YEAR`S
                 VALUE   DATE(S)  VALUE   FROM    VALUE  DATE(S)
                                          NORMAL
................................................................
TEMPERATURE (F)
RECORD
 HIGH             101   08/02/1979
                        08/01/1938
 LOW               50   08/28/1992
HIGHEST            93   08/16        96      -3       96  08/16
LOWEST             58   08/23        57       1       60  08/11
                        08/22
AVG. MAXIMUM     85.5              87.2    -1.7     88.7
AVG. MINIMUM     62.9              65.1    -2.2     66.3
MEAN             74.2              76.2    -2.0     77.5
DAYS MAX >= 90      8               9.9    -1.9       14
DAYS MAX <= 32      0               0.0     0.0        0
DAYS MIN <= 32      0               0.0     0.0        0
DAYS MIN <= 0       0               0.0     0.0        0

PRECIPITATION (INCHES)
RECORD
 MAXIMUM         3.74   2006
                        2000
                        1935
 MINIMUM            T   1962
TOTALS           1.45              1.58   -0.13     0.42
DAILY AVG.       0.05              0.05    0.00     0.01
DAYS >= .01        10               9.2     0.8        8
DAYS >= .10         3               4.2    -1.2        1
DAYS >= .50         1               0.9     0.1        0
DAYS >= 1.00        0               0.1    -0.1        0
GREATEST
 24 HR. TOTAL    1.03   08/01 TO 08/02              0.12

SNOWFALL (INCHES)
RECORDS
 TOTAL              T   2006
TOTALS            0.0               0.0     0.0      0.0
SINCE 7/1         0.0               0.0     0.0      0.0
SNOWDEPTH AVG.      0                MM      MM        0
DAYS >= 1.0         0               0.0     0.0        0
GREATEST
 SNOW DEPTH         0   MM                             0  MM
 24 HR TOTAL      0.0   08/31 TO 08/31               0.0

DEGREE_DAYS
HEATING TOTAL       0                 0       0        0
 SINCE 7/1          0                 0       0        0
COOLING TOTAL     293               346     -53      397
 SINCE 1/1       1230              1157      73     1375
.................................................................

WIND (MPH)
AVERAGE WIND SPEED              7.2
HIGHEST WIND SPEED/DIRECTION    32/080    DATE  08/01
HIGHEST GUST SPEED/DIRECTION    38/080    DATE  08/01

SKY COVER
POSSIBLE SUNSHINE (PERCENT)   MM
AVERAGE SKY COVER           0.50
NUMBER OF DAYS FAIR            9
NUMBER OF DAYS PC             20
NUMBER OF DAYS CLOUDY          2

AVERAGE RH (PERCENT)     47

WEATHER CONDITIONS. NUMBER OF DAYS WITH
THUNDERSTORM              0     MIXED PRECIP               0
HEAVY RAIN                1     RAIN                       4
LIGHT RAIN               13     FREEZING RAIN              0
LT FREEZING RAIN          0     HAIL                       0
HEAVY SNOW                0     SNOW                       0
LIGHT SNOW                0     SLEET                      0
FOG                       2     FOG W/VIS <= 1/4 MILE      0
HAZE                      1

-  INDICATES NEGATIVE NUMBERS.
R  INDICATES RECORD WAS SET OR TIED.
MM INDICATES DATA IS MISSING.
T  INDICATES TRACE AMOUNT.

$$

----------------------------------------------------------------

THE AVERAGE MAXIMUM TEMPERATURE AT THE ALBUQUERQUE SUNPORT IN
AUGUST 2014 WAS 85.5 DEGREES. THE AVERAGE MINIMUM TEMPERATURE FOR
THE MONTH WAS 62.9 DEGREES.

THE HIGHEST TEMPERATURE FOR THE MONTH WAS 93 DEGREES ON THE 16TH.
THE LOWEST TEMPERATURE FOR THE MONTH WAS 58 DEGREES ON THE 22ND
AND THE 23RD.

TOTAL PRECIPITATION FOR AUGUST 2014 WAS 1.45 INCHES...WHICH WAS
0.13 INCHES BELOW NORMAL. THERE WAS NO SNOWFALL RECORDED DURING
THE MONTH.

AVERAGE WIND SPEED AT THE ALBUQUERQUE SUNPORT WAS 7.2 MILES PER
HOUR. THE PEAK WIND GUST FOR THE MONTH WAS 38 MILES PER HOUR
FROM THE EAST ON THE 1ST.
