000
CXUS54 KFWD 010843
CLMACT


CLIMATE REPORT
NATIONAL WEATHER SERVICE FORT WORTH TX
340 AM CDT SAT JUL 1 2017

...THE WACO CLIMATE SUMMARY FOR THE MONTH OF JUNE 2017...

CLIMATE NORMAL PERIOD 1981 TO 2010
CLIMATE RECORD PERIOD 1901 TO 2017

WEATHER         OBSERVED          NORMAL  DEPART  LAST YEAR`S
                 VALUE   DATE(S)  VALUE   FROM    VALUE  DATE(S)
                                          NORMAL
................................................................
TEMPERATURE (F)
RECORD
 HIGH             109   06/27/1980
 LOW               52   06/01/1964
                        06/03/1919
HIGHEST           100   06/23        99       1       98  06/28
LOWEST             65   06/07        61       4       64  06/07
AVG. MAXIMUM     91.7              91.7     0.0     92.8
AVG. MINIMUM     72.3              70.8     1.5     71.9
MEAN             82.0              81.2     0.8     82.4
DAYS MAX >= 90     22              20.2     1.8       25
DAYS MAX <= 32      0               0.0     0.0        0
DAYS MAX >= 100     1                                  0
DAYS MIN <= 32      0               0.0     0.0        0
DAYS MIN <= 0       0               0.0     0.0        0
DAYS MIN >= 80      1                                  0

PRECIPITATION (INCHES)
RECORD
 MAXIMUM        12.06   1961
 MINIMUM            T   1934
                        1933
TOTALS           4.74              3.43    1.31     4.59
DAILY AVG.       0.16              0.11    0.05     0.15
DAYS >= .01         7               7.5    -0.5        5
DAYS >= .10         4               5.3    -1.3        3
DAYS >= .50         2               2.1    -0.1        2
DAYS >= 1.00        1               1.1    -0.1        1
GREATEST
 24 HR. TOTAL    3.31   06/24 TO 06/24              3.48

DEGREE_DAYS
HEATING TOTAL       0                 0       0        0
 SINCE 7/1       1335              2142    -807     1691
COOLING TOTAL     517               488      29      529
 SINCE 1/1       1086               940     146      920
.................................................................

WIND (MPH)
AVERAGE WIND SPEED              10.0
HIGHEST WIND SPEED/DIRECTION    35/030    DATE  06/24
HIGHEST GUST SPEED/DIRECTION    43/020    DATE  06/24

SKY COVER
POSSIBLE SUNSHINE (PERCENT)   MM
AVERAGE SKY COVER           0.30
NUMBER OF DAYS FAIR           18
NUMBER OF DAYS PC             12
NUMBER OF DAYS CLOUDY          0

AVERAGE RH (PERCENT)     71

WEATHER CONDITIONS. NUMBER OF DAYS WITH
THUNDERSTORM              8     MIXED PRECIP               0
HEAVY RAIN                3     RAIN                       5
LIGHT RAIN                9     FREEZING RAIN              0
LT FREEZING RAIN          0     HAIL                       0
HEAVY SNOW                0     SNOW                       0
LIGHT SNOW                0     SLEET                      0
FOG                       9     FOG W/VIS <= 1/4 MILE      0
HAZE                      3

-  INDICATES NEGATIVE NUMBERS.
R  INDICATES RECORD WAS SET OR TIED.
MM INDICATES DATA IS MISSING.
T  INDICATES TRACE AMOUNT.

$$
