603
CXUS51 KPHI 010942
CLMACY


CLIMATE REPORT
NATIONAL WEATHER SERVICE MOUNT HOLLY NJ
541 AM EDT MON MAY 1 2017

...................................

...THE ATLANTIC CITY CLIMATE SUMMARY FOR THE MONTH OF APRIL 2017...

CLIMATE NORMAL PERIOD 1981 TO 2010
CLIMATE RECORD PERIOD 1874 TO 2017

WEATHER         OBSERVED          NORMAL  DEPART  LAST YEAR`S
                 VALUE   DATE(S)  VALUE   FROM    VALUE  DATE(S)
                                          NORMAL
................................................................
TEMPERATURE (F)
RECORD
 HIGH              94   04/17/2002
                        04/27/1969
 LOW               12   04/01/1969
HIGHEST            91   04/29        82       9       86  04/26
LOWEST             29   04/09        26       3       22  04/06
AVG. MAXIMUM     67.9              61.7     6.2     61.4
AVG. MINIMUM     47.2              41.8     5.4     39.1
MEAN             57.6              51.7     5.9     50.2
DAYS MAX >= 90      1               0.2     0.8        0
DAYS MAX <= 32      0               0.0     0.0        0
DAYS MIN <= 32      1               3.7    -2.7       10
DAYS MIN <= 0       0               0.0     0.0        0

PRECIPITATION (INCHES)
RECORD
 MAXIMUM         7.59   1964
 MINIMUM         0.84   1976
TOTALS           2.97              3.63   -0.66     2.91
DAILY AVG.       0.10              0.12   -0.02     0.10
DAYS >= .01        11              11.6    -0.6       12
DAYS >= .10         5               6.9    -1.9        8
DAYS >= .50         2               2.2    -0.2        2
DAYS >= 1.00        1               0.9     0.1        0
GREATEST
 24 HR. TOTAL    1.30   04/25 TO 04/26              0.76

SNOWFALL (INCHES)
RECORDS
 TOTAL              T   2014
                        5
                        0
 24 HR TOTAL       MM
TOTALS            0.0               0.3    -0.3      1.8
SINCE 7/1         7.7              16.5    -8.8     27.5
SNOWDEPTH AVG.      0                MM      MM        0
DAYS >= 1.0         0               0.1    -0.1        1
GREATEST
 SNOW DEPTH         0   MM                             0  MM
 24 HR TOTAL      0.0   04/30 TO 04/30               1.8

DEGREE_DAYS
HEATING TOTAL     249               407    -158      444
 SINCE 7/1       3964              4704    -740     3856
COOLING TOTAL      32                 9      23       11
 SINCE 1/1         32                 9      23       14
.................................................................

WIND (MPH)
AVERAGE WIND SPEED              9.5
HIGHEST WIND SPEED/DIRECTION    31/140    DATE  04/06
HIGHEST GUST SPEED/DIRECTION    46/160    DATE  04/06

SKY COVER
POSSIBLE SUNSHINE (PERCENT)   MM
AVERAGE SKY COVER           0.50
NUMBER OF DAYS FAIR           14
NUMBER OF DAYS PC              7
NUMBER OF DAYS CLOUDY          9

AVERAGE RH (PERCENT)     66

WEATHER CONDITIONS. NUMBER OF DAYS WITH
THUNDERSTORM              0     MIXED PRECIP               0
HEAVY RAIN                4     RAIN                       6
LIGHT RAIN               13     FREEZING RAIN              0
LT FREEZING RAIN          0     HEAVY SNOW                 0
SNOW                      0     LIGHT SNOW                 0
SLEET                     0     FOG                       16
FOG W/VIS <= 1/4 MILE     2     HAZE                       5

-  INDICATES NEGATIVE NUMBERS.
R  INDICATES RECORD WAS SET OR TIED.
MM INDICATES DATA IS MISSING.
T  INDICATES TRACE AMOUNT.

$$
