000
CXUS42 KFFC 011457
CLMAHN


CLIMATE REPORT
NATIONAL WEATHER SERVICE PEACHTREE CITY GA
1056 AM EDT SAT JUL 1 2017

...................................

...THE ATHENS CLIMATE SUMMARY FOR THE MONTH OF JUNE 2017...

CLIMATE NORMAL PERIOD 1981 TO 2010
CLIMATE RECORD PERIOD 1898 TO 2017

WEATHER         OBSERVED          NORMAL  DEPART  LAST YEAR`S
                 VALUE   DATE(S)  VALUE   FROM    VALUE  DATE(S)
                                          NORMAL
................................................................
TEMPERATURE (F)
RECORD
 HIGH             109   06/29/2012
 LOW               44   06/01/1889
HIGHEST            92   06/15       103     -11      101  06/25
                        06/14
LOWEST             60   06/08        45      15       58  06/08
AVG. MAXIMUM     86.1              88.7    -2.6     93.0
AVG. MINIMUM     66.5              66.4     0.1     68.5
MEAN             76.3              77.5    -1.2     80.7
DAYS MAX >= 90      6              13.3    -7.3       23
DAYS MAX <= 32      0               0.0     0.0        0
DAYS MIN <= 32      0               0.0     0.0        0
DAYS MIN <= 0       0               0.0     0.0        0

PRECIPITATION (INCHES)
RECORD
 MAXIMUM        13.25   1994
 MINIMUM         0.69   1920
TOTALS           8.33              4.18    4.15     4.09
DAILY AVG.       0.28              0.14    0.14     0.14
GREATEST
 24 HR. TOTAL    1.57   06/24 TO 06/24           06/27 TO 06/28
                                                          06/30 TO 06/30
                                                          06/30 TO 06/30

DEGREE_DAYS
COOLING TOTAL     343               378     -35      480
 SINCE 1/1        708               618      90      781
.................................................

WIND (MPH)
AVERAGE WIND SPEED              2.6
HIGHEST WIND SPEED/DIRECTION    15/250    DATE  06/22
HIGHEST GUST SPEED/DIRECTION    24/260    DATE  06/22

SKY COVER
POSSIBLE SUNSHINE (PERCENT)   MM
AVERAGE SKY COVER           0.40
NUMBER OF DAYS FAIR           17
NUMBER OF DAYS PC              9
NUMBER OF DAYS CLOUDY          4

AVERAGE RH (PERCENT)     79

WEATHER CONDITIONS. NUMBER OF DAYS WITH
THUNDERSTORM              0     MIXED PRECIP               0
HEAVY RAIN                9     RAIN                      10
LIGHT RAIN               15     FREEZING RAIN              0
LT FREEZING RAIN          0     HAIL                       0
HEAVY SNOW                0     SNOW                       0
LIGHT SNOW                0     SLEET                      0
FOG                      17     FOG W/VIS <= 1/4 MILE      3
HAZE                      1

-  INDICATES NEGATIVE NUMBERS.
R  INDICATES RECORD WAS SET OR TIED.
MM INDICATES DATA IS MISSING.
T  INDICATES TRACE AMOUNT.

$$
