000
CXUS42 KFFC 021315
CLMAHN


CLIMATE REPORT
NATIONAL WEATHER SERVICE PEACHTREE CITY GA
913 AM EDT FRI SEP 2 2016

...................................

...THE ATHENS CLIMATE SUMMARY FOR THE MONTH OF AUGUST 2016...

CLIMATE NORMAL PERIOD 1981 TO 2010
CLIMATE RECORD PERIOD 1898 TO 2016

WEATHER         OBSERVED          NORMAL  DEPART  LAST YEAR`S
                 VALUE   DATE(S)  VALUE   FROM    VALUE  DATE(S)
                                          NORMAL
................................................................
TEMPERATURE (F)
RECORD
 HIGH             107   08/21/1983
                        08/20/1925
 LOW               44   08/02/1936
HIGHEST            98   08/06        MM      MM      100  08/05
                                                          08/04
LOWEST             68   08/30        MM      MM       62  08/26
AVG. MAXIMUM     92.0              89.9     2.1     90.1
AVG. MINIMUM     72.0              69.3     2.7     69.5
MEAN             82.0              79.6     2.4     79.8
DAYS MAX >= 90     27              15.8    11.2       18
DAYS MAX <= 32      0               0.0     0.0        0
DAYS MIN <= 32      0               0.0     0.0        0
DAYS MIN <= 0       0               0.0     0.0        0

PRECIPITATION (INCHES)
RECORD
 MAXIMUM        17.87   1901
 MINIMUM         0.09   1951
TOTALS          10.10              3.53    6.57     6.78
DAILY AVG.       0.33              0.11    0.22     0.22
GREATEST
 24 HR. TOTAL    4.97   08/04 TO 08/04           08/17 TO 08/17
                                                          08/31 TO 08/31
                                                          08/31 TO 08/31

DEGREE_DAYS
COOLING TOTAL     537               453      84      466
 SINCE 1/1       1914              1555     359     1797
..................................................

WIND (MPH)
AVERAGE WIND SPEED              3.0
HIGHEST WIND SPEED/DIRECTION    23/060    DATE  08/26
HIGHEST GUST SPEED/DIRECTION    30/080    DATE  08/26

SKY COVER
POSSIBLE SUNSHINE (PERCENT)   MM
AVERAGE SKY COVER           0.30
NUMBER OF DAYS FAIR           21
NUMBER OF DAYS PC              8
NUMBER OF DAYS CLOUDY          2

AVERAGE RH (PERCENT)     78

WEATHER CONDITIONS. NUMBER OF DAYS WITH
THUNDERSTORM              0     MIXED PRECIP               0
HEAVY RAIN                9     RAIN                      10
LIGHT RAIN               19     FREEZING RAIN              0
LT FREEZING RAIN          0     HAIL                       0
HEAVY SNOW                0     SNOW                       0
LIGHT SNOW                0     SLEET                      0
FOG                      25     FOG W/VIS <= 1/4 MILE      2
HAZE                      0

-  INDICATES NEGATIVE NUMBERS.
R  INDICATES RECORD WAS SET OR TIED.
MM INDICATES DATA IS MISSING.
T  INDICATES TRACE AMOUNT.

$$
