000
CXUS54 KBMX 011312
CLMANB


CLIMATE REPORT
NATIONAL WEATHER SERVICE BIRMINGHAM, AL
812 AM CDT SAT APR 1 2017

...................................

...THE ANNISTON CLIMATE SUMMARY FOR THE MONTH OF MARCH 2017...

CLIMATE NORMAL PERIOD 1981 TO 2010
CLIMATE RECORD PERIOD 1903 TO 2017

WEATHER         OBSERVED          NORMAL  DEPART  LAST YEAR`S
                 VALUE   DATE(S)  VALUE   FROM    VALUE  DATE(S)
                                          NORMAL
................................................................
TEMPERATURE (F)
RECORD
 HIGH              89   03/09/1974
                        03/31/1963
 LOW                8   03/13/1993
HIGHEST            86   03/21        MM      MM       88  03/15
LOWEST             22   03/16        MM      MM       32  03/22
                                                          03/21
                                                          03/05
AVG. MAXIMUM     69.0              66.3     2.7     71.1
AVG. MINIMUM     45.5              42.8     2.7     47.5
MEAN             57.3                               59.3
DAYS MAX >= 90      0               0.0     0.0        0
DAYS MAX <= 32      0               0.0     0.0        0
DAYS MIN <= 32      5               4.0     1.0        3
DAYS MIN <= 0       0               0.0     0.0        0

PRECIPITATION (INCHES)
RECORD
 MAXIMUM        18.09   1977
 MINIMUM         1.38   1985
TOTALS           4.25              4.96   -0.71     3.29
DAILY AVG.       0.14              0.16   -0.02
DAYS >= .01        13               9.9     3.1
DAYS >= .10         9               6.7     2.3
DAYS >= .50         3               3.6    -0.6
DAYS >= 1.00        1               1.8    -0.8

DEGREE_DAYS
HEATING TOTAL     275               336     -61      198
 SINCE 7/1       1748              2608    -860     1932
COOLING TOTAL      43                12      31       28
 SINCE 1/1         45                13      32       28
.................................................................

WIND (MPH)
AVERAGE WIND SPEED              6.3
HIGHEST WIND SPEED/DIRECTION    28/350    DATE  03/21
HIGHEST GUST SPEED/DIRECTION    39/230    DATE  03/01

AVERAGE RH (PERCENT)     62

WEATHER CONDITIONS. NUMBER OF DAYS WITH
THUNDERSTORM              0     MIXED PRECIP               0
HEAVY RAIN                4     RAIN                       7
LIGHT RAIN               13     FREEZING RAIN              0
LT FREEZING RAIN          0     HAIL                       0
HEAVY SNOW                0     SNOW                       0
LIGHT SNOW                0     SLEET                      0
FOG                      12     FOG W/VIS <= 1/4 MILE      0
HAZE                      5

-  INDICATES NEGATIVE NUMBERS.
R  INDICATES RECORD WAS SET OR TIED.
MM INDICATES DATA IS MISSING.
T  INDICATES TRACE AMOUNT.

$$
