000
CXUS51 KCTP 171332
CLMAOO

CLIMATE REPORT
NATIONAL WEATHER SERVICE STATE COLLEGE PA
930 AM EDT TUE MAR 17 2015

...................................

...THE ALTOONA CLIMATE SUMMARY FOR THE MONTH OF FEBRUARY 2015...

CLIMATE NORMAL PERIOD 1981 TO 2010
CLIMATE RECORD PERIOD 1948 TO 2015

WEATHER         OBSERVED          NORMAL  DEPART  LAST YEAR`S
                 VALUE   DATE(S)  VALUE   FROM    VALUE  DATE(S)
                                          NORMAL
................................................................
TEMPERATURE (F)
RECORD
 HIGH              74   02/27/1997
                        02/16/1954
 LOW              -11   02/02/1961
HIGHEST            53   02/08                         48  02/22
                                                          02/19
LOWEST             -8   02/24                         -5  02/12
AVG. MAXIMUM     27.8              37.2    -9.4     32.5
AVG. MINIMUM      9.2              21.1   -11.9     15.9
MEAN             18.5              29.2   -10.7     24.2
DAYS MAX >= 90      0                MM      MM        0
DAYS MAX <= 32     19                MM      MM       15
DAYS MIN <= 32     27                MM      MM       26
DAYS MIN <= 0       6                MM      MM        3

PRECIPITATION (INCHES)
RECORD
 MAXIMUM         4.60   1971
 MINIMUM         0.46   2009
TOTALS           0.92              2.04   -1.12     2.52
DAILY AVG.       0.03              0.07   -0.04     0.09
DAYS >= .01         7                MM      MM       14
DAYS >= .10         4                MM      MM        7
DAYS >= .50         0                MM      MM        2
DAYS >= 1.00        0                MM      MM        0
GREATEST
 24 HR. TOTAL    0.58   02/01 TO 02/02

DEGREE_DAYS
HEATING TOTAL    1295              1004     291     1133
 SINCE 7/1       4793              4555     238     4744
COOLING TOTAL       0                 0       0        0
 SINCE 1/1          0                 0       0        0
....................................................

WIND (MPH)
AVERAGE WIND SPEED              9.5
HIGHEST WIND SPEED/DIRECTION    37/310    DATE  02/14
HIGHEST GUST SPEED/DIRECTION    50/310    DATE  02/14

SKY COVER
POSSIBLE SUNSHINE (PERCENT)   MM
AVERAGE SKY COVER           0.60
NUMBER OF DAYS FAIR            7
NUMBER OF DAYS PC             10
NUMBER OF DAYS CLOUDY         11

AVERAGE RH (PERCENT)     64

WEATHER CONDITIONS. NUMBER OF DAYS WITH
THUNDERSTORM              0     MIXED PRECIP               0
HEAVY RAIN                0     RAIN                       0
LIGHT RAIN                3     FREEZING RAIN              2
LT FREEZING RAIN          2     HAIL                       0
HEAVY SNOW                2     SNOW                       5
LIGHT SNOW               16     SLEET                      0
FOG                      15     FOG W/VIS <= 1/4 MILE      1
HAZE                     11

-  INDICATES NEGATIVE NUMBERS.
R  INDICATES RECORD WAS SET OR TIED.
MM INDICATES DATA IS MISSING.
T  INDICATES TRACE AMOUNT.

$$

RXR
