000
CXUS52 KMFL 011508 CCA
CLMAPF

CLIMATE REPORT...CORRECTED
NATIONAL WEATHER SERVICE MIAMI, FL
1034 AM EDT MON JUN 1 2015

...................................

...THE NAPLES CLIMATE SUMMARY FOR THE MONTH OF MAY 2015...

CLIMATE NORMAL PERIOD 1981 TO 2010
CLIMATE RECORD PERIOD 1942 TO 2015

WEATHER         OBSERVED          NORMAL  DEPART  LAST YEAR`S
                 VALUE   DATE(S)  VALUE   FROM    VALUE  DATE(S)
                                          NORMAL
................................................................
TEMPERATURE (F)
RECORD
 HIGH              96   05/31/2011
                        05/29/2011
                        08/04/1944
 LOW               51   05/05/2001
HIGHEST            94   05/25                         94  05/13
                                                          05/08
LOWEST             63   05/04                         61  05/05
AVG. MAXIMUM     88.9              87.8     1.1     89.3
AVG. MINIMUM     70.3              68.5     1.8     69.7
MEAN             79.6              78.2     1.4     79.5
DAYS MAX >= 90     17                                 17
DAYS MAX <= 32      0                                  0
DAYS MIN <= 32      0                                  0
DAYS MIN <= 0       0                                  0

PRECIPITATION (INCHES)
RECORD
 MAXIMUM        11.49   1946
 MINIMUM         0.10   2001
TOTALS           3.18              3.16    0.02     1.97
DAILY AVG.       0.10              0.10    0.00     0.06
DAYS >= .01        12                                  7
DAYS >= .10        11                                  6
DAYS >= .50         1                                  2
DAYS >= 1.00        0                                  0
GREATEST
 24 HR. TOTAL    0.70   05/16 TO 05/17              0.63

DEGREE_DAYS
HEATING TOTAL       0                 0       0        0
 SINCE 7/1        198               260     -62      149
COOLING TOTAL     462               408      54      455
 SINCE 1/1       1355              1028     327     1189
.................................................................

WIND (MPH)
AVERAGE WIND SPEED              7.8
HIGHEST WIND SPEED/DIRECTION    28/140    DATE  05/23
HIGHEST GUST SPEED/DIRECTION    37/140    DATE  05/23

SKY COVER
POSSIBLE SUNSHINE (PERCENT)   MM
AVERAGE SKY COVER           0.20
NUMBER OF DAYS FAIR           27
NUMBER OF DAYS PC              4
NUMBER OF DAYS CLOUDY          0

AVERAGE RH (PERCENT)     69

WEATHER CONDITIONS. NUMBER OF DAYS WITH
THUNDERSTORM             14     MIXED PRECIP               0
HEAVY RAIN                8     RAIN                       9
LIGHT RAIN               10     FREEZING RAIN              0
LT FREEZING RAIN          0     HAIL                       0
HEAVY SNOW                0     SNOW                       0
LIGHT SNOW                0     SLEET                      0
FOG                      13     FOG W/VIS <= 1/4 MILE      0
HAZE                     15

-  INDICATES NEGATIVE NUMBERS.
R  INDICATES RECORD WAS SET OR TIED.
MM INDICATES DATA IS MISSING.
T  INDICATES TRACE AMOUNT.

$$

CORRECTED THUNDERSTORM DAYS.

ROSS
