000
CXUS42 KFFC 011803
CLMATL


CLIMATE REPORT
NATIONAL WEATHER SERVICE PEACHTREE CITY GA
202 PM EDT THU JUN 1 2017

...................................

...THE ATLANTA CLIMATE SUMMARY FOR THE MONTH OF MAY 2017...

CLIMATE NORMAL PERIOD 1981 TO 2010
CLIMATE RECORD PERIOD 1878 TO 2017

WEATHER         OBSERVED          NORMAL  DEPART  LAST YEAR`S
                 VALUE   DATE(S)  VALUE   FROM    VALUE  DATE(S)
                                          NORMAL
................................................................
TEMPERATURE (F)
RECORD
 HIGH              97   05/29/1941
 LOW               37   05/04/1971
HIGHEST            90   05/19        95      -5       93  05/30
                        05/16
LOWEST             45   05/06        37       8       46  05/06
AVG. MAXIMUM     80.9              79.9     1.0     81.3
AVG. MINIMUM     61.2              60.3     0.9     61.0
MEAN             71.1              70.1     1.0     71.1
DAYS MAX >= 90      2               1.1     0.9        3
DAYS MAX <= 32      0               0.0     0.0        0
DAYS MIN <= 32      0               0.0     0.0        0
DAYS MIN <= 0       0               0.0     0.0        0

PRECIPITATION (INCHES)
RECORD
 MAXIMUM         9.94   2003
 MINIMUM         0.30   1914
TOTALS           4.60              3.67    0.93     1.25
DAILY AVG.       0.15              0.12    0.03     0.04
DAYS >= .01        13               9.3     3.7        7
DAYS >= .10        10               6.2     3.8        2
DAYS >= .50         4               2.7     1.3        1
DAYS >= 1.00        1               0.8     0.2        0
GREATEST
 24 HR. TOTAL    1.53   05/23 TO 05/23           05/16 TO 05/17
                                                          05/17 TO 05/17
                                                          05/17 TO 05/18

DEGREE_DAYS
HEATING TOTAL      24                26      -2       19
 SINCE 7/1       1690              2766   -1076     1999
COOLING TOTAL     219               184      35      217
 SINCE 1/1        408               250     158      329
.........................................................

WIND (MPH)
AVERAGE WIND SPEED              7.9
HIGHEST WIND SPEED/DIRECTION    32/320    DATE  05/28
HIGHEST GUST SPEED/DIRECTION    45/170    DATE  05/20

SKY COVER
POSSIBLE SUNSHINE (PERCENT)   MM
AVERAGE SKY COVER           0.50
NUMBER OF DAYS FAIR            9
NUMBER OF DAYS PC             13
NUMBER OF DAYS CLOUDY          9

AVERAGE RH (PERCENT)     66

WEATHER CONDITIONS. NUMBER OF DAYS WITH
THUNDERSTORM              0     MIXED PRECIP               0
HEAVY RAIN                9     RAIN                       6
LIGHT RAIN               15     FREEZING RAIN              0
LT FREEZING RAIN          0     HAIL                       0
HEAVY SNOW                0     SNOW                       0
LIGHT SNOW                0     SLEET                      0
FOG                      13     FOG W/VIS <= 1/4 MILE      0
HAZE                      2

-  INDICATES NEGATIVE NUMBERS.
R  INDICATES RECORD WAS SET OR TIED.
MM INDICATES DATA IS MISSING.
T  INDICATES TRACE AMOUNT.

$$
