000
CXUS42 KFFC 011623
CLMATL


CLIMATE REPORT
NATIONAL WEATHER SERVICE PEACHTREE CITY GA
1121 AM EST WED FEB 1 2017

...................................

...THE ATLANTA CLIMATE SUMMARY FOR THE MONTH OF JANUARY 2017...

CLIMATE NORMAL PERIOD 1981 TO 2010
CLIMATE RECORD PERIOD 1878 TO 2017

WEATHER         OBSERVED          NORMAL  DEPART  LAST YEAR`S
                 VALUE   DATE(S)  VALUE   FROM    VALUE  DATE(S)
                                          NORMAL
................................................................
TEMPERATURE (F)
RECORD
 HIGH              79   01/11/1949
 LOW               -8   01/21/1985
HIGHEST            77   01/14        77       0       68  01/31
LOWEST             15   01/08        -8      23       20  01/19
AVG. MAXIMUM     61.2              52.3     8.9     51.1
AVG. MINIMUM     42.9              34.3     8.6     33.7
MEAN             52.0              43.3     8.7     42.4
DAYS MAX >= 90      0               0.0     0.0        0
DAYS MAX <= 32      1               0.8     0.2        0
DAYS MIN <= 32      7              12.8    -5.8       15
DAYS MIN <= 0       0               0.1    -0.1        0

PRECIPITATION (INCHES)
RECORD
 MAXIMUM        15.82   1883
 MINIMUM         0.84   1981
TOTALS           8.18              4.20    3.98     5.14
DAILY AVG.       0.26              0.14    0.12     0.17
DAYS >= .01        10              10.9    -0.9       10
DAYS >= .10         8               7.3     0.7        8
DAYS >= .50         4               2.8     1.2        3
DAYS >= 1.00        2               1.1     0.9        2
GREATEST
 24 HR. TOTAL    3.64   01/21 TO 01/22           01/21 TO 01/22
                                                          01/22 TO 01/22
                                                          01/22 TO 01/22

SNOWFALL (INCHES)
RECORDS
 TOTAL            4.6   2002
 24 HR TOTAL      3.7   MM
TOTALS              T               1.3    -1.3      0.3
SINCE 7/1           T               1.7    -1.7      0.3
SNOWDEPTH AVG.      0                MM      MM        0
DAYS >= TRACE       1               0.8     0.2        3
DAYS >= 1.0         0               0.5    -0.5        0
GREATEST
 24 HR TOTAL        T   01/07 TO 01/07           01/22 TO 01/22
                                                          01/22 TO 01/22
                                                          01/22 TO 01/22

DEGREE_DAYS
HEATING TOTAL     398               673    -275      691
 SINCE 7/1       1111              1754    -643     1242
COOLING TOTAL       2                 0       2        0
 SINCE 1/1          2                 0       2        0
...................................................

WIND (MPH)
AVERAGE WIND SPEED              8.9
HIGHEST WIND SPEED/DIRECTION    33/220    DATE  01/22
HIGHEST GUST SPEED/DIRECTION    45/230    DATE  01/22

SKY COVER
POSSIBLE SUNSHINE (PERCENT)   MM
AVERAGE SKY COVER           0.60
NUMBER OF DAYS FAIR            5
NUMBER OF DAYS PC             15
NUMBER OF DAYS CLOUDY         11

AVERAGE RH (PERCENT)     68

WEATHER CONDITIONS. NUMBER OF DAYS WITH
THUNDERSTORM              0     MIXED PRECIP               0
HEAVY RAIN                5     RAIN                       8
LIGHT RAIN                9     FREEZING RAIN              1
LT FREEZING RAIN          2     HAIL                       0
HEAVY SNOW                0     SNOW                       0
LIGHT SNOW                1     SLEET                      1
FOG                      13     FOG W/VIS <= 1/4 MILE      5
HAZE                      0

-  INDICATES NEGATIVE NUMBERS.
R  INDICATES RECORD WAS SET OR TIED.
MM INDICATES DATA IS MISSING.
T  INDICATES TRACE AMOUNT.

$$
