000
CXUS54 KEWX 031822
CLMATT

CLIMATE REPORT
NATIONAL WEATHER SERVICE AUSTIN/SAN ANTONIO, TX
1130 AM CDT FRI SEP 1 2017

...................................

...THE AUSTIN CAMP MABRY CLIMATE SUMMARY FOR THE MONTH OF AUGUST 2017...

CLIMATE NORMAL PERIOD 1981 TO 2010
CLIMATE RECORD PERIOD 1897 TO 2017

WEATHER         OBSERVED          NORMAL  DEPART  LAST YEAR`S
                 VALUE   DATE(S)  VALUE   FROM    VALUE  DATE(S)
                                          NORMAL
................................................................
TEMPERATURE (F)
HIGHEST           102   08/17                        105  08/12
                        08/05
LOWEST             68   08/31                         71  08/16
                                                          08/15
                                                          08/14
AVG. MAXIMUM     95.5              97.0    -1.5     93.6
AVG. MINIMUM     75.1              74.6     0.5     75.2
MEAN             85.3              85.8    -0.5     84.4
DAYS MAX >= 90     26                                 24
DAYS MAX <= 32      0                                  0
DAYS MIN <= 32      0                                  0
DAYS MIN <= 0       0                                  0

PRECIPITATION (INCHES)
TOTALS          10.44              2.35    8.09     6.93
DAILY AVG.       0.34              0.08    0.26     0.22
DAYS >= .01         8                                 14
DAYS >= .10         4                                  9
DAYS >= .50         3                                  4
DAYS >= 1.00        3                                  2
GREATEST
 24 HR. TOTAL    5.08   08/26 TO 08/26

SNOWFALL (INCHES)
TOTALS            0.0               0.0     0.0      0.0
SINCE 7/1         0.0

DEGREE_DAYS
HEATING TOTAL       0                 0       0        0
 SINCE 7/1          0                 0       0        0
COOLING TOTAL     638               645      -7      609
 SINCE 1/1       2826              2394     432     2494
.................................................................

WIND (MPH)
AVERAGE WIND SPEED              5.3
HIGHEST WIND SPEED/DIRECTION    23/030    DATE  08/27
HIGHEST GUST SPEED/DIRECTION    45/360    DATE  08/27

SKY COVER
POSSIBLE SUNSHINE (PERCENT)   MM
AVERAGE SKY COVER           0.30
NUMBER OF DAYS FAIR           19
NUMBER OF DAYS PC             10
NUMBER OF DAYS CLOUDY          2

AVERAGE RH (PERCENT)     64

WEATHER CONDITIONS. NUMBER OF DAYS WITH
THUNDERSTORM              0     MIXED PRECIP               0
HEAVY RAIN                4     RAIN                       3
LIGHT RAIN                9     FREEZING RAIN              0
LT FREEZING RAIN          0     HAIL                       0
HEAVY SNOW                0     SNOW                       0
LIGHT SNOW                0     SLEET                      0
FOG                       6     FOG W/VIS <= 1/4 MILE      0
HAZE                      0

-  INDICATES NEGATIVE NUMBERS.
R  INDICATES RECORD WAS SET OR TIED.
MM INDICATES DATA IS MISSING.
T  INDICATES TRACE AMOUNT.

&&

MONTHLY CLIMATE SUMMARY:
AUGUST 2017 WAS THE 50TH WARMEST AND THE WETTEST AUGUST SINCE
RECORD KEEPING BEGAN. THE PREVIOUS RECORD MONTHLY RAIN AMOUNT
WAS 9.48 INCHES SET IN 2001.

SEA LEVEL PRESSURE DATA:
HIGHEST SLP 30.08 INCHES ON THE 10TH
LOWEST  SLP 29.69 INCHES ON THE 27TH

PRELIMINARY LOCAL CLIMATOLOGICAL DATA (WS FORM: F-6)

                                          STATION:   AUSTIN CAMP MABRY
                                          MONTH:     AUGUST
                                          YEAR:      2017
                                          LATITUDE:   30 17 N
                                          LONGITUDE:  97 42 W

  TEMPERATURE IN F:       :PCPN:    SNOW:  WIND      :SUNSHINE: SKY     :PK WND
================================================================================
1   2   3   4   5  6A  6B    7    8   9   10  11  12  13   14  15   16   17  18
                                     12Z  AVG MX 2MIN
DY MAX MIN AVG DEP HDD CDD  WTR  SNW DPTH SPD SPD DIR MIN PSBL S-S WX    SPD DR
================================================================================

 1 100  75  88   2   0  23 0.00  0.0    0  3.1 12 160   M    M   2        19 160
 2  87  78  83  -3   0  18    T  0.0    0  3.5 10 160   M    M   6        18 140
 3  95  75  85  -1   0  20 0.03  0.0    0  2.6  8 110   M    M   7 1      13  60
 4  99  76  88   2   0  23    T  0.0    0  2.2 14 150   M    M   2        22 150
 5 102  77  90   4   0  25 0.00  0.0    0  6.3 14 140   M    M   4        22 170
 6 101  78  90   4   0  25    T  0.0    0  7.2 15 160   M    M   2        25 150
 7  85  69  77  -9   0  12 2.41  0.0    0  1.6 16  30   M    M   7 13     26  10
 8  94  73  84  -2   0  19 0.00  0.0    0  3.9 10  10   M    M   4        16  10
 9  96  74  85  -1   0  20 0.00  0.0    0  2.5  9 360   M    M   3        13  10
10 100  75  88   2   0  23 0.00  0.0    0  3.8 13 160   M    M   1        21 160
11 100  76  88   2   0  23 0.00  0.0    0  3.5 10 160   M    M   0        18 160
12 100  78  89   3   0  24 0.00  0.0    0  5.7 13 160   M    M   0        23 150
13 101  78  90   4   0  25 0.00  0.0    0  5.6 13 160   M    M   0        22 150
14 100  77  89   3   0  24 0.00  0.0    0  6.2 13 150   M    M   1        22 190
15  99  77  88   2   0  23 0.00  0.0    0  7.2 15 150   M    M   3        23 150
16 101  80  91   5   0  26    T  0.0    0  7.6 16 150   M    M   4        24 150
17 102  80  91   5   0  26 0.00  0.0    0  6.0 12 160   M    M   3        20 150
18 101  78  90   4   0  25 0.00  0.0    0  5.0 10 170   M    M   1        20 170
19 101  76  89   3   0  24 0.00  0.0    0  4.3 10 170   M    M   0        18 150
20 101  76  89   3   0  24 0.00  0.0    0  5.1 16 150   M    M   1        24 150
21  99  78  89   3   0  24 0.00  0.0    0  4.2 13 140   M    M   4        22 140
22 100  76  88   2   0  23 0.00  0.0    0  3.6 10 170   M    M   1        17 190
23 100  75  88   2   0  23 0.04  0.0    0  2.3 12 360   M    M   3        18 360
24  96  76  86   1   0  21 0.02  0.0    0  2.3 13 140   M    M   5 1      18 140
25  90  76  83  -2   0  18 0.23  0.0    0  5.8 13  70   M    M   4 13     25  70
26  76  72  74 -11   0   9 5.08  0.0    0 14.1 22  30   M    M  10 1      42  10
27  74  70  72 -13   0   7 2.57  0.0    M 11.6 23  30   M    M  10 1      45 360
28  86  70  78  -7   0  13 0.06  0.0    0 10.2 18  20   M    M   6        30  10
29  90  70  80  -5   0  15 0.00  0.0    0  7.7 16  20   M    M   2        27 360
30  93  70  82  -2   0  17 0.00  0.0    0  5.2 14 360   M    M   0        21 340
31  93  68  81  -3   0  16 0.00  0.0    0  3.3  8 300   M    M   2        14 310
================================================================================
SM 2962 2327         0 638 10.44     0.0 163.2          M       98
================================================================================
AV 95.5 75.1                               5.3 FASTST   M    M   3    MAX(MPH)
                                 MISC ---->  # 23  30               # 45  360
================================================================================
NOTES:
# LAST OF SEVERAL OCCURRENCES

COLUMN 17 PEAK WIND IN M.P.H.

SYMBOLS USED IN COLUMN 16
1 = FOG OR MIST
2 = FOG REDUCING VISIBILITY
3 = THUNDER
4 = ICE PELLETS
5 = HAIL
6 = FREEZING RAIN OR DRIZZLE
7 = DUSTSTORM OR SANDSTORM:
8 = SMOKE OR HAZE
9 = BLOWING SNOW
X = TORNADO

$$
