000
CXUS54 KEWX 011843
CLMATT

CLIMATE REPORT
NATIONAL WEATHER SERVICE AUSTIN/SAN ANTONIO, TX
142 PM CDT WED JUL 1 2015

...................................

...THE AUSTIN CAMP MABRY CLIMATE SUMMARY FOR THE MONTH OF JUNE 2015...

CLIMATE NORMAL PERIOD 1981 TO 2010
CLIMATE RECORD PERIOD 1897 TO 2015

WEATHER         OBSERVED          NORMAL  DEPART  LAST YEAR`S
                 VALUE   DATE(S)  VALUE   FROM    VALUE  DATE(S)
                                          NORMAL
................................................................
TEMPERATURE (F)
HIGHEST            95   06/13                         96  06/30
                        06/09
LOWEST             64   06/01                         64  06/10
AVG. MAXIMUM     90.2              92.1    -1.9     91.0
AVG. MINIMUM     71.9              72.3    -0.4     73.1
MEAN             81.1              82.2    -1.1     82.0
DAYS MAX >= 90     19                                 23
DAYS MAX <= 32      0                                  0
DAYS MIN <= 32      0                                  0
DAYS MIN <= 0       0                                  0

PRECIPITATION (INCHES)
TOTALS           8.89              4.33    4.56     3.08
DAILY AVG.       0.30              0.14    0.16     0.10
DAYS >= .01        11                                  8
DAYS >= .10         8                                  5
DAYS >= .50         6                                  2
DAYS >= 1.00        4                                  1
GREATEST
 24 HR. TOTAL    2.81   06/16 TO 06/17

SNOWFALL (INCHES)
TOTALS            0.0               0.0     0.0      0.0
SINCE 7/1           T

DEGREE_DAYS
HEATING TOTAL       0                 0       0        0
 SINCE 7/1       1698              1539     159     1776
COOLING TOTAL     490               516     -26      519
 SINCE 1/1       1091              1129     -38     1093
.................................................................

WIND (MPH)
AVERAGE WIND SPEED              4.0
HIGHEST WIND SPEED/DIRECTION    23/120    DATE  06/17
HIGHEST GUST SPEED/DIRECTION    29/200    DATE  06/21

SKY COVER
POSSIBLE SUNSHINE (PERCENT)   MM
AVERAGE SKY COVER           0.30
NUMBER OF DAYS FAIR           17
NUMBER OF DAYS PC             11
NUMBER OF DAYS CLOUDY          2

AVERAGE RH (PERCENT)     75

WEATHER CONDITIONS. NUMBER OF DAYS WITH
THUNDERSTORM             12     MIXED PRECIP               0
HEAVY RAIN                9     RAIN                       7
LIGHT RAIN               11     FREEZING RAIN              0
LT FREEZING RAIN          0     HAIL                       0
HEAVY SNOW                0     SNOW                       0
LIGHT SNOW                0     SLEET                      0
FOG                      12     FOG W/VIS <= 1/4 MILE      0
HAZE                      0

-  INDICATES NEGATIVE NUMBERS.
R  INDICATES RECORD WAS SET OR TIED.
MM INDICATES DATA IS MISSING.
T  INDICATES TRACE AMOUNT.

&&

[MONTHLY CLIMATE SUMMARY]
JUNE WAS THE 8TH WETTEST JUNE ON RECORD AND THE 28TH COOLEST JUNE
SINCE RECORD KEEPING BEGAN.

JUNE ALSO ENDED THE WETTEST FIRST HALF OF THE YEAR...JANUARY 1
THROUGH JUNE 30...IN AUSTIN AREA HISTORY WITH 39.14" OF RAIN. THIS
BREAKS THE OLD RECORD OF 33.29" DURING THE FIRST HALF OF 1900.

[SEA LEVEL PRESSURE DATA]
HIGHEST SLP OF 30.15 INCHES ON THE 24TH
LOWEST SLP OF 29.72 INCHES ON THE 11TH.

PRELIMINARY LOCAL CLIMATOLOGICAL DATA (WS FORM: F-6)

                                          STATION:   AUSTIN CAMP MABRY
                                          MONTH:     JUNE
                                          YEAR:      2015
                                          LATITUDE:   30 17 N
                                          LONGITUDE:  97 42 W

  TEMPERATURE IN F:       :PCPN:    SNOW:  WIND      :SUNSHINE: SKY     :PK WND
================================================================================
1   2   3   4   5  6A  6B    7    8   9   10  11  12  13   14  15   16   17  18
                                     12Z  AVG MX 2MIN
DY MAX MIN AVG DEP HDD CDD  WTR  SNW DPTH SPD SPD DIR MIN PSBL S-S WX    SPD DR
================================================================================

 1  88  64  76  -4   0  11 0.00  0.0    0  1.8  8 120   M    M   1        12 110
 2  90  67  79  -1   0  14 0.00  0.0    0  2.5  9 170   M    M   1        16 160
 3  89  67  78  -2   0  13 0.00  0.0    0  4.5 13 140   M    M   2        20 120
 4  88  68  78  -3   0  13 0.00  0.0    0  4.0 12 130   M    M   1        16 130
 5  90  69  80  -1   0  15    T  0.0    0  3.6 12 110   M    M   2        17 100
 6  90  70  80  -1   0  15 0.00  0.0    0  2.7  9 140   M    M   1        14 120
 7  91  70  81   0   0  16 0.00  0.0    0  4.3 12 150   M    M   1        17 150
 8  93  71  82   1   0  17 0.00  0.0    0  2.7  9 130   M    M   0        13 170
 9  95  72  84   3   0  19 0.00  0.0    0  3.0  8 160   M    M   0        13 170
10  93  72  83   1   0  18 0.00  0.0    0  4.0 10 120   M    M   1        16 120
11  94  73  84   2   0  19 0.00  0.0    0  7.0 15 150   M    M   3        25 150
12  93  75  84   2   0  19 0.01  0.0    0  6.3 13 150   M    M   6        20 200
13  95  75  85   3   0  20    T  0.0    0  7.1 18 140   M    M   5        29 140
14  86  72  79  -3   0  14 1.34  0.0    0  5.6 13 210   M    M   7 13     22 190
15  89  74  82   0   0  17 0.19  0.0    0  3.9 16 120   M    M   6 13     24 130
16  83  73  78  -4   0  13 1.34  0.0    0  6.9 15 340   M    M   9 13     25  20
17  89  72  81  -1   0  16 2.66  0.0    0  4.8 23 120   M    M   8 13     15 130
18  90  73  82  -1   0  17 0.00  0.0    0  3.7 12 150   M    M   4 3      21 150
19  84  71  78  -5   0  13 1.09  0.0    0  1.2 13 140   M    M   5 13     22 150
20  83  72  78  -5   0  13 0.49  0.0    0  3.3 17 200   M    M   5 13     26 210
21  86  72  79  -4   0  14 0.93  0.0    0  4.2 17 210   M    M   7 13     29 200
22  89  72  81  -2   0  16 0.00  0.0    0  4.9 10 150   M    M   6 1      17 140
23  92  75  84   1   0  19 0.00  0.0    0  5.0 13 160   M    M   6 3      20 140
24  92  74  83   0   0  18 0.00  0.0    0  2.8 12 130   M    M   4        16 150
25  93  73  83   0   0  18 0.00  0.0    0  4.0 12 150   M    M   2        17 170
26  93  76  85   1   0  20 0.00  0.0    0  5.5 10 190   M    M   2        18 150
27  91  74  83  -1   0  18 0.01  0.0    0  1.4 14 350   M    M   1 13     22  10
28  91  73  82  -2   0  17 0.08  0.0    0  1.9 13 150   M    M   3 13     17 150
29  93  74  84   0   0  19 0.00  0.0    0  4.8 10 180   M    M   2 1      18 190
30  94  73  84   0   0  19 0.75  0.0    0  3.5 14 190   M    M   3 13     26 180
================================================================================
SM 2707 2156         0 490  8.89     0.0 120.9          M      104
================================================================================
AV 90.2 71.9                               4.0 FASTST   M    M   3    MAX(MPH)
                                 MISC ---->  # 23 120               # 29  140
================================================================================
NOTES:
# LAST OF SEVERAL OCCURRENCES

COLUMN 17 PEAK WIND IN M.P.H.

SYMBOLS USED IN COLUMN 16
1 = FOG OR MIST
2 = FOG REDUCING VISIBILITY
3 = THUNDER
4 = ICE PELLETS
5 = HAIL
6 = FREEZING RAIN OR DRIZZLE
7 = DUSTSTORM OR SANDSTORM:
8 = SMOKE OR HAZE
9 = BLOWING SNOW
X = TORNADO

$$
