000
CXUS54 KEWX 011909
CLMATT

SATCLMATT 000
TTAA00 KEWX 011854


CLIMATE REPORT
NATIONAL WEATHER SERVICE AUSTIN/SAN ANTONIO, TX
205 PM CDT SUN MAY 1 2016

...................................

...THE AUSTIN CAMP MABRY CLIMATE SUMMARY FOR THE MONTH OF APRIL 2016...

CLIMATE NORMAL PERIOD 1981 TO 2010
CLIMATE RECORD PERIOD 1897 TO 2016

WEATHER         OBSERVED          NORMAL  DEPART  LAST YEAR`S
                 VALUE   DATE(S)  VALUE   FROM    VALUE  DATE(S)
                                          NORMAL
................................................................
TEMPERATURE (F)
HIGHEST            90   04/27                         93  04/25
LOWEST             44   04/03                         49  04/29
AVG. MAXIMUM     80.6              79.8     0.8     80.6
AVG. MINIMUM     59.5              58.6     0.9     61.8
MEAN             70.1              69.2     0.9     71.2
DAYS MAX >= 90      1                                  1
DAYS MAX <= 32      0                                  0
DAYS MIN <= 32      0                                  0
DAYS MIN <= 0       0                                  0

PRECIPITATION (INCHES)
TOTALS           7.12              2.09    5.03     2.31
DAILY AVG.       0.24              0.07    0.17     0.08
DAYS >= .01        11                                 11
DAYS >= .10        10                                  4
DAYS >= .50         6                                  2
DAYS >= 1.00        3                                  0
GREATEST
 24 HR. TOTAL    2.35   04/17 TO 04/18

SNOWFALL (INCHES)
TOTALS              T               0.0     0.0        T
SINCE 7/1           T

DEGREE_DAYS
HEATING TOTAL      14                38     -24       12
 SINCE 7/1       1080              1537    -457     1698
COOLING TOTAL     173               164       9      205
 SINCE 1/1        322               252      70      278
.................................................................

WIND (MPH)
AVERAGE WIND SPEED              5.1
HIGHEST WIND SPEED/DIRECTION    21/150    DATE  04/10
HIGHEST GUST SPEED/DIRECTION    37/300    DATE  04/27

SKY COVER
POSSIBLE SUNSHINE (PERCENT)   MM
AVERAGE SKY COVER           0.40
NUMBER OF DAYS FAIR           13
NUMBER OF DAYS PC              9
NUMBER OF DAYS CLOUDY          8

AVERAGE RH (PERCENT)     69

WEATHER CONDITIONS. NUMBER OF DAYS WITH
THUNDERSTORM              0     MIXED PRECIP               0
HEAVY RAIN               10     RAIN                      10
LIGHT RAIN               13     FREEZING RAIN              0
LT FREEZING RAIN          0     HAIL                       1
HEAVY SNOW                0     SNOW                       0
LIGHT SNOW                0     SLEET                      0
FOG                      18     FOG W/VIS <= 1/4 MILE      0
HAZE                      5

-  INDICATES NEGATIVE NUMBERS.
R  INDICATES RECORD WAS SET OR TIED.
MM INDICATES DATA IS MISSING.
T  INDICATES TRACE AMOUNT.

&&

MONTHLY CLIMATE SUMMARY:
APRIL 2016 WAS THE 29TH WARMEST AND 11TH WETTEST APRIL
SINCE RECORDS BEGAN.

1/4 INCH DIAMETER HAIL OBSERVED FROM 533 AM TO 536 AM CDT ON APRIL 1ST

SEA LEVEL PRESSURE DATA:
HIGHEST SLP 30.32 INCHES ON THE 2ND
LOWEST  SLP 29.53 INCHES ON THE 29TH


PRELIMINARY LOCAL CLIMATOLOGICAL DATA (WS FORM: F-6)

                                          STATION:   AUSTIN CAMP MABRY
                                          MONTH:     APRIL
                                          YEAR:      2016
                                          LATITUDE:   30 17 N
                                          LONGITUDE:  97 42 W

  TEMPERATURE IN F:       :PCPN:    SNOW:  WIND      :SUNSHINE: SKY     :PK WND
================================================================================
1   2   3   4   5  6A  6B    7    8   9   10  11  12  13   14  15   16   17  18
                                     12Z  AVG MX 2MIN
DY MAX MIN AVG DEP HDD CDD  WTR  SNW DPTH SPD SPD DIR MIN PSBL S-S WX    SPD DR
================================================================================

 1  66  51  59  -7   6   0 0.34    T    0  7.9 21 250   M    M   5 135    37 250
 2  74  45  60  -6   5   0 0.00  0.0    0  4.6 13 360   M    M   0        20 360
 3  79  44  62  -4   3   0 0.00  0.0    0  2.5 12 150   M    M   0        17 150
 4  83  53  68   2   0   3 0.00  0.0    0  4.2 12 160   M    M   0        18 200
 5  82  53  68   1   0   3 0.00  0.0    0  4.8 15 150   M    M   0        25 150
 6  82  55  69   2   0   4 0.00  0.0    0  5.6 15  10   M    M   3        23 210
 7  85  48  67   0   0   2 0.00  0.0    0  2.5  9 160   M    M   0        19 190
 8  80  55  68   1   0   3 0.00  0.0    0  4.1 12  90   M    M   0        19 100
 9  77  58  68   0   0   3 0.02  0.0    0  5.2 16 150   M    M   4 3      26 150
10  79  65  72   4   0   7    T  0.0    0  7.9 21 150   M    M  10        32 160
11  89  70  80  12   0  15    T  0.0    0  5.4 15 160   M    M   6 1      26 150
12  73  62  68   0   0   3 1.19  0.0    0  7.0 15  10   M    M  10 13     26  10
13  72  58  65  -4   0   0 0.40  0.0    0  4.3 10  90   M    M   7 1      20  70
14  77  54  66  -3   0   1 0.00  0.0    0  4.0 10 360   M    M   2 18     17  10
15  79  54  67  -2   0   2 0.00  0.0    0  4.9 14 150   M    M   3 1      22 160
16  75  64  70   1   0   5 0.25  0.0    0  7.9 16 130   M    M  10 1      28 120
17  78  64  71   1   0   6 1.34  0.0    0  6.0 16 130   M    M   9 138    25 150
18  75  63  69  -1   0   4 1.13  0.0    0  4.1 13  30   M    M   9 13     23  40
19  81  62  72   2   0   7 0.00  0.0    0  1.9  8 110   M    M   7 1      13 110
20  81  60  71   1   0   6 0.58  0.0    0  3.5 20 360   M    M   4 13     35 360
21  83  60  72   2   0   7 0.41  0.0    0  4.7 17 360   M    M   6 13     25  10
22  84  60  72   1   0   7 0.00  0.0    0  3.7 12  10   M    M   0        16  70
23  83  55  69  -2   0   4 0.00  0.0    0  2.7  9 190   M    M   0        17 180
24  79  63  71   0   0   6    T  0.0    0  6.1 13 140   M    M   5        20 150
25  88  70  79   7   0  14 0.00  0.0    0  7.2 15 140   M    M   8 1      25 170
26  86  72  79   7   0  14 0.00  0.0    0  8.9 17 140   M    M   9 18     27 150
27  90  62  76   4   0  11 0.54  0.0    0  4.6 16 320   M    M   2 13     37 300
28  87  63  75   3   0  10    T  0.0    0  6.5 15 140   M    M   5 18     25 150
29  84  75  80   8   0  15    T  0.0    0  7.2 14 180   M    M   9 18     23 190
30  86  66  76   3   0  11 0.92  0.0    0  4.4 13 280   M    M   1 13     23 280
================================================================================
SM 2417 1784        14 173  7.12    T    154.3          M      134
================================================================================
AV 80.6 59.5                               5.1 FASTST   M    M   4    MAX(MPH)
                                 MISC ---->  # 21 250               # 37  250
================================================================================
NOTES:
# LAST OF SEVERAL OCCURRENCES

COLUMN 17 PEAK WIND IN M.P.H.

SYMBOLS USED IN COLUMN 16
1 = FOG OR MIST
2 = FOG REDUCING VISIBILITY
3 = THUNDER
4 = ICE PELLETS
5 = HAIL
6 = FREEZING RAIN OR DRIZZLE
7 = DUSTSTORM OR SANDSTORM:
8 = SMOKE OR HAZE
9 = BLOWING SNOW
X = TORNADO

$$
