633
CXUS51 KGYX 040238
CLMAUG

PWMCLMAUG 000
TTAA00 KGYX 040129


CLIMATE REPORT
NATIONAL WEATHER SERVICE GRAY ME
829 PM EST WED FEB 3 2016

...................................

...THE AUGUSTA CLIMATE SUMMARY FOR THE MONTH OF JANUARY 2016...

CLIMATE NORMAL PERIOD 1981 TO 2010
CLIMATE RECORD PERIOD 1948 TO 2016

WEATHER         OBSERVED          NORMAL  DEPART  LAST YEAR`S
                 VALUE   DATE(S)  VALUE   FROM    VALUE  DATE(S)
                                          NORMAL
................................................................
TEMPERATURE (F)
RECORD
 HIGH              61   01/08/2008
 LOW              -22   01/15/1957
HIGHEST            52   01/10        48       4       48  01/19
LOWEST              0   01/05        -8       8      -12  01/08
AVG. MAXIMUM     32.1              27.6     4.5     25.4
AVG. MINIMUM     16.6              11.0     5.6      7.2
MEAN             24.4              19.3     5.1     16.3
DAYS MAX >= 90      0               0.0     0.0        0
DAYS MAX <= 32     16              19.9    -3.9       28
DAYS MIN <= 32     31              30.1     0.9       31
DAYS MIN <= 0       1               6.0    -5.0        8

PRECIPITATION (INCHES)
RECORD
 MAXIMUM         9.01   1979
 MINIMUM         0.33   2004
TOTALS           2.40              2.61   -0.21     1.62
DAILY AVG.       0.08              0.08    0.00     0.05
DAYS >= .01         7              10.3    -3.3       10
DAYS >= .10         3               5.7    -2.7        7
DAYS >= .50         1               1.6    -0.6        0
DAYS >= 1.00        1               0.4     0.6        0
GREATEST
 24 HR. TOTAL    1.85   01/10

DEGREE_DAYS
HEATING TOTAL    1253              1416    -163     1503
 SINCE 7/1       3560              4171    -611     4098
COOLING TOTAL       0                 0       0        0
 SINCE 1/1          0                 0       0        0
.................................................................

WIND (MPH)
AVERAGE WIND SPEED              7.5
HIGHEST WIND SPEED/DIRECTION    31/130    DATE  01/10
HIGHEST GUST SPEED/DIRECTION    51/170    DATE  01/10

SKY COVER
AVERAGE SKY COVER           0.40

AVERAGE RH (PERCENT)     65

WEATHER CONDITIONS. NUMBER OF DAYS WITH
THUNDERSTORM              0     HEAVY RAIN                 1
RAIN                      1     LIGHT RAIN                 1
FREEZING RAIN             0     LT FREEZING RAIN           1
HEAVY SNOW                3     SNOW                       3
LIGHT SNOW                7     FOG                       11
FOG W/VIS <= 1/4 MILE     4     HAZE                       6

-  INDICATES NEGATIVE NUMBERS.
R  INDICATES RECORD WAS SET OR TIED.
MM INDICATES DATA IS MISSING.
T  INDICATES TRACE AMOUNT.

$$

KIMBLE
