000
CXUS54 KEWX 011838
CLMAUS

CLIMATE REPORT
NATIONAL WEATHER SERVICE AUSTIN/SAN ANTONIO...TX
1238 PM CST MON FEB 1 2016

...................................

...THE AUSTIN BERGSTROM CLIMATE SUMMARY FOR THE MONTH OF JANUARY 2016...

CLIMATE NORMAL PERIOD 1981 TO 2010
CLIMATE RECORD PERIOD 1943 TO 2016

WEATHER         OBSERVED          NORMAL  DEPART  LAST YEAR`S
                 VALUE   DATE(S)  VALUE   FROM    VALUE  DATE(S)
                                          NORMAL
................................................................
TEMPERATURE (F)
HIGHEST            80   01/31                         80  01/28
                                                          01/27
                                                          01/20
LOWEST             25   01/23                         21  01/08
AVG. MAXIMUM     62.9              62.1     0.8     57.8
AVG. MINIMUM     35.7              36.3    -0.6     34.3
MEAN             49.3              49.2     0.1     46.0
DAYS MAX >= 90      0                                  0
DAYS MAX <= 32      0                                  0
DAYS MIN <= 32     14                                 11
DAYS MIN <= 0       0                                  0

PRECIPITATION (INCHES)
TOTALS           1.04              2.20   -1.16     5.28
DAILY AVG.       0.03              0.07   -0.04     0.17
DAYS >= .01         5                                  9
DAYS >= .10         3                                  9
DAYS >= .50         1                                  2
DAYS >= 1.00        0                                  1
GREATEST
 24 HR. TOTAL    0.64   01/06 TO 01/06
                        01/05 TO 01/06
                        01/06 TO 01/06

SNOWFALL (INCHES)
TOTALS            0.0                MM      MM        T
SINCE 7/1           T                MM      MM        T

DEGREE_DAYS
HEATING TOTAL     477               495     -18      581
 SINCE 7/1        972              1242    -270     1279
COOLING TOTAL       0                 5      -5        0
 SINCE 1/1          0                 0       0        0
.................................................................

WIND (MPH)
AVERAGE WIND SPEED              7.2
HIGHEST WIND SPEED/DIRECTION    33/340    DATE  01/21
HIGHEST GUST SPEED/DIRECTION    42/360    DATE  01/21

SKY COVER
POSSIBLE SUNSHINE (PERCENT)   MM
AVERAGE SKY COVER           0.40
NUMBER OF DAYS FAIR           11
NUMBER OF DAYS PC             15
NUMBER OF DAYS CLOUDY          5

AVERAGE RH (PERCENT)     67

WEATHER CONDITIONS. NUMBER OF DAYS WITH
THUNDERSTORM              0     MIXED PRECIP               0
HEAVY RAIN                1     RAIN                       1
LIGHT RAIN                9     FREEZING RAIN              0
LT FREEZING RAIN          0     HAIL                       0
HEAVY SNOW                0     SNOW                       0
LIGHT SNOW                0     SLEET                      0
FOG                       9     FOG W/VIS <= 1/4 MILE      4
HAZE                      1

-  INDICATES NEGATIVE NUMBERS.
R  INDICATES RECORD WAS SET OR TIED.
MM INDICATES DATA IS MISSING.
T  INDICATES TRACE AMOUNT.

&&

MONTHLY CLIMATE SUMMARY
JANUARY 2016 WAS THE 47TH WARMEST AND THE 23RD DRIEST SINCE RECORD
KEEPING BEGAN.

SEA LEVEL PRESSURE DATA
HIGHEST SLP 30.52 ON  1ST
LOWEST  SLP 29.67 ON  8TH

PRELIMINARY LOCAL CLIMATOLOGICAL DATA (WS FORM: F-6)

                                          STATION:   AUSTIN BERGSTROM
                                          MONTH:     JANUARY
                                          YEAR:      2016
                                          LATITUDE:   30 13 N
                                          LONGITUDE:  97 40 W

  TEMPERATURE IN F:       :PCPN:    SNOW:  WIND      :SUNSHINE: SKY     :PK WND
================================================================================
1   2   3   4   5  6A  6B    7    8   9   10  11  12  13   14  15   16   17  18
                                     12Z  AVG MX 2MIN
DY MAX MIN AVG DEP HDD CDD  WTR  SNW DPTH SPD SPD DIR MIN PSBL S-S WX    SPD DR
================================================================================

 1  50  44  47  -2  18   0    T  0.0    0 16.1 26  20   M    M  10        35  20
 2  48  43  46  -3  19   0 0.22  0.0    0  6.2 15 360   M    M  10 1      17  10
 3  61  33  47  -2  18   0    T  0.0    0  4.4 14 340   M    M   6        18 350
 4  58  32  45  -4  20   0 0.00  0.0    0  5.7 14  50   M    M   1        22  40
 5  57  29  43  -6  22   0    T  0.0    0  5.1 10  70   M    M   6        14  40
 6  53  46  50   1  15   0 0.64  0.0    0  4.5  9  50   M    M  10 138    13  70
 7  72  49  61  12   4   0    T  0.0    0  3.5 13 180   M    M   5 12     16 160
 8  66  37  52   3  13   0 0.00  0.0    0  4.6 20 300   M    M   7 12     28 310
 9  60  39  50   1  15   0 0.00  0.0    0 12.7 23 350   M    M   5        29 320
10  50  31  41  -8  24   0 0.00  0.0    0  8.4 16  10   M    M   3        21  10
11  57  30  44  -5  21   0 0.00  0.0    0  2.5  8 340   M    M   5        10 150
12  65  31  48  -1  17   0 0.00  0.0    0  3.1 10  20   M    M   0        12 330
13  66  29  48  -1  17   0 0.00  0.0    0  5.1 15 190   M    M   2 1      20 150
14  71  41  56   7   9   0 0.00  0.0    0  5.8 18 210   M    M   6        24 220
15  70  37  54   5  11   0 0.00  0.0    0  4.7 15 320   M    M   1        23 320
16  64  36  50   1  15   0 0.01  0.0    0  9.1 30 360   M    M   6        34 360
17  57  26  42  -7  23   0 0.00  0.0    0  4.9 15 180   M    M   5        19 180
18  58  29  44  -5  21   0 0.00  0.0    0  2.7 14  40   M    M   1        16  20
19  70  33  52   3  13   0 0.00  0.0    0  8.6 23 190   M    M   5 12     29 200
20  56  44  50   1  15   0    T  0.0    0  7.3 17  20   M    M   9 1      20  10
21  66  41  54   5  11   0 0.01  0.0    0 11.3 33 340   M    M   5 12     42 360
22  55  28  42  -7  23   0 0.00  0.0    0 12.1 23 350   M    M   1        29 340
23  58  25  42  -7  23   0 0.00  0.0    0  4.0 10 150   M    M   1        12 140
24  70  27  49   0  16   0 0.00  0.0    0  9.1 23 150   M    M   4 1      32 150
25  73  48  61  11   4   0 0.00  0.0    0  6.0 14 190   M    M   7        17 180
26  57  43  50   0  15   0 0.16  0.0    0 16.7 32  20   M    M   8        38  30
27  58  32  45  -5  20   0 0.00  0.0    0  9.7 20 350   M    M   4        26  20
28  72  27  50   0  15   0 0.00  0.0    0  3.5 12 310   M    M   0        17 330
29  75  31  53   3  12   0 0.00  0.0    0  8.0 23 200   M    M   1        32 210
30  77  37  57   7   8   0 0.00  0.0    0 10.4 22 180   M    M   2        29 200
31  80  50  65  15   0   0 0.00  0.0    0  8.7 20 190   M    M   4        26 190
================================================================================
SM 1950 1108       477   0  1.04     0.0 224.5          M      140
================================================================================
AV 62.9 35.7                               7.2 FASTST   M    M   5    MAX(MPH)
                                 MISC ---->  # 33 340               # 42  360
================================================================================
NOTES:
# LAST OF SEVERAL OCCURRENCES

COLUMN 17 PEAK WIND IN M.P.H.

SYMBOLS USED IN COLUMN 16
1 = FOG OR MIST
2 = FOG REDUCING VISIBILITY
3 = THUNDER
4 = ICE PELLETS
5 = HAIL
6 = FREEZING RAIN OR DRIZZLE
7 = DUSTSTORM OR SANDSTORM:
8 = SMOKE OR HAZE
9 = BLOWING SNOW
X = TORNADO

$$
