795
CXUS52 KGSP 011326 RRA
CLMAVL

CLIMATE REPORT
NATIONAL WEATHER SERVICE GREENVILLE-SPARTANBURG SC
857 AM EDT FRI SEP 1 2017

...................................

...THE ASHEVILLE CLIMATE SUMMARY FOR THE MONTH OF AUGUST 2017...

CLIMATE NORMAL PERIOD 1981 TO 2010
CLIMATE RECORD PERIOD 1869 TO 2017

WEATHER         OBSERVED          NORMAL  DEPART  LAST YEAR`S
                 VALUE   DATE(S)  VALUE   FROM    VALUE  DATE(S)
                                          NORMAL
................................................................
TEMPERATURE (F)
RECORD
 HIGH             100   08/21/1983
 LOW               42   08/29/1986
HIGHEST            88   08/22        MM      MM       90  08/26
                        08/21
                        08/20
LOWEST             54   08/06        MM      MM       61  08/30
                                                          08/29
AVG. MAXIMUM     81.7              82.9    -1.2     84.6
AVG. MINIMUM     63.9              62.9     1.0     67.4
MEAN             72.8              72.9    -0.1     76.0
DAYS MAX >= 90      0               2.6    -2.6        1
DAYS MAX <= 32      0               0.0     0.0        0
DAYS MIN <= 32      0               0.0     0.0        0
DAYS MIN <= 0       0               0.0     0.0        0

PRECIPITATION (INCHES)
RECORD
 MAXIMUM        13.75   1940
 MINIMUM         0.22   1925
TOTALS           6.35              4.40    1.95     6.65
DAILY AVG.       0.20              0.14    0.06     0.21
DAYS >= .01        16              12.7     3.3       16
DAYS >= .10         9               7.4     1.6       13
DAYS >= .50         4               2.5     1.5        3
DAYS >= 1.00        2               1.0     1.0        2
GREATEST
 24 HR. TOTAL    1.94   08/11 TO 08/12           08/08 TO 08/09
                                                          08/09 TO 08/09
                                                          08/09 TO 08/09
 STORM TOTAL       MM                                 MM
 (MM/DD(HH))            MM                    08/09(00) TO 08/09(00)
                                                 08/09(00) TO 08/09(00)9
                                                 08/09(00) TO 08/09(00)9

DEGREE_DAYS
HEATING TOTAL       0                 2      -2        0
 SINCE 7/1          0                 2      -2        0
COOLING TOTAL     251               247       4      350
 SINCE 1/1        866               757     109     1083

FREEZE DATES
RECORD
 EARLIEST     MM
 LATEST       MM
EARLIEST                        MM
LATEST                          MM
..........................................................

WIND (MPH)
AVERAGE WIND SPEED              3.8
HIGHEST WIND SPEED/DIRECTION    23/200    DATE  08/17
HIGHEST GUST SPEED/DIRECTION    31/210    DATE  08/17

SKY COVER
POSSIBLE SUNSHINE (PERCENT)   MM
AVERAGE SKY COVER           0.50
NUMBER OF DAYS FAIR           11
NUMBER OF DAYS PC             11
NUMBER OF DAYS CLOUDY          9

AVERAGE RH (PERCENT)     77

WEATHER CONDITIONS. NUMBER OF DAYS WITH
THUNDERSTORM              7     MIXED PRECIP               0
HEAVY RAIN                6     RAIN                       9
LIGHT RAIN               18     FREEZING RAIN              0
LT FREEZING RAIN          0     HAIL                       0
HEAVY SNOW                0     SNOW                       0
LIGHT SNOW                0     SLEET                      0
FOG                      18     FOG W/VIS <= 1/4 MILE      6
HAZE                      4

-  INDICATES NEGATIVE NUMBERS.
R  INDICATES RECORD WAS SET OR TIED.
MM INDICATES DATA IS MISSING.
T  INDICATES TRACE AMOUNT.

$$

LEC
