000
CXUS53 KGRR 011250
CLMAZO


CLIMATE REPORT
NATIONAL WEATHER SERVICE GRAND RAPIDS, MI
747 AM EST FRI DEC 1 2017

...................................

...THE KALAMAZOO MI CLIMATE SUMMARY FOR THE MONTH OF NOVEMBER 2017...

CLIMATE NORMAL PERIOD 1981 TO 2010
CLIMATE RECORD PERIOD 1998 TO 2017

WEATHER         OBSERVED          NORMAL  DEPART  LAST YEAR`S
                 VALUE   DATE(S)  VALUE   FROM    VALUE  DATE(S)
                                          NORMAL
................................................................
TEMPERATURE (F)
HIGHEST            63   11/28        MM      MM       77  11/01
LOWEST             19   11/10        MM      MM       21  11/22
AVG. MAXIMUM     46.6              47.6    -1.0     54.4
AVG. MINIMUM     31.9              33.4    -1.5     36.5
MEAN             39.2              40.5    -1.3     45.5
DAYS MAX >= 90      0               0.0     0.0        0
DAYS MAX <= 32      1               1.7    -0.7        0
DAYS MIN <= 32     17              14.0     3.0        6
DAYS MIN <= 0       0               0.0     0.0        0

PRECIPITATION (INCHES)
TOTALS           3.31              3.02    0.29     2.08
DAILY AVG.       0.11              0.10    0.01     0.07
DAYS >= .01        12                MM      MM       10
DAYS >= .10         8                MM      MM        5
DAYS >= .50         3                MM      MM        2
DAYS >= 1.00        0                MM      MM        0
GREATEST
 24 HR. TOTAL    0.62   11/18 TO 11/18

DEGREE_DAYS
HEATING TOTAL     765               735      30      578
 SINCE 7/1       1163              1327    -164      900
COOLING TOTAL       0                 0       0        0
 SINCE 1/1        768               675      93      912
.................................................................

WIND (MPH)
AVERAGE WIND SPEED              8.4
RESULTANT WIND SPEED/DIRECTION   3/240
HIGHEST WIND SPEED/DIRECTION    31/300    DATE  11/16
HIGHEST GUST SPEED/DIRECTION    42/300    DATE  11/16

SKY COVER
POSSIBLE SUNSHINE (PERCENT)   MM
AVERAGE SKY COVER           0.60
NUMBER OF DAYS FAIR            8
NUMBER OF DAYS PC             11
NUMBER OF DAYS CLOUDY         11

AVERAGE RH (PERCENT)     68

WEATHER CONDITIONS. NUMBER OF DAYS WITH
THUNDERSTORM              3     MIXED PRECIP               0
HEAVY RAIN                3     RAIN                       7
LIGHT RAIN               15     FREEZING RAIN              0
LT FREEZING RAIN          0     HAIL                       0
HEAVY SNOW                0     SNOW                       0
LIGHT SNOW                4     SLEET                      1
FOG                      14     FOG W/VIS <= 1/4 MILE      4
HAZE                      6

-  INDICATES NEGATIVE NUMBERS.
R  INDICATES RECORD WAS SET OR TIED.
MM INDICATES DATA IS MISSING.
T  INDICATES TRACE AMOUNT.

$$
