086
CXUS51 KBOX 010857
CLMBDL


CLIMATE REPORT
NATIONAL WEATHER SERVICE TAUNTON MA
346 AM EST MON FEB 1 2016

...................................

...THE HARTFORD CT CLIMATE SUMMARY FOR THE MONTH OF JANUARY 2016...

CLIMATE NORMAL PERIOD 1981 TO 2010
CLIMATE RECORD PERIOD 1904 TO 2016

WEATHER         OBSERVED          NORMAL  DEPART
                 VALUE   DATE(S)  VALUE   FROM
                                          NORMAL
................................................
TEMPERATURE (F)
RECORD
 HIGH              72   01/06/2007
 LOW              -26   01/22/1961
HIGHEST            59   01/10
LOWEST              5   01/05
AVG. MAXIMUM     39.4              34.5     4.9
AVG. MINIMUM     21.0              17.7     3.3
MEAN             30.2              26.1     4.1
DAYS MAX >= 90      0               0.0     0.0
DAYS MAX <= 32      6              12.3    -6.3
DAYS MIN <= 32     27              27.8    -0.8
DAYS MIN <= 0       0               2.4    -2.4

PRECIPITATION (INCHES)
RECORD
 MAXIMUM         9.61   1978
 MINIMUM         0.38   1981
TOTALS           1.96              3.23   -1.27
DAYS >= .01         4              10.8    -6.8
DAYS >= .10         3               6.1    -3.1
DAYS >= .50         1               2.6    -1.6
DAYS >= 1.00        1               0.7     0.3
GREATEST
 24 HR. TOTAL    1.46   01/10 TO 01/10

SNOWFALL (INCHES)
RECORDS
 TOTAL           57.0   2011
 SNOW DEPTH        38   01/13/1996
TOTALS            1.9              12.3   -10.4
SINCE 7/1         2.9              21.7   -18.8
SNOWDEPTH AVG.      0
GREATEST
 SNOW DEPTH         2   01/24
                        01/23
 24 HR TOTAL      1.5   01/23 TO 01/23

DEGREE_DAYS
HEATING TOTAL    1071              1206    -135
 SINCE 7/1       2725              3450    -725
COOLING TOTAL       0                 0       0
 SINCE 1/1          0                 0       0
.................................................

WIND (MPH)
AVERAGE WIND SPEED              8.9
RESULTANT WIND SPEED/DIRECTION   4/305
HIGHEST WIND SPEED/DIRECTION    36/300    DATE  01/13
HIGHEST GUST SPEED/DIRECTION    48/290    DATE  01/13

SKY COVER
POSSIBLE SUNSHINE (PERCENT)   MM
AVERAGE SKY COVER           0.60
NUMBER OF DAYS FAIR            4
NUMBER OF DAYS PC             17
NUMBER OF DAYS CLOUDY         10

AVERAGE RH (PERCENT)     59

WEATHER CONDITIONS. NUMBER OF DAYS WITH
THUNDERSTORM              0     MIXED PRECIP               0
HEAVY RAIN                1     RAIN                       2
LIGHT RAIN                3     FREEZING RAIN              0
LT FREEZING RAIN          0     HAIL                       0
HEAVY SNOW                0     SNOW                       2
LIGHT SNOW                8     SLEET                      0
FOG                       5     FOG W/VIS <= 1/4 MILE      0
HAZE                      1

-  INDICATES NEGATIVE NUMBERS.
R  INDICATES RECORD WAS SET OR TIED.
MM INDICATES DATA IS MISSING.
T  INDICATES TRACE AMOUNT.

$$

SIPPRELL
