000
CXUS51 KOKX 011622 RRA
CLMBDR

CLIMATE REPORT
NATIONAL WEATHER SERVICE NEW YORK NY
1222 PM EDT FRI MAY 1 2015

...................................

...THE BRIDGEPORT CT CLIMATE SUMMARY FOR THE MONTH OF APRIL 2015...

CLIMATE NORMAL PERIOD 1981 TO 2010
CLIMATE RECORD PERIOD 1948 TO 2015

WEATHER         OBSERVED          NORMAL  DEPART  LAST YEAR`S
                 VALUE   DATE(S)  VALUE   FROM    VALUE  DATE(S)
                                          NORMAL
................................................................
TEMPERATURE (F)
RECORD
 HIGH              91   04/28/1990
 LOW               18   04/07/1982
HIGHEST            76   04/29        MM      MM       70  04/11
LOWEST             29   04/02        MM      MM       31  04/16
AVG. MAXIMUM     58.8              57.7     1.1     56.9
AVG. MINIMUM     40.6              41.0    -0.4     39.4
MEAN             49.7              49.3     0.4     48.2
DAYS MAX >= 90      0               0.0     0.0        0
DAYS MAX <= 32      0               0.0     0.0        0
DAYS MIN <= 32      2               2.1    -0.1        2
DAYS MIN <= 0       0               0.0     0.0        0

PRECIPITATION (INCHES)
RECORD
 MAXIMUM        10.72   1983
 MINIMUM         0.69   1985
TOTALS           2.09              4.13   -2.04     5.46
DAILY AVG.       0.07              0.14   -0.07     0.18
DAYS >= .01         9              11.0    -2.0       11
DAYS >= .10         6               6.9    -0.9        6
DAYS >= .50         2               2.2    -0.2        3
DAYS >= 1.00        0               1.0    -1.0        2
GREATEST
 24 HR. TOTAL    1.38   04/20 TO 04/21           04/30 TO 04/30
                                                          04/30 TO 04/30
                                                          04/30 TO 04/30
 STORM TOTAL       MM                                 MM
 (MM/DD(HH))            MM                    04/30(00) TO 04/30(00)
                                                 04/30(00) TO 04/30(00)0
                                                 04/30(00) TO 04/30(00)0

SNOWFALL (INCHES)
TOTALS              T               0.9    -0.9      0.1
 LIQUID EQUIV      MM              0.10      MM     0.01
SINCE 7/1        59.7              27.6    32.1     57.4
 LIQUID 7/1      5.97              2.80    3.17     5.74
SNOWDEPTH AVG.      0                MM      MM        0
DAYS >= TRACE       1               0.3     0.7        2
DAYS >= 1.0         0               0.3    -0.3        0
GREATEST
 SNOW DEPTH         0   MM                            -1  04/16
 24 HR TOTAL        T   04/23 TO 04/23           04/30 TO 04/30
                                                          04/30 TO 04/30
                                                          04/30 TO 04/30
 STORM TOTAL       MM                                 MM
 (MM/DD(HH))            MM                    04/30(00) TO 04/30(00)
                                                 04/30(00) TO 04/30(00)0
                                                 04/30(00) TO 04/30(00)0

DEGREE_DAYS
HEATING TOTAL     454               471     -17      498
 SINCE 7/1       5517              5155     362     5480
COOLING TOTAL       0                 2      -2        0
 SINCE 1/1          0                 2      -2        0
.................................................

WIND (MPH)
AVERAGE WIND SPEED              9.5
HIGHEST WIND SPEED/DIRECTION    35/300    DATE  04/04
HIGHEST GUST SPEED/DIRECTION    46/290    DATE  04/04


WEATHER CONDITIONS. NUMBER OF DAYS WITH
THUNDERSTORM              0     MIXED PRECIP               0
HEAVY RAIN                2     RAIN                       3
LIGHT RAIN               14     FREEZING RAIN              0
LT FREEZING RAIN          0     HAIL                       0
HEAVY SNOW                0     SNOW                       0
LIGHT SNOW                0     SLEET                      1
FOG                      13     FOG W/VIS <= 1/4 MILE      5
HAZE                      3

-  INDICATES NEGATIVE NUMBERS.
R  INDICATES RECORD WAS SET OR TIED.
MM INDICATES DATA IS MISSING.
T  INDICATES TRACE AMOUNT.

$$
