925
CXUS51 KCTP 010659
CLMBFD

CLIMATE REPORT
NATIONAL WEATHER SERVICE STATE COLLEGE PA
241 AM EDT TUE AUG 1 2017

...................................

...THE BRADFORD CLIMATE SUMMARY FOR THE MONTH OF JULY 2017...

CLIMATE NORMAL PERIOD 1981 TO 2010
CLIMATE RECORD PERIOD 1957 TO 2017

WEATHER         OBSERVED          NORMAL  DEPART  LAST YEAR`S
                 VALUE   DATE(S)  VALUE   FROM    VALUE  DATE(S)
                                          NORMAL
................................................................
TEMPERATURE (F)
RECORD
 HIGH              97   07/22/2011
                        07/16/1988
 LOW               33   07/12/1973
                        07/18/1971
                        07/09/1963
HIGHEST            85   07/20                         87  07/23
                        07/19
LOWEST             44   07/09                         41  07/03
                                                          07/02
AVG. MAXIMUM     77.6              77.3     0.3     79.9
AVG. MINIMUM     56.2              53.3     2.9     55.4
MEAN             66.9              65.3     1.6     67.6
DAYS MAX >= 90      0                MM      MM        0
DAYS MAX <= 32      0                MM      MM        0
DAYS MIN <= 32      0                MM      MM        0
DAYS MIN <= 0       0                MM      MM        0

PRECIPITATION (INCHES)
RECORD
 MAXIMUM        10.09   1992
 MINIMUM         1.39   1966
TOTALS           5.07              4.19    0.88     4.51
DAILY AVG.       0.16              0.14    0.02     0.15
DAYS >= .01        11                MM      MM       12
DAYS >= .10         9                MM      MM        9
DAYS >= .50         2                MM      MM        2
DAYS >= 1.00        2                MM      MM        1
GREATEST
 24 HR. TOTAL    1.84   07/23 TO 07/23

DEGREE_DAYS
HEATING TOTAL      24                64     -40       31
 SINCE 7/1         24                64     -40       31
COOLING TOTAL      90                74      16      121
 SINCE 1/1        180               124      56      172
.........................................................

WIND (MPH)
AVERAGE WIND SPEED              5.3
HIGHEST WIND SPEED/DIRECTION    24/160    DATE  07/23
HIGHEST GUST SPEED/DIRECTION    39/180    DATE  07/23

SKY COVER
POSSIBLE SUNSHINE (PERCENT)   MM
AVERAGE SKY COVER           0.40
NUMBER OF DAYS FAIR           13
NUMBER OF DAYS PC             14
NUMBER OF DAYS CLOUDY          4

AVERAGE RH (PERCENT)     79

WEATHER CONDITIONS. NUMBER OF DAYS WITH
THUNDERSTORM              6     MIXED PRECIP               0
HEAVY RAIN                7     RAIN                       8
LIGHT RAIN               15     FREEZING RAIN              0
LT FREEZING RAIN          0     HAIL                       0
HEAVY SNOW                0     SNOW                       0
LIGHT SNOW                0     SLEET                      0
FOG                      25     FOG W/VIS <= 1/4 MILE      6
HAZE                      0

-  INDICATES NEGATIVE NUMBERS.
R  INDICATES RECORD WAS SET OR TIED.
MM INDICATES DATA IS MISSING.
T  INDICATES TRACE AMOUNT.

$$

LA CORTE
