455
CXUS51 KCTP 010719
CLMBFD

CLIMATE REPORT
NATIONAL WEATHER SERVICE STATE COLLEGE PA
308 AM EDT FRI MAY 1 2015

...................................

...THE BRADFORD CLIMATE SUMMARY FOR THE MONTH OF APRIL 2015...

CLIMATE NORMAL PERIOD 1981 TO 2010
CLIMATE RECORD PERIOD 1957 TO 2015

WEATHER         OBSERVED          NORMAL  DEPART  LAST YEAR`S
                 VALUE   DATE(S)  VALUE   FROM    VALUE  DATE(S)
                                          NORMAL
................................................................
TEMPERATURE (F)
RECORD
 HIGH              85   04/28/1990
                        04/27/1990
 LOW                6   04/07/1982
                        04/01/1964

HIGHEST            75   04/13                         77  04/13
LOWEST             19   04/01                         15  04/16
AVG. MAXIMUM     55.2              54.9     0.3     56.2
AVG. MINIMUM     33.1              32.3     0.8     32.9
MEAN             44.1              43.6     0.5     44.5
DAYS MAX >= 90      0                MM      MM        0
DAYS MAX <= 32      1                MM      MM        0
DAYS MIN <= 32     13                MM      MM       14
DAYS MIN <= 0       0                MM      MM        0

PRECIPITATION (INCHES)
RECORD
 MAXIMUM         7.62   2011
 MINIMUM         0.59   2010

TOTALS           4.23              3.55    0.68     4.26
DAILY AVG.       0.14              0.12    0.02     0.14
DAYS >= .01        19                MM      MM       12
DAYS >= .10        11                MM      MM       10
DAYS >= .50         3                MM      MM        3
DAYS >= 1.00        0                MM      MM        0
GREATEST
 24 HR. TOTAL    0.92   04/19 TO 04/20



DEGREE_DAYS
HEATING TOTAL     598               644     -46      608
 SINCE 7/1       7666              7251     415     7451
COOLING TOTAL       0                 2      -2        2
 SINCE 1/1          0                 2      -2        2
..........................................................

WIND (MPH)
AVERAGE WIND SPEED              8.3
HIGHEST WIND SPEED/DIRECTION    29/230    DATE  04/21
HIGHEST GUST SPEED/DIRECTION    43/230    DATE  04/21

SKY COVER
POSSIBLE SUNSHINE (PERCENT)   MM
AVERAGE SKY COVER           0.60
NUMBER OF DAYS FAIR            9
NUMBER OF DAYS PC             12
NUMBER OF DAYS CLOUDY          9

AVERAGE RH (PERCENT)     67

WEATHER CONDITIONS. NUMBER OF DAYS WITH
THUNDERSTORM              1     MIXED PRECIP               0
HEAVY RAIN                6     RAIN                      10
LIGHT RAIN               18     FREEZING RAIN              0
LT FREEZING RAIN          0     HAIL                       0
HEAVY SNOW                1     SNOW                       2
LIGHT SNOW                6     SLEET                      0
FOG                      24     FOG W/VIS <= 1/4 MILE      5
HAZE                      3

-  INDICATES NEGATIVE NUMBERS.
R  INDICATES RECORD WAS SET OR TIED.
MM INDICATES DATA IS MISSING.
T  INDICATES TRACE AMOUNT.

$$

LA CORTE
