884
CXUS51 KCTP 010746 RRA
CLMBFD

CLIMATE REPORT
NATIONAL WEATHER SERVICE STATE COLLEGE PA
236 AM EST FRI DEC 1 2017

...................................

...THE BRADFORD CLIMATE SUMMARY FOR THE MONTH OF NOVEMBER 2017...

CLIMATE NORMAL PERIOD 1981 TO 2010
CLIMATE RECORD PERIOD 1957 TO 2017

WEATHER         OBSERVED          NORMAL  DEPART  LAST YEAR`S
                 VALUE   DATE(S)  VALUE   FROM    VALUE  DATE(S)
                                          NORMAL
................................................................
TEMPERATURE (F)
RECORD
 HIGH              74   11/04/2015
                        11/04/2003
                        07/09/1936
 LOW               -2   11/30/1976
HIGHEST            60   11/28                         72  11/02
                        11/03
LOWEST              5   11/11                         17  11/23

AVG. MAXIMUM     45.0              45.0     0.0     50.1
AVG. MINIMUM     26.7              28.9    -2.2     29.8
MEAN             35.8              37.0    -1.2     40.0
DAYS MAX >= 90      0                MM      MM        0
DAYS MAX <= 32      3                MM      MM        2
DAYS MIN <= 32     25                MM      MM       21
DAYS MIN <= 0       0                MM      MM        0

PRECIPITATION (INCHES)
RECORD
 MAXIMUM         8.93   1985
 MINIMUM         0.40   2000

TOTALS           4.05              3.76    0.29     1.86
DAILY AVG.       0.14              0.13    0.01     0.06
DAYS >= .01        15                MM      MM       14
DAYS >= .10         9                MM      MM        6
DAYS >= .50         3                MM      MM        0
DAYS >= 1.00        0                MM      MM        0
GREATEST
 24 HR. TOTAL    0.75   11/01 TO 11/01

DEGREE_DAYS
HEATING TOTAL     866               842      24      743
 SINCE 7/1       1534              1835    -301     1388
COOLING TOTAL       0                 0       0        0
 SINCE 1/1        264               193      71      370
.................................................

WIND (MPH)
AVERAGE WIND SPEED              7.6
HIGHEST WIND SPEED/DIRECTION    29/310    DATE  11/09
HIGHEST GUST SPEED/DIRECTION    37/300    DATE  11/09

SKY COVER
POSSIBLE SUNSHINE (PERCENT)   MM
AVERAGE SKY COVER           0.60
NUMBER OF DAYS FAIR            8
NUMBER OF DAYS PC              9
NUMBER OF DAYS CLOUDY         12

AVERAGE RH (PERCENT)     76

WEATHER CONDITIONS. NUMBER OF DAYS WITH
THUNDERSTORM              1     MIXED PRECIP               0
HEAVY RAIN                2     RAIN                       8
LIGHT RAIN               17     FREEZING RAIN              0
LT FREEZING RAIN          2     HAIL                       0
HEAVY SNOW                0     SNOW                       4
LIGHT SNOW               11     SLEET                      0
FOG                      21     FOG W/VIS <= 1/4 MILE      1
HAZE                      3

-  INDICATES NEGATIVE NUMBERS.
R  INDICATES RECORD WAS SET OR TIED.
MM INDICATES DATA IS MISSING.
T  INDICATES TRACE AMOUNT.

$$

LA CORTE
