000
CXUS46 KHNX 020550
CLMBFL


CLIMATE REPORT
NATIONAL WEATHER SERVICE SAN JOAQUIN VALLEY, CA
1001 PM PDT SAT APR 1 2017

...................................

...THE BAKERSFIELD CLIMATE SUMMARY FOR THE MONTH OF MARCH 2017...

CLIMATE NORMAL PERIOD 1981 TO 2010
CLIMATE RECORD PERIOD 1889 TO 2017

WEATHER         OBSERVED          NORMAL  DEPART  LAST YEAR`S
                 VALUE   DATE(S)  VALUE   FROM    VALUE  DATE(S)
                                          NORMAL
................................................................
TEMPERATURE (F)
RECORD
 HIGH              94   03/29/2004
                        03/15/1916
                        03/11/1916
 LOW               20   03/03/1917
HIGHEST            90   03/15        MM      MM       83  03/18
                                                          03/10
LOWEST             34   03/06        MM      MM       40  03/23
AVG. MAXIMUM     72.4              68.7     3.7     72.5
AVG. MINIMUM     47.4              46.5     0.9     48.5
MEAN             59.9              57.6     2.3     60.5
DAYS MAX >= 90      1               0.1     0.9        0
DAYS MIN <= 32      0               0.0     0.0        0

PRECIPITATION (INCHES)
RECORD
 MAXIMUM         4.61   1938
TOTALS           0.16              1.21   -1.05     0.45
DAYS >= .01         5               6.5    -1.5        4
DAYS >= .10         0               3.6    -3.6        2
DAYS >= .50         0               0.5    -0.5        0
DAYS >= 1.00        0               0.0     0.0        0
GREATEST
 24 HR. TOTAL    0.04   03/22 TO 03/22

SNOWFALL (INCHES)
RECORDS
 TOTAL            1.5   1974
TOTALS            0.0               0.0

DEGREE_DAYS
HEATING TOTAL     172               239     -67      140
 SINCE 7/1       1540              2013    -473     1658
COOLING TOTAL      24                 9      15        6
 SINCE 1/1         26                 9      17        6
.................................................................

WIND (MPH)
AVERAGE WIND SPEED              4.9
HIGHEST WIND SPEED/DIRECTION    35/320    DATE  03/30
HIGHEST GUST SPEED/DIRECTION    41/330    DATE  03/30

AVERAGE RH (PERCENT)     61

WEATHER CONDITIONS. NUMBER OF DAYS WITH
THUNDERSTORM              0     RAIN                       0
HAIL                      0     FOG                       10
FOG W/VIS <= 1/4 MILE     0     HAZE                      10

-  INDICATES NEGATIVE NUMBERS.
R  INDICATES RECORD WAS SET OR TIED.
MM INDICATES DATA IS MISSING.
T  INDICATES TRACE AMOUNT.

$$
