000
CXUS46 KHNX 011718
CLMBFL


CLIMATE REPORT
NATIONAL WEATHER SERVICE SAN JOAQUIN VALLEY, CA
911 AM PST WED MAR 1 2017

...................................

...THE BAKERSFIELD CLIMATE SUMMARY FOR THE MONTH OF FEBRUARY 2017...

CLIMATE NORMAL PERIOD 1981 TO 2010
CLIMATE RECORD PERIOD 1889 TO 2017

WEATHER         OBSERVED          NORMAL  DEPART  LAST YEAR`S
                 VALUE   DATE(S)  VALUE   FROM    VALUE  DATE(S)
                                          NORMAL
................................................................
TEMPERATURE (F)
RECORD
 HIGH              88   02/16/1902
 LOW               20   02/12/1901
                        02/11/1901
                        02/11/1900
HIGHEST            75   02/15        MM      MM       82  02/24
LOWEST             33   02/25        MM      MM       33  02/03
AVG. MAXIMUM     64.8              62.8     2.0     69.4
AVG. MINIMUM     47.1              42.4     4.7     43.1
MEAN             55.9              52.6     3.3     56.3
DAYS MAX >= 90      0               0.0     0.0        0
DAYS MIN <= 32      0               0.8    -0.8        0

PRECIPITATION (INCHES)
RECORD
 MAXIMUM         5.36   1998
TOTALS           1.46              1.24    0.22     0.18
DAYS >= .01        10               7.1     2.9        2
DAYS >= .10         5               3.6     1.4        1
DAYS >= .50         0               0.7    -0.7        0
DAYS >= 1.00        0               0.0     0.0        0
GREATEST
 24 HR. TOTAL    0.44   02/10 TO 02/11

SNOWFALL (INCHES)
RECORDS
 TOTAL              T   1994
TOTALS            0.0               0.0

DEGREE_DAYS
HEATING TOTAL     248               348    -100      250
 SINCE 7/1       1368              1774    -406     1518
COOLING TOTAL       0                 0       0        0
 SINCE 1/1          2                 0       2        0
.................................................................

WIND (MPH)
AVERAGE WIND SPEED              5.4
HIGHEST WIND SPEED/DIRECTION    38/150    DATE  02/17
HIGHEST GUST SPEED/DIRECTION    51/140    DATE  02/17

AVERAGE RH (PERCENT)     68

WEATHER CONDITIONS. NUMBER OF DAYS WITH
THUNDERSTORM              0     RAIN                       7
HAIL                      0     FOG                       12
FOG W/VIS <= 1/4 MILE     2     HAZE                      10

-  INDICATES NEGATIVE NUMBERS.
R  INDICATES RECORD WAS SET OR TIED.
MM INDICATES DATA IS MISSING.
T  INDICATES TRACE AMOUNT.

$$
