000
CXUS51 KBGM 030316 CCA
CLMBGM

CLIMATE REPORT...CORRECTED
NATIONAL WEATHER SERVICE BINGHAMTON NY
1015 PM EST FRI DEC 2 2016

...................................

...THE BINGHAMTON NY CLIMATE SUMMARY FOR THE MONTH OF NOVEMBER 2016...

CLIMATE NORMAL PERIOD 1981 TO 2010
CLIMATE RECORD PERIOD 1951 TO 2016

WEATHER         OBSERVED          NORMAL  DEPART  LAST YEAR`S
                 VALUE   DATE(S)  VALUE   FROM    VALUE  DATE(S)
                                          NORMAL
................................................................
TEMPERATURE (F)
RECORD
 HIGH              77   11/02/1982
 LOW                3   11/30/1976
HIGHEST            66   11/19        44      22       73  11/04
                        11/02
LOWEST             23   11/23        31      -8       19  11/30
                        11/21
AVG. MAXIMUM     48.0              45.1     2.9     52.3
AVG. MINIMUM     32.3              31.4     0.9     35.9
MEAN             40.2              38.3     1.9     44.1
DAYS MAX >= 90      0               0.0     0.0        0
DAYS MAX <= 32      4               3.2     0.8        1
DAYS MIN <= 32     17              16.4     0.6       13
DAYS MIN <= 0       0               0.0     0.0        0

PRECIPITATION (INCHES)
RECORD
 MAXIMUM         7.52   1972
 MINIMUM         1.01   1960
TOTALS           2.11              3.30   -1.19     2.64
DAILY AVG.       0.07              0.11   -0.04     0.09
DAYS >= .01        13              14.6    -1.6        9
DAYS >= .10         8               7.0     1.0        4
DAYS >= .50         0               2.0    -2.0        1
DAYS >= 1.00        0               0.5    -0.5        1
GREATEST
 24 HR. TOTAL    1.23   11/20 TO 11/21

SNOWFALL (INCHES)
RECORDS
 TOTAL           33.9   1995
 24 HR TOTAL     11.2   11/30/1993 TO 12/01/1993
 SNOW DEPTH        13   11/15/1995
                        11/01/1993
TOTALS           27.6               5.8    21.8      0.8
SINCE 7/1        28.6               6.8    21.8      1.1
SNOWDEPTH AVG.      2                MM      MM        0
DAYS >= TRACE       7               6.0     1.0        5
DAYS >= 1.0         4               2.2     1.8        0
GREATEST
 SNOW DEPTH        15R  11/22                          0  MM
 24 HR TOTAL     12.9   11/20 TO 11/21

DEGREE_DAYS
HEATING TOTAL     738               803     -65      619
 SINCE 7/1       1349              1575    -226     1270
COOLING TOTAL       0                 0       0        0
 SINCE 1/1        563               381     182      443
.................................................................

WIND (MPH)
AVERAGE WIND SPEED              8.3
RESULTANT WIND SPEED/DIRECTION   4/276
HIGHEST WIND SPEED/DIRECTION    30/140    DATE  11/30
HIGHEST GUST SPEED/DIRECTION    42/310    DATE  11/21

SKY COVER
POSSIBLE SUNSHINE (PERCENT)   MM
AVERAGE SKY COVER           0.60
NUMBER OF DAYS FAIR           10
NUMBER OF DAYS PC              7
NUMBER OF DAYS CLOUDY         13

AVERAGE RH (PERCENT)     76

WEATHER CONDITIONS. NUMBER OF DAYS WITH
THUNDERSTORM              0     MIXED PRECIP               0
HEAVY RAIN                0     RAIN                       2
LIGHT RAIN               13     FREEZING RAIN              0
LT FREEZING RAIN          1     HAIL                       0
HEAVY SNOW                2     SNOW                       3
LIGHT SNOW                6     SLEET                      0
FOG                      19     FOG W/VIS <= 1/4 MILE      8
HAZE                      2

-  INDICATES NEGATIVE NUMBERS.
R  INDICATES RECORD WAS SET OR TIED.
MM INDICATES DATA IS MISSING.
T  INDICATES TRACE AMOUNT.

&&
2ND GREATEST NOVEMBER MONTHLY SNOWFALL
GREATEST 3 AND 4 DAY SNOWFALLS EVER.
CORRECTED GREATEST 24 HOUR SNOWFALL
GREATEST DAILY SNOWFALLS 20, 21, 22
DAILY RECORD LOW TIED NOVEMBER 1
$$
