000
CXUS51 KBGM 011533 AAA
CLMBGM

CLIMATE REPORT...UPDATED AND CORRECTED
NATIONAL WEATHER SERVICE BINGHAMTON NY
1133 AM EDT SAT NOV 1 2014

...................................

...THE BINGHAMTON NY CLIMATE SUMMARY FOR THE MONTH OF OCTOBER 2014...

CLIMATE NORMAL PERIOD 1981 TO 2010
CLIMATE RECORD PERIOD 1951 TO 2014

WEATHER         OBSERVED          NORMAL  DEPART  LAST YEAR`S
                 VALUE   DATE(S)  VALUE   FROM    VALUE  DATE(S)
                                          NORMAL
................................................................
TEMPERATURE (F)
RECORD
 HIGH              85   10/05/1951
 LOW               17   10/28/1976
HIGHEST            73   10/14        57      16       77  10/06
                                                          10/04
LOWEST             29   10/31        40     -11       30  10/24
AVG. MAXIMUM     58.9              56.8     2.1     60.4
AVG. MINIMUM     43.4              40.1     3.3     44.5
MEAN             51.1              48.5     2.6     52.5
DAYS MAX >= 90      0               0.0     0.0        0
DAYS MAX <= 32      0               0.0     0.0        0
DAYS MIN <= 32      4               5.3    -1.3        2
DAYS MIN <= 0       0               0.0     0.0        0

PRECIPITATION (INCHES)
RECORD
 MAXIMUM         9.43   1955
 MINIMUM         0.26   1963
TOTALS           3.29              3.33   -0.04     2.81
DAILY AVG.       0.11              0.11    0.00     0.09
DAYS >= .01        11              12.5    -1.5       11
DAYS >= .10         6               6.6    -0.6        6
DAYS >= .50         2               2.1    -0.1        2
DAYS >= 1.00        1               0.8     0.2        0
GREATEST
 24 HR. TOTAL    2.47   10/15 TO 10/16

SNOWFALL (INCHES)
RECORDS
 TOTAL           11.6   1993
 24 HR TOTAL      6.8   10/31/1993 TO 10/31/1993
 SNOW DEPTH         3   10/26/2005
                        10/25/2005
                        10/31/1993
TOTALS              T               1.0    -1.0        T
SINCE 7/1           T               1.0    -1.0        T
SNOWDEPTH AVG.      0                MM      MM        0
DAYS >= TRACE       1               0.9     0.1        3
DAYS >= 1.0         0               0.2    -0.2        0
GREATEST
 SNOW DEPTH         T   10/19                          T  10/25
 24 HR TOTAL        T   10/19 TO 10/19

DEGREE_DAYS
HEATING TOTAL     423               515     -92      392
 SINCE 7/1        650               772    -122      684
COOLING TOTAL       1                 2      -1       12
 SINCE 1/1        341               381     -40      480
.................................................................

WIND (MPH)
AVERAGE WIND SPEED              9.0
RESULTANT WIND SPEED/DIRECTION   3/233
HIGHEST WIND SPEED/DIRECTION    29/330    DATE  10/26
HIGHEST GUST SPEED/DIRECTION    41/340    DATE  10/26

SKY COVER
POSSIBLE SUNSHINE (PERCENT)   MM
AVERAGE SKY COVER           0.60
NUMBER OF DAYS FAIR            7
NUMBER OF DAYS PC             11
NUMBER OF DAYS CLOUDY         13

AVERAGE RH (PERCENT)     73

WEATHER CONDITIONS. NUMBER OF DAYS WITH
THUNDERSTORM              0     MIXED PRECIP               0
HEAVY RAIN                5     RAIN                       3
LIGHT RAIN               17     FREEZING RAIN              0
LT FREEZING RAIN          0     HAIL                       0
HEAVY SNOW                0     SNOW                       0
LIGHT SNOW                1     SLEET                      0
FOG                      15     FOG W/VIS <= 1/4 MILE      4
HAZE                      1

-  INDICATES NEGATIVE NUMBERS.
R  INDICATES RECORD WAS SET OR TIED.
MM INDICATES DATA IS MISSING.
T  INDICATES TRACE AMOUNT.

&&

CORRECTED THE GREATEST SNOW DEPTH

UPDATED TO ADD FOLLOWING RECORD REPORT
A RECORD DAILY WARMEST LOW TEMPERATURE WAS SET 10/15.
THE LOW TEMPERATURE OF 60 DEGREES BREAKS THE OLD RECORD
OF 58 SET IN 1960.

$$

TAC
