000
CXUS51 KRLX 011506
CLMBKW


CLIMATE REPORT
NATIONAL WEATHER SERVICE CHARLESTON WV
1100 AM EDT SAT JUL 1 2017

...................................

...THE BECKLEY CLIMATE SUMMARY FOR THE MONTH OF JUNE 2017...

CLIMATE NORMAL PERIOD 1981 TO 2010
CLIMATE RECORD PERIOD 1963 TO 2017

WEATHER         OBSERVED          NORMAL  DEPART  LAST YEAR`S
                 VALUE   DATE(S)  VALUE   FROM    VALUE  DATE(S)
                                          NORMAL
................................................................
TEMPERATURE (F)
RECORD
 HIGH              96   06/29/2012
 LOW               32   06/11/1972
HIGHEST            85   06/15                         86
LOWEST             46   06/07                         47
AVG. MAXIMUM     77.2              77.0     0.2     78.6
AVG. MINIMUM     56.6              57.8    -1.2     59.2
MEAN             66.9              67.4    -0.5     68.9
DAYS MAX >= 90      0               0.0     0.0        0
DAYS MAX <= 32      0               0.0     0.0        0
DAYS MIN <= 32      0               0.0     0.0        0
DAYS MIN <= 0       0               0.0     0.0        0

PRECIPITATION (INCHES)
RECORD
 MAXIMUM         8.07   2016
 MINIMUM         1.26   1999
TOTALS           7.37              4.00    3.37     8.07
DAILY AVG.       0.25              0.13    0.12     0.27
DAYS >= .01         9              13.2    -4.2       13
DAYS >= .10         6               8.5    -2.5       12
DAYS >= .50         4               2.8     1.2        6
DAYS >= 1.00        3               0.7     2.3        3
GREATEST
 24 HR. TOTAL    3.04   06/05 TO 06/05           06/26 TO 06/27
                                                          06/27 TO 06/27
                                                          06/27 TO 06/28

SNOWFALL (INCHES)
RECORDS
 TOTAL             MM   MM
TOTALS            0.0               0.0     0.0      0.0
SINCE 7/1        26.0              62.0   -36.0     45.5
SNOWDEPTH AVG.      0                MM      MM        0
DAYS >= 1.0         0               0.0     0.0        0
GREATEST
 SNOW DEPTH         0   MM                             0
 24 HR TOTAL      0.0   06/30 TO 06/30               0.0

DEGREE_DAYS
HEATING TOTAL      38                39      -1       16
 SINCE 7/1       4255              5340   -1085     4395
COOLING TOTAL     101               111     -10      139
 SINCE 1/1        166               152      14      180
.........................................................

WIND (MPH)
AVERAGE WIND SPEED              5.8
HIGHEST WIND SPEED/DIRECTION    40/340    DATE  06/13
HIGHEST GUST SPEED/DIRECTION    57/340    DATE  06/13

SKY COVER
POSSIBLE SUNSHINE (PERCENT)   MM
AVERAGE SKY COVER           0.30
NUMBER OF DAYS FAIR           18
NUMBER OF DAYS PC             10
NUMBER OF DAYS CLOUDY          2

AVERAGE RH (PERCENT)     70

WEATHER CONDITIONS. NUMBER OF DAYS WITH
THUNDERSTORM              0     MIXED PRECIP               0
HEAVY RAIN                5     RAIN                       5
LIGHT RAIN               11     FREEZING RAIN              0
LT FREEZING RAIN          0     HAIL                       0
HEAVY SNOW                0     SNOW                       0
LIGHT SNOW                0     SLEET                      0
FOG                      12     FOG W/VIS <= 1/4 MILE      3
HAZE                      1

-  INDICATES NEGATIVE NUMBERS.
R  INDICATES RECORD WAS SET OR TIED.
MM INDICATES DATA IS MISSING.
T  INDICATES TRACE AMOUNT.

$$
