000
CXUS56 KBOI 011733
CLMBNO


CLIMATE REPORT
NATIONAL WEATHER SERVICE BOISE ID
1132 AM MDT TUE SEP 1 2015

...................................

...THE BURNS OR CLIMATE SUMMARY FOR THE MONTH OF AUGUST 2015...

CLIMATE NORMAL PERIOD 1981 TO 2010
CLIMATE RECORD PERIOD 1938 TO 2015

WEATHER         OBSERVED          NORMAL  DEPART
                 VALUE   DATE(S)  VALUE   FROM
                                          NORMAL
................................................
TEMPERATURE (F)
HIGHEST           100   08/01        MM      MM
LOWEST             32   08/22        MM      MM
AVG. MAXIMUM     88.0              84.8     3.2
AVG. MINIMUM     45.1              44.9     0.2
MEAN             66.5              64.8     1.7
DAYS MAX >= 90     13
DAYS MAX <= 32      0
DAYS MIN <= 32      1
DAYS MIN <= 0       0

PRECIPITATION (INCHES)
RECORD
 MAXIMUM         1.73   1968
TOTALS           0.21              0.36   -0.15
DAYS >= .01         1
DAYS >= .10         1
DAYS >= .50         0
DAYS >= 1.00        0
GREATEST
 24 HR. TOTAL    0.21   08/03 TO 08/03

DEGREE_DAYS
HEATING TOTAL      33                79     -46
 SINCE 7/1         61               137     -76
COOLING TOTAL      88                74      14
 SINCE 1/1        313               206     107
.................................................

WIND (MPH)
AVERAGE WIND SPEED              7.1
RESULTANT WIND SPEED/DIRECTION   3/243
HIGHEST WIND SPEED/DIRECTION    36/280    DATE  08/03
HIGHEST GUST SPEED/DIRECTION    45/240    DATE  08/03

AVERAGE RH (PERCENT)     34


-  INDICATES NEGATIVE NUMBERS.
R  INDICATES RECORD WAS SET OR TIED.
MM INDICATES DATA IS MISSING.
T  INDICATES TRACE AMOUNT.

$$
