000
CXUS51 KBOX 011104
CLMBOS


CLIMATE REPORT
NATIONAL WEATHER SERVICE TAUNTON MA
654 AM EDT WED OCT 1 2014

...................................

...THE BOSTON MA CLIMATE SUMMARY FOR THE MONTH OF SEPTEMBER 2014...

CLIMATE NORMAL PERIOD 1981 TO 2010
CLIMATE RECORD PERIOD 1872 TO 2014

WEATHER         OBSERVED          NORMAL  DEPART
                 VALUE   DATE(S)  VALUE   FROM
                                          NORMAL
................................................
TEMPERATURE (F)
RECORD
 HIGH             102   MM
 LOW               34   12/31/1999
HIGHEST            93   09/02
LOWEST             46   09/19
AVG. MAXIMUM     74.2              72.4     1.8
AVG. MINIMUM     58.3              57.4     0.9
MEAN             66.2              64.9     1.3
DAYS MAX >= 90      3               0.5     2.5
DAYS MAX <= 32      0               0.0     0.0
DAYS MIN <= 32      0               0.0     0.0
DAYS MIN <= 0       0               0.0     0.0

PRECIPITATION (INCHES)
RECORD
 MAXIMUM        10.94   1933
 MINIMUM         0.21   1914
TOTALS           0.70              3.44   -2.74
DAILY AVG.       0.02              0.11   -0.09
DAYS >= .01         6               8.6    -2.6
DAYS >= .10         4               5.6    -1.6
DAYS >= .50         0               2.1    -2.1
DAYS >= 1.00        0               0.8    -0.8
GREATEST
 24 HR. TOTAL    0.54   08/31 TO 09/01

SNOWFALL (INCHES)
RECORDS
 TOTAL             MM   MM
 SNOW DEPTH        MM   MM
TOTALS            0.0               0.0     0.0
SINCE 7/1         0.0               0.0     0.0
SNOWDEPTH AVG.      0
DAYS >= 1.0         0               0.0     0.0
GREATEST
 SNOW DEPTH         0   MM
 24 HR TOTAL      0.0   09/30 TO 09/30

DEGREE_DAYS
HEATING TOTAL      76                84      -8
 SINCE 7/1         76                97     -21
COOLING TOTAL     120                81      39
 SINCE 1/1        759               740      19
.................................................

WIND (MPH)
AVERAGE WIND SPEED              8.9
RESULTANT WIND SPEED/DIRECTION   1/266
HIGHEST WIND SPEED/DIRECTION    31/320    DATE  09/06
HIGHEST GUST SPEED/DIRECTION    45/310    DATE  09/06

SKY COVER
POSSIBLE SUNSHINE (PERCENT)   MM
AVERAGE SKY COVER           0.50
NUMBER OF DAYS FAIR           10
NUMBER OF DAYS PC             16
NUMBER OF DAYS CLOUDY          4

AVERAGE RH (PERCENT)     68

WEATHER CONDITIONS. NUMBER OF DAYS WITH
THUNDERSTORM              0     MIXED PRECIP               0
HEAVY RAIN                1     RAIN                       3
LIGHT RAIN                7     FREEZING RAIN              0
LT FREEZING RAIN          0     HAIL                       0
HEAVY SNOW                0     SNOW                       0
LIGHT SNOW                0     SLEET                      0
FOG                       5     FOG W/VIS <= 1/4 MILE      0
HAZE                      0

-  INDICATES NEGATIVE NUMBERS.
R  INDICATES RECORD WAS SET OR TIED.
MM INDICATES DATA IS MISSING.
T  INDICATES TRACE AMOUNT.

$$
