113
CXUS55 KRIW 012048
CLMBPI


CLIMATE REPORT
NATIONAL WEATHER SERVICE RIVERTON WY
242 PM MDT SAT APR 1 2017

...................................

...THE BIG PINEY  WY CLIMATE SUMMARY FOR THE MONTH OF MARCH 2017...

CLIMATE NORMAL PERIOD 1981 TO 2010
CLIMATE RECORD PERIOD 1976 TO 2017

WEATHER         OBSERVED          NORMAL  DEPART
                 VALUE   DATE(S)  VALUE   FROM
                                          NORMAL
................................................
TEMPERATURE (F)
RECORD
 HIGH              69   03/31/2015
 LOW              -23   03/08/1998
                        03/04/1993
HIGHEST            54   03/19
LOWEST            -12   03/03
AVG. MAXIMUM     40.5              41.2    -0.7
AVG. MINIMUM     17.3              13.2     4.1
MEAN             28.9              27.2     1.7
DAYS MAX >= 90      0
DAYS MAX <= 32      6
DAYS MIN <= 32     31
DAYS MIN <= 0       5

PRECIPITATION (INCHES)
RECORD
 MAXIMUM         2.81   1983
 MINIMUM            T   1979
TOTALS           1.45              0.44    1.01
DAILY AVG.       0.05
DAYS >= .01         6
DAYS >= .10         5
DAYS >= .50         1
DAYS >= 1.00        0
GREATEST
 24 HR. TOTAL    0.57   03/23 TO 03/23

DEGREE_DAYS
HEATING TOTAL    1111              1172     -61
 SINCE 7/1       8541              8695    -154
COOLING TOTAL       0                 0       0
 SINCE 1/1          0                 0       0
.................................................

WIND (MPH)
AVERAGE WIND SPEED              6.7
HIGHEST WIND SPEED/DIRECTION    30/280    DATE  03/09
HIGHEST GUST SPEED/DIRECTION    40/290    DATE  03/08

SKY COVER
POSSIBLE SUNSHINE (PERCENT)   MM
AVERAGE SKY COVER           0.40
NUMBER OF DAYS FAIR           18
NUMBER OF DAYS PC             10
NUMBER OF DAYS CLOUDY          3

AVERAGE RH (PERCENT)     76

WEATHER CONDITIONS. NUMBER OF DAYS WITH
THUNDERSTORM              0     MIXED PRECIP               0
HEAVY RAIN                0     RAIN                       2
LIGHT RAIN                9     FREEZING RAIN              0
LT FREEZING RAIN          0     HAIL                       0
HEAVY SNOW                0     SNOW                       0
LIGHT SNOW                8     SLEET                      0
FOG                      10     FOG W/VIS <= 1/4 MILE      3
HAZE                      4

-  INDICATES NEGATIVE NUMBERS.
R  INDICATES RECORD WAS SET OR TIED.
MM INDICATES DATA IS MISSING.
T  INDICATES TRACE AMOUNT.

$$
