000
CXUS53 KDVN 011430
CLMBRL


CLIMATE REPORT
NATIONAL WEATHER SERVICE QUAD CITIES IA IL
923 AM CDT SAT AUG 1 2015

...................................

...THE BURLINGTON IA CLIMATE SUMMARY FOR THE MONTH OF JULY 2015...

CLIMATE NORMAL PERIOD 1981 TO 2010
CLIMATE RECORD PERIOD 1897 TO 2015

WEATHER         OBSERVED          NORMAL  DEPART
                 VALUE   DATE(S)  VALUE   FROM
                                          NORMAL
................................................
TEMPERATURE (F)
RECORD
 HIGH             111   07/15/1936
                        07/14/1936
 LOW               46   07/30/1971
HIGHEST            92   07/17        87       5
LOWEST             57   07/08        66      -9
                        07/04
AVG. MAXIMUM     83.5              86.8    -3.3
AVG. MINIMUM     66.0              66.8    -0.8
MEAN             74.7              76.8    -2.1
DAYS MAX >= 90      5
DAYS MAX <= 32      0
DAYS MIN <= 32      0
DAYS MIN <= 0       0

PRECIPITATION (INCHES)
TOTALS           7.49              4.25    3.24
DAILY AVG.       0.24              0.14    0.10
DAYS >= .01        12
DAYS >= .10         8
DAYS >= .50         4
DAYS >= 1.00        3
GREATEST
 24 HR. TOTAL    2.47   07/11 TO 07/11


DEGREE_DAYS
HEATING TOTAL       4                 1       3
 SINCE 7/1          4                 1       3
COOLING TOTAL     312               366     -54
 SINCE 1/1        629               729    -100
.................................................

WIND (MPH)
AVERAGE WIND SPEED              5.9
HIGHEST WIND SPEED/DIRECTION    32/350    DATE  07/20
HIGHEST GUST SPEED/DIRECTION    44/360    DATE  07/20

SKY COVER
POSSIBLE SUNSHINE (PERCENT)   MM
AVERAGE SKY COVER           0.20
NUMBER OF DAYS FAIR           22
NUMBER OF DAYS PC              8
NUMBER OF DAYS CLOUDY          1

AVERAGE RH (PERCENT)     79

WEATHER CONDITIONS. NUMBER OF DAYS WITH
THUNDERSTORM              0     HAIL                       0
SLEET                     0     FOG                       20
FOG W/VIS <= 1/4 MILE     2     HAZE                      10

-  INDICATES NEGATIVE NUMBERS.
R  INDICATES RECORD WAS SET OR TIED.
MM INDICATES DATA IS MISSING.
T  INDICATES TRACE AMOUNT.

$$
