000
CXUS44 KBRO 011351
CLMBRO


CLIMATE REPORT
NATIONAL WEATHER SERVICE BROWNSVILLE TX
847 AM CDT SAT JUL 1 2017

...................................

...THE BROWNSVILLE CLIMATE SUMMARY FOR THE MONTH OF JUNE 2017...

CLIMATE NORMAL PERIOD 1981 TO 2010
CLIMATE RECORD PERIOD 1878 TO 2017

WEATHER         OBSERVED          NORMAL  DEPART  LAST YEAR`S
                 VALUE   DATE(S)  VALUE   FROM    VALUE  DATE(S)
                                          NORMAL
................................................................
TEMPERATURE (F)
HIGHEST           102   06/21        95       7       97  06/30
LOWEST             71   06/08        68       3       68  06/04
                                                          06/03
AVG. MAXIMUM     94.2              92.1     2.1     91.9
AVG. MINIMUM     76.0              75.7     0.3     75.3
MEAN             85.1              83.9     1.2     83.6
DAYS MAX >= 90     27              24.4     2.6       22
DAYS MAX <= 32      0               0.0     0.0        0
DAYS MIN <= 32      0               0.0     0.0        0
DAYS MIN <= 0       0               0.0     0.0        0

PRECIPITATION (INCHES)
TOTALS           3.49              2.57    0.92     2.98
DAILY AVG.       0.12              0.09    0.03     0.10
DAYS >= .01         3               5.9    -2.9        9
DAYS >= .10         3               3.6    -0.6        6
DAYS >= .50         3               1.4     1.6        3
DAYS >= 1.00        2               0.6     1.4        0
GREATEST
 24 HR. TOTAL    1.55   06/25 TO 06/25
DEGREE_DAYS
HEATING TOTAL       0                 0       0        0
 SINCE 7/1        201               554    -353      374
COOLING TOTAL     613               567      46      565
 SINCE 1/1       2250              1660     590     1725
.................................................................

WIND (MPH)
AVERAGE WIND SPEED              10.2
HIGHEST WIND SPEED/DIRECTION    28/150    DATE  06/22
HIGHEST GUST SPEED/DIRECTION    38/150    DATE  06/22

SKY COVER
POSSIBLE SUNSHINE (PERCENT)   MM
AVERAGE SKY COVER           0.20
NUMBER OF DAYS FAIR           25
NUMBER OF DAYS PC              5
NUMBER OF DAYS CLOUDY          0

AVERAGE RH (PERCENT)     72

WEATHER CONDITIONS. NUMBER OF DAYS WITH
THUNDERSTORM              0     MIXED PRECIP               0
HEAVY RAIN                3     RAIN                       2
LIGHT RAIN                5     FREEZING RAIN              0
LT FREEZING RAIN          0     HAIL                       0
HEAVY SNOW                0     SNOW                       0
LIGHT SNOW                0     SLEET                      0
FOG                       3     FOG W/VIS <= 1/4 MILE      0
HAZE                      1

-  INDICATES NEGATIVE NUMBERS.
R  INDICATES RECORD WAS SET OR TIED.
MM INDICATES DATA IS MISSING.
T  INDICATES TRACE AMOUNT.

$$
