412
CXAK59 PAFG 012135
CLMBRW


CLIMATE REPORT
NATIONAL WEATHER SERVICE FAIRBANKS, AK
126 PM AKDT SAT JUL 1 2017

...................................

...THE BARROW AK CLIMATE SUMMARY FOR THE MONTH OF JUNE 2017...

CLIMATE NORMAL PERIOD 1981 TO 2010
CLIMATE RECORD PERIOD 1920 TO 2017

WEATHER         OBSERVED          NORMAL  DEPART  LAST YEAR`S
                 VALUE   DATE(S)  VALUE   FROM    VALUE  DATE(S)
                                          NORMAL
................................................................
TEMPERATURE (F)
RECORD
 HIGH              72   06/18/1996
 LOW                4   06/06/1969
HIGHEST            66   06/29        MM      MM       65  06/28
LOWEST             22   06/05        MM      MM       25  06/03
AVG. MAXIMUM     39.9              40.5    -0.6     44.0
AVG. MINIMUM     29.5              30.8    -1.3     31.5
MEAN             34.7              35.6    -0.9     37.7
DAYS MAX >= 90      0               0.0     0.0        0
DAYS MAX <= 32      7               2.2     4.8        1
DAYS MIN <= 32     21              19.1     1.9       21
DAYS MIN <= 0       0               0.0     0.0        0

PRECIPITATION (INCHES)
RECORD
 MAXIMUM         1.48   2014
 MINIMUM            T   1937
                        1935
                        1934
TOTALS           0.26              0.32   -0.06     0.69
DAILY AVG.       0.01              0.01    0.00     0.02
DAYS >= .01         5               5.8    -0.8       11
DAYS >= .10         1               0.9     0.1        2
DAYS >= .50         0               0.0     0.0        0
DAYS >= 1.00        0               0.0     0.0        0
GREATEST
 24 HR. TOTAL    0.20   06/20 TO 06/20           06/09 TO 06/09

SNOWFALL (INCHES)
RECORDS
 TOTAL            6.6   1933
 24 HR TOTAL       MM
 SNOW DEPTH        25   06/02/1923
                        06/01/1923
TOTALS            0.5               0.7    -0.2      1.9
SINCE 7/1        40.7              37.7     3.0     12.2
SNOWDEPTH AVG.      0                 1      -1        0
DAYS >= TRACE      14               1.7    12.3        9
DAYS >= 1.0         0               0.2    -0.2        1
GREATEST
 SNOW DEPTH         3   06/01                          0  MM
 24 HR TOTAL      0.1   06/16 TO 06/16           06/09 TO 06/09

DEGREE_DAYS
HEATING TOTAL     901               881      20      809
 SINCE 7/1      17087             19400   -2313    16911
COOLING TOTAL       0                 0       0        0
 SINCE 1/1          0                 0       0        0
..........................................................

WIND (MPH)
AVERAGE WIND SPEED              14.9
HIGHEST WIND SPEED/DIRECTION    32/100    DATE  06/28
HIGHEST GUST SPEED/DIRECTION    39/100    DATE  06/28

SKY COVER
AVERAGE SKY COVER           0.70


WEATHER CONDITIONS. NUMBER OF DAYS WITH
THUNDERSTORM              0     MIXED PRECIP               0
HEAVY RAIN                1     RAIN                       1
LIGHT RAIN                8     FREEZING RAIN              0
LT FREEZING RAIN          1     HAIL                       0
HEAVY SNOW                0     SNOW                       0
LIGHT SNOW               14     SLEET                      0
FOG                      24     FOG W/VIS <= 1/4 MILE     16
HAZE                      0

-  INDICATES NEGATIVE NUMBERS.
R  INDICATES RECORD WAS SET OR TIED.
MM INDICATES DATA IS MISSING.
T  INDICATES TRACE AMOUNT.

$$
