000
CXUS54 KLIX 011135
CLMBTR


CLIMATE REPORT
NATIONAL WEATHER SERVICE NEW ORLEANS
628 AM CDT TUE SEP 1 2015

...................................

...THE BATON ROUGE  ASOS CLIMATE SUMMARY FOR THE MONTH OF AUGUST 2015...

CLIMATE NORMAL PERIOD 1981 TO 2010
CLIMATE RECORD PERIOD 1894 TO 2015

WEATHER         OBSERVED          NORMAL  DEPART  LAST YEAR`S
                 VALUE   DATE(S)  VALUE   FROM    VALUE  DATE(S)
                                          NORMAL
................................................................
TEMPERATURE (F)
RECORD
 HIGH             110   08/18/1909
 LOW               58   08/15/2004
HIGHEST           103   08/10                         96  08/24
                                                          08/23
LOWEST             60   08/27                         65  08/15
                                                          08/14
AVG. MAXIMUM     93.6              92.5     1.1     92.0
AVG. MINIMUM     72.8              73.4    -0.6     72.8
MEAN             83.2              82.9     0.3     82.4
DAYS MAX >= 90     25              24.3     0.7       25
DAYS MAX <= 32      0               0.0     0.0        0
DAYS MIN <= 32      0               0.0     0.0        0
DAYS MIN <= 0       0               0.0     0.0        0

PRECIPITATION (INCHES)
RECORD
 MAXIMUM
 MINIMUM
TOTALS           5.30              5.82   -0.52     5.64
DAILY AVG.       0.17              0.19   -0.02     0.18
DAYS >= .01        12              11.8     0.2       12
DAYS >= .10         7               7.7    -0.7        8
DAYS >= .50         3               3.5    -0.5        3
DAYS >= 1.00        2               1.6     0.4        2
GREATEST
 24 HR. TOTAL    2.26   08/19 TO 08/20

SNOWFALL (INCHES)
RECORDS
 TOTAL
 24 HR TOTAL
 SNOW DEPTH
TOTALS            0.0               0.0     0.0      0.0
SINCE 7/1         0.0               0.0     0.0      0.0
SNOWDEPTH AVG.      0                                  0
DAYS >= TRACE       0               0.0     0.0        0
DAYS >= 1.0         0               0.0     0.0        0
GREATEST
 SNOW DEPTH         0                                  0
 24 HR TOTAL      0.0

DEGREE_DAYS
HEATING TOTAL       0                 0       0        0
 SINCE 7/1          0                 0       0        0
COOLING TOTAL     571               556      15      549
 SINCE 1/1       2373              2161     212     2028
......................................................

WIND (MPH)
AVERAGE WIND SPEED              4.7
HIGHEST WIND SPEED/DIRECTION    28/270    DATE  08/22
HIGHEST GUST SPEED/DIRECTION    33/270    DATE  08/22

SKY COVER
POSSIBLE SUNSHINE (PERCENT)
AVERAGE SKY COVER           0.20
NUMBER OF DAYS FAIR           27
NUMBER OF DAYS PC              4
NUMBER OF DAYS CLOUDY          0

AVERAGE RH (PERCENT)     69

WEATHER CONDITIONS. NUMBER OF DAYS WITH
THUNDERSTORM              0     MIXED PRECIP               0
HEAVY RAIN                5     RAIN                       4
LIGHT RAIN               11     FREEZING RAIN              0
LT FREEZING RAIN          0     HAIL                       0
HEAVY SNOW                0     SNOW                       0
LIGHT SNOW                0     SLEET                      0
FOG                      14     FOG W/VIS <= 1/4 MILE      0
HAZE                      1

-  INDICATES NEGATIVE NUMBERS.
R  INDICATES RECORD WAS SET OR TIED.
MM INDICATES DATA IS MISSING.
T  INDICATES TRACE AMOUNT.

$$
