000
CXUS52 KCAE 012150
CLMCAE


CLIMATE REPORT
NATIONAL WEATHER SERVICE COLUMBIA SC
449 PM EST FRI DEC 1 2017

...................................

...THE COLUMBIA METRO AIRPORT SC CLIMATE SUMMARY FOR THE MONTH OF NOVEMBER 2017...

CLIMATE NORMAL PERIOD 1981 TO 2010
CLIMATE RECORD PERIOD 1887 TO 2017

WEATHER         OBSERVED          NORMAL  DEPART
                 VALUE   DATE(S)  VALUE   FROM
                                          NORMAL
................................................
TEMPERATURE (F)
RECORD
 HIGH              90   11/02/1961
 LOW               12   11/25/1970
HIGHEST            85   11/03        MM      MM
LOWEST             28   11/28        MM      MM
AVG. MAXIMUM     68.9              67.3     1.6
AVG. MINIMUM     42.4              42.3     0.1
MEAN             55.6              54.8     0.8
DAYS MAX >= 90      0               0.0     0.0
DAYS MAX <= 32      0               0.0     0.0
DAYS MIN <= 32      5               5.1    -0.1
DAYS MIN <= 0       0               0.0     0.0

PRECIPITATION (INCHES)
RECORD
 MAXIMUM         7.95   1947
 MINIMUM         0.10   1919
TOTALS           1.28              2.74   -1.46
DAILY AVG.       0.04              0.09   -0.05
DAYS >= .01         9               7.3     1.7
DAYS >= .10         4               4.6    -0.6
DAYS >= .50         1               1.9    -0.9
DAYS >= 1.00        0               0.9    -0.9
GREATEST
 24 HR. TOTAL    0.56   11/09 TO 11/09
 STORM TOTAL       MM
 (MM/DD(HH))            MM

SNOWFALL (INCHES)
RECORDS
 TOTAL             MM   MM
TOTALS            0.0               0.0     0.0
SINCE 7/1         0.0               0.0     0.0
DAYS >= TRACE       0               0.0     0.0
DAYS >= 1.0         0               0.0     0.0
GREATEST
 SNOW DEPTH         0   MM

DEGREE_DAYS
HEATING TOTAL     300               321     -21
 SINCE 7/1        378               441     -63
COOLING TOTAL      25                15      10
 SINCE 1/1       2684              2167     517

FREEZE DATES
RECORD
 EARLIEST     10/15/1991
 LATEST       04/03/1964
EARLIEST      11/20             11/05
LATEST                          03/22
.................................................

WIND (MPH)
AVERAGE WIND SPEED              4.0
RESULTANT WIND SPEED/DIRECTION   1/017
HIGHEST WIND SPEED/DIRECTION    23/200    DATE  11/18
HIGHEST GUST SPEED/DIRECTION    34/190    DATE  11/18

SKY COVER
POSSIBLE SUNSHINE (PERCENT)   MM
AVERAGE SKY COVER           0.40
NUMBER OF DAYS FAIR           13
NUMBER OF DAYS PC             11
NUMBER OF DAYS CLOUDY          6

AVERAGE RH (PERCENT)     71

WEATHER CONDITIONS. NUMBER OF DAYS WITH
THUNDERSTORM              0     MIXED PRECIP               0
HEAVY RAIN                3     RAIN                       3
LIGHT RAIN               10     FREEZING RAIN              0
LT FREEZING RAIN          0     HAIL                       0
HEAVY SNOW                0     SNOW                       0
LIGHT SNOW                0     SLEET                      0
FOG                      18     FOG W/VIS <= 1/4 MILE      5
HAZE                      7

-  INDICATES NEGATIVE NUMBERS.
R  INDICATES RECORD WAS SET OR TIED.
MM INDICATES DATA IS MISSING.
T  INDICATES TRACE AMOUNT.

$$
