000
CXUS55 KGJT 011147
CLMCAG


CLIMATE REPORT
NATIONAL WEATHER SERVICE GRAND JUNCTION CO
540 AM MDT TUE APR 1 2014

...................................

...THE CRAIG CO CLIMATE SUMMARY FOR THE MONTH OF MARCH 2014...

CLIMATE NORMAL PERIOD 1981 TO 2010
CLIMATE RECORD PERIOD 9999 TO 9999

WEATHER         OBSERVED          NORMAL  DEPART  LAST YEAR`S
                 VALUE   DATE(S)  VALUE   FROM    VALUE  DATE(S)
                                          NORMAL
................................................................
TEMPERATURE (F)
HIGHEST            63   03/25        MM      MM       63  03/31
                        03/10                             03/29
LOWEST             13   03/12        MM      MM       -5  03/05
AVG. MAXIMUM     51.0              45.5     5.5     44.7
AVG. MINIMUM     21.5              19.2     2.3     18.2
MEAN             36.3              32.3     4.0     31.5
DAYS MAX >= 90      0               0.0     0.0        0
DAYS MAX <= 32      0               3.4    -3.4        3
DAYS MIN <= 32     31              29.6     1.4       31
DAYS MIN <= 0       0               1.6    -1.6        1

PRECIPITATION (INCHES)
TOTALS           0.95              1.29   -0.34     0.67
DAILY AVG.       0.03              0.04   -0.01     0.02
DAYS >= .01         8                MM      MM        8
DAYS >= .10         5                MM      MM        2
DAYS >= .50         0                MM      MM        0
DAYS >= 1.00        0                MM      MM        0
GREATEST
 24 HR. TOTAL    0.26   03/30 TO 03/30              0.30

SNOWFALL (INCHES)
TOTALS             MM                MM      MM       MM
SINCE 7/1          MM                MM      MM       MM
SNOWDEPTH AVG.     MM                MM      MM       MM
DAYS >= 1.0        MM                MM      MM       MM
GREATEST
 SNOW DEPTH        MM                                 MM  MM
 24 HR TOTAL       MM                                 MM

DEGREE_DAYS
HEATING TOTAL     884              1012    -128     1031
 SINCE 7/1       7072              7338    -266     7350
COOLING TOTAL       0                 0       0        0
 SINCE 1/1          0                 0       0        0
.................................................................

WIND (MPH)
AVERAGE WIND SPEED              7.4
HIGHEST WIND SPEED/DIRECTION    46/250    DATE  03/30
HIGHEST GUST SPEED/DIRECTION    58/250    DATE  03/30

SKY COVER
POSSIBLE SUNSHINE (PERCENT)   MM
AVERAGE SKY COVER           0.30
NUMBER OF DAYS FAIR           16
NUMBER OF DAYS PC             12
NUMBER OF DAYS CLOUDY          3

AVERAGE RH (PERCENT)     61

WEATHER CONDITIONS. NUMBER OF DAYS WITH
THUNDERSTORM              1     MIXED PRECIP               0
HEAVY RAIN                1     RAIN                       3
LIGHT RAIN                7     FREEZING RAIN              0
LT FREEZING RAIN          0     HAIL                       0
HEAVY SNOW                1     SNOW                       6
LIGHT SNOW               11     SLEET                      0
FOG                      11     FOG W/VIS <= 1/4 MILE      1
HAZE                      1

-  INDICATES NEGATIVE NUMBERS.
R  INDICATES RECORD WAS SET OR TIED.
MM INDICATES DATA IS MISSING.
T  INDICATES TRACE AMOUNT.

$$
