448
CXUS54 KLUB 011712
CLMCDS


CLIMATE REPORT
NATIONAL WEATHER SERVICE LUBBOCK, TX
1211 PM CDT MON AUG 1 2016

...................................

...THE CHILDRESS CLIMATE SUMMARY FOR THE MONTH OF JULY 2016...

CLIMATE NORMAL PERIOD 1981 TO 2010
CLIMATE RECORD PERIOD 1893 TO 2016

WEATHER         OBSERVED          NORMAL  DEPART  LAST YEAR`S
                 VALUE   DATE(S)  VALUE   FROM    VALUE  DATE(S)
                                          NORMAL
................................................................
TEMPERATURE (F)
RECORD
 HIGH             114   07/19/1936
 LOW               53   07/10/1905
HIGHEST           103   07/07                        100  07/28
                                                          07/27
                                                          07/26
LOWEST             67   07/16                         63  07/08
                        07/15
AVG. MAXIMUM     98.0              95.9     2.1     94.8
AVG. MINIMUM     72.6              70.8     1.8     71.7
MEAN             85.3              83.3     2.0     83.3

PRECIPITATION (INCHES)
RECORD
 MAXIMUM           MM   MM
 MINIMUM           MM   MM
TOTALS           2.98              1.95    1.03     4.68
DAILY AVG.       0.10              0.06    0.04
DAYS >= .01         7                                  5
DAYS >= .10         7                                  3
DAYS >= .50         1                                  3
DAYS >= 1.00        1                                  3
GREATEST
 24 HR. TOTAL    1.25   07/06 TO 07/06

DEGREE_DAYS
HEATING TOTAL       0                 0       0        0
 SINCE 7/1          0                 0       0
COOLING TOTAL     638               569      69      572
 SINCE 1/1       1371              1302      69
.................................................................

WIND (MPH)
AVERAGE WIND SPEED              10.5
HIGHEST WIND SPEED/DIRECTION    63/330    DATE  07/06
HIGHEST GUST SPEED/DIRECTION    76/330    DATE  07/06

SKY COVER
POSSIBLE SUNSHINE (PERCENT)   MM
AVERAGE SKY COVER           0.10
NUMBER OF DAYS FAIR           31
NUMBER OF DAYS PC              0
NUMBER OF DAYS CLOUDY          0

AVERAGE RH (PERCENT)     54

WEATHER CONDITIONS. NUMBER OF DAYS WITH
THUNDERSTORM              0     MIXED PRECIP               0
HEAVY RAIN                5     RAIN                       5
LIGHT RAIN               10     FREEZING RAIN              0
LT FREEZING RAIN          0     HAIL                       0
HEAVY SNOW                0     SNOW                       0
LIGHT SNOW                0     SLEET                      0
FOG                       5     FOG W/VIS <= 1/4 MILE      0
HAZE                      5

-  INDICATES NEGATIVE NUMBERS.
R  INDICATES RECORD WAS SET OR TIED.
MM INDICATES DATA IS MISSING.
T  INDICATES TRACE AMOUNT.

$$
