555
CXUS54 KMRX 012253
CLMCHA


CLIMATE REPORT
NATIONAL WEATHER SERVICE MORRISTOWN TN
553 PM EST THU DEC 1 2016

...................................

...THE CHATTANOOGA  ASOS CLIMATE SUMMARY FOR THE MONTH OF NOVEMBER 2016...

CLIMATE NORMAL PERIOD 1981 TO 2010
CLIMATE RECORD PERIOD 1879 TO 2016

WEATHER         OBSERVED          NORMAL  DEPART
                 VALUE   DATE(S)  VALUE   FROM
                                          NORMAL
................................................
TEMPERATURE (F)
HIGHEST            86   11/01
LOWEST             27   11/27
AVG. MAXIMUM     69.3              62.3     7.0
AVG. MINIMUM     42.0              40.2     1.8
MEAN             55.7              51.2     4.5
DAYS MAX >= 90      0
DAYS MAX <= 32      0
DAYS MIN <= 32      3
DAYS MIN <= 0       0

PRECIPITATION (INCHES)
RECORD
 MAXIMUM        13.59   1948
 MINIMUM         0.16   1890
TOTALS           5.48              5.00    0.48
DAYS >= .01         5
DAYS >= .10         3
DAYS >= .50         3
DAYS >= 1.00        1
GREATEST
 24 HR. TOTAL    4.05   11/29 TO 11/30

SNOWFALL (INCHES)
TOTALS            0.0                 T     0.0
SINCE 7/1         0.0
SNOWDEPTH AVG.      0
DAYS >= TRACE       0
GREATEST
 SNOW DEPTH         0   MM

DEGREE_DAYS
HEATING TOTAL     292               417    -125
 SINCE 7/1        320               589    -269
COOLING TOTAL      17                 4      13
 SINCE 1/1       2477              1741     736
.................................................



-  INDICATES NEGATIVE NUMBERS.
R  INDICATES RECORD WAS SET OR TIED.
MM INDICATES DATA IS MISSING.
T  INDICATES TRACE AMOUNT.

$$
