000
CXUS51 KCLE 011415
CLMCLE


CLIMATE REPORT
NATIONAL WEATHER SERVICE CLEVELAND OH
1011 AM EDT TUE SEP 1 2015

...................................

...THE CLEVELAND OH CLIMATE SUMMARY FOR THE MONTH OF AUGUST 2015...

CLIMATE NORMAL PERIOD 1981 TO 2010
CLIMATE RECORD PERIOD 1871 TO 2015

WEATHER         OBSERVED          NORMAL  DEPART  LAST YEAR`S
                 VALUE   DATE(S)  VALUE   FROM    VALUE
                                          NORMAL
.............................................................
TEMPERATURE (F)
RECORD
 HIGH             102   08/27/1948
 LOW               38   08/29/1982
HIGHEST            90   08/02
LOWEST             51   08/28
AVG. MAXIMUM     80.3              80.8    -0.5     79.1
AVG. MINIMUM     61.0              63.1    -2.1     61.7
MEAN             70.6              72.0    -1.4     70.4
DAYS MAX >= 90      1               2.3    -1.3        0
DAYS MAX <= 32      0               0.0     0.0        0
DAYS MIN <= 32      0               0.0     0.0        0
DAYS MIN <= 0       0               0.0     0.0        0

PRECIPITATION (INCHES)
RECORD
 MAXIMUM         9.03   2007
 MINIMUM         0.17   1881
TOTALS           2.85              3.51   -0.66     4.59
DAYS >= .01        13               9.8     3.2       11
DAYS >= .10         6               6.0     0.0        9
DAYS >= .50         1               2.0    -1.0        2
DAYS >= 1.00        0               0.9    -0.9        2
GREATEST
 24 HR. TOTAL    1.00   08/10 TO 08/11              1.46

SNOWFALL (INCHES)
RECORDS
 TOTAL            0.0               MM
TOTALS            0.0               0.0     0.0      0.0
SINCE 7/1         0.0               0.0     0.0      0.0
DAYS >= 1.0         0               0.0     0.0        0
GREATEST
 24 HR TOTAL      0.0   08/31 TO 08/31

DEGREE_DAYS
HEATING TOTAL      11                 8       3       11
 SINCE 7/1         14                12       2       25
COOLING TOTAL     191               223     -32      190
 SINCE 1/1        669               715     -46      590
..............................................................

WIND (MPH)
AVERAGE WIND SPEED              7.8
HIGHEST WIND SPEED/DIRECTION    32/340    DATE  08/03
HIGHEST GUST SPEED/DIRECTION    48/350    DATE  08/03

SKY COVER
AVERAGE SKY COVER           0.60

AVERAGE RH (PERCENT)     69

WEATHER CONDITIONS. NUMBER OF DAYS WITH
THUNDERSTORM              0     MIXED PRECIP               0
HEAVY RAIN                4     RAIN                       5
LIGHT RAIN               10     FREEZING RAIN              0
LT FREEZING RAIN          0     HAIL                       0
HEAVY SNOW                0     SNOW                       0
LIGHT SNOW                0     SLEET                      0
FOG                       9     FOG W/VIS <= 1/4 MILE      1
HAZE                      0

-  INDICATES NEGATIVE NUMBERS.
R  INDICATES RECORD WAS SET OR TIED.
MM INDICATES DATA IS MISSING.
T  INDICATES TRACE AMOUNT.

$$
