000
CXUS52 KGSP 011430
CLMCLT

CLIMATE REPORT
NATIONAL WEATHER SERVICE GREENVILLE-SPARTANBURG SC
1030 AM EDT SAT JUL 1 2017

...................................

...THE CHARLOTTE CLIMATE SUMMARY FOR THE MONTH OF JUNE 2017...

CLIMATE NORMAL PERIOD 1981 TO 2010
CLIMATE RECORD PERIOD 1878 TO 2017

WEATHER         OBSERVED          NORMAL  DEPART  LAST YEAR`S
                 VALUE   DATE(S)  VALUE   FROM    VALUE  DATE(S)
                                          NORMAL
................................................................
TEMPERATURE (F)
RECORD
 HIGH             104   06/30/2012
                        06/29/2012
 LOW               45   06/07/2000
                        06/12/1972
                        06/01/1889
HIGHEST            93   06/15        MM      MM       96  06/23
LOWEST             56   06/28        MM      MM       56  06/20
AVG. MAXIMUM     85.7              86.0    -0.3     89.2
AVG. MINIMUM     65.9              64.5     1.4     67.9
MEAN             75.8              75.3     0.5     78.6
DAYS MAX >= 90      5               7.6    -2.6       14
DAYS MAX <= 32      0               0.0     0.0        0
DAYS MIN <= 32      0               0.0     0.0        0
DAYS MIN <= 0       0               0.0     0.0        0

PRECIPITATION (INCHES)
RECORD
 MAXIMUM        11.04   1886
 MINIMUM         0.15   1993
TOTALS           4.30              3.74    0.56     2.82
DAILY AVG.       0.14              0.12    0.02     0.09
DAYS >= .01        12              10.2     1.8        9
DAYS >= .10         9               6.2     2.8        5
DAYS >= .50         3               2.7     0.3        3
DAYS >= 1.00        1               1.1    -0.1        0
GREATEST
 24 HR. TOTAL    1.73   06/04 TO 06/05           06/29 TO 06/30
                                                          06/30 TO 06/30
                                                          06/30 TO 06/30
 STORM TOTAL       MM                                 MM
 (MM/DD(HH))            MM                    06/30(00) TO 06/30(00)
                                                 06/30(00) TO 06/30(00)0
                                                 06/30(00) TO 06/30(00)0

SNOWFALL (INCHES)
RECORDS
 TOTAL             MM   MM
 24 HR TOTAL       MM
 SNOW DEPTH        MM   MM
TOTALS            0.0               0.0     0.0      0.0
 LIQUID EQUIV    0.00              0.00    0.00     0.00
SINCE 7/1         2.2               4.3    -2.1      3.3
 LIQUID 7/1      0.22                MM      MM     0.33
SNOWDEPTH AVG.      0                MM      MM        0
DAYS >= TRACE       0               0.0     0.0        0
DAYS >= 1.0         0               0.0     0.0        0
GREATEST
 SNOW DEPTH         0   MM                             0  MM
 24 HR TOTAL      0.0   MM                       06/30 TO 06/30
                                                          06/30 TO 06/30
                                                          06/30 TO 06/30
 STORM TOTAL       MM                                 MM
 (MM/DD(HH))            MM                    06/30(00) TO 06/30(00)
                                                 06/30(00) TO 06/30(00)0
                                                 06/30(00) TO 06/30(00)0

DEGREE_DAYS
HEATING TOTAL       0                 3      -3        0
 SINCE 7/1       2392              3388    -996     2568
COOLING TOTAL     332               311      21      415
 SINCE 1/1        635               474     161      660

FREEZE DATES
RECORD
 EARLIEST     MM
 LATEST       MM
EARLIEST      11/11             MM
LATEST        03/20             MM
.................................................

WIND (MPH)
AVERAGE WIND SPEED              6.2
HIGHEST WIND SPEED/DIRECTION    30/100    DATE  06/15
HIGHEST GUST SPEED/DIRECTION    38/110    DATE  06/15

SKY COVER
POSSIBLE SUNSHINE (PERCENT)    0
AVERAGE SKY COVER           0.60
NUMBER OF DAYS FAIR            3
NUMBER OF DAYS PC             16
NUMBER OF DAYS CLOUDY         11

AVERAGE RH (PERCENT)     66

WEATHER CONDITIONS. NUMBER OF DAYS WITH
THUNDERSTORM             10     MIXED PRECIP               0
HEAVY RAIN                9     RAIN                       5
LIGHT RAIN               16     FREEZING RAIN              0
LT FREEZING RAIN          0     HAIL                       0
HEAVY SNOW                0     SNOW                       0
LIGHT SNOW                0     SLEET                      0
FOG                      15     FOG W/VIS <= 1/4 MILE      0
HAZE                      0

-  INDICATES NEGATIVE NUMBERS.
R  INDICATES RECORD WAS SET OR TIED.
MM INDICATES DATA IS MISSING.
T  INDICATES TRACE AMOUNT.

$$

OUTLAW
