000
CXUS55 KGJT 011149
CLMCNY


CLIMATE REPORT
NATIONAL WEATHER SERVICE GRAND JUNCTION CO
442 AM MST SUN MAR 1 2015

...................................

...THE CANYONLANDS AIRPORT UT CLIMATE SUMMARY FOR THE MONTH OF FEBRUARY 2015...

CLIMATE NORMAL PERIOD 1981 TO 2010
CLIMATE RECORD PERIOD 9999 TO 9999

WEATHER         OBSERVED          NORMAL  DEPART  LAST YEAR`S
                 VALUE   DATE(S)  VALUE   FROM    VALUE  DATE(S)
                                          NORMAL
................................................................
TEMPERATURE (F)
HIGHEST            69   02/09        MM      MM       68  02/16
LOWEST             17   02/17        MM      MM       13  02/02
AVG. MAXIMUM     55.0              46.6     8.4     51.8
AVG. MINIMUM     26.2              23.8     2.4     27.3
MEAN             40.6              35.2     5.4     39.6
DAYS MAX >= 90      0               0.0     0.0        0
DAYS MAX <= 32      0               2.2    -2.2        0
DAYS MIN <= 32     28              23.4     4.6       23
DAYS MIN <= 0       0               0.0     0.0        0

PRECIPITATION (INCHES)
TOTALS              T              0.52   -0.52     0.06
DAILY AVG.          T              0.02   -0.02     0.00
DAYS >= .01         0                MM      MM        4
DAYS >= .10         0                MM      MM        0
DAYS >= .50         0                MM      MM        0
DAYS >= 1.00        0                MM      MM        0
GREATEST
 24 HR. TOTAL       T   02/28 TO 02/28              0.02
                        02/27 TO 02/27
                        02/23 TO 02/23

SNOWFALL (INCHES)
TOTALS             MM                MM      MM       MM
SINCE 7/1          MM                MM      MM       MM
SNOWDEPTH AVG.     MM                MM      MM       MM
DAYS >= 1.0        MM                MM      MM       MM
GREATEST
 SNOW DEPTH        MM                                 MM  MM
 24 HR TOTAL       MM                                 MM

DEGREE_DAYS
HEATING TOTAL     675               834    -159      705
 SINCE 7/1       3717              4409    -692     4748
COOLING TOTAL       0                 0       0        0
 SINCE 1/1          0                 0       0        0
.................................................................

WIND (MPH)
AVERAGE WIND SPEED              4.4
HIGHEST WIND SPEED/DIRECTION    38/040    DATE  02/16
HIGHEST GUST SPEED/DIRECTION    43/040    DATE  02/16

SKY COVER
POSSIBLE SUNSHINE (PERCENT)   MM
AVERAGE SKY COVER           0.20
NUMBER OF DAYS FAIR           22
NUMBER OF DAYS PC              3
NUMBER OF DAYS CLOUDY          3

AVERAGE RH (PERCENT)     56

WEATHER CONDITIONS. NUMBER OF DAYS WITH
THUNDERSTORM              0     MIXED PRECIP               0
HEAVY RAIN                0     RAIN                       0
LIGHT RAIN                1     FREEZING RAIN              0
LT FREEZING RAIN          0     HAIL                       0
HEAVY SNOW                0     SNOW                       0
LIGHT SNOW                5     SLEET                      0
FOG                       6     FOG W/VIS <= 1/4 MILE      2
HAZE                      2

-  INDICATES NEGATIVE NUMBERS.
R  INDICATES RECORD WAS SET OR TIED.
MM INDICATES DATA IS MISSING.
T  INDICATES TRACE AMOUNT.

$$
