000
CXUS51 KGYX 022159
CLMCON

PWMCLMCON 000
TTAA00 KGYX 021944


CLIMATE REPORT
NATIONAL WEATHER SERVICE GRAY ME
559 PM EDT SAT JUL 2 2016

...................................

...THE CONCORD NH CLIMATE SUMMARY FOR THE MONTH OF JUNE 2016...

CLIMATE NORMAL PERIOD 1981 TO 2010
CLIMATE RECORD PERIOD 1868 TO 2016

WEATHER         OBSERVED          NORMAL  DEPART  LAST YEAR`S
                 VALUE   DATE(S)  VALUE   FROM    VALUE  DATE(S)
                                          NORMAL
................................................................
TEMPERATURE (F)
RECORD
 HIGH             101   06/04/1919
 LOW               30   06/12/1972
HIGHEST            91   06/20        91       0       88  06/11
LOWEST             46   06/11        38       8       38  06/07
AVG. MAXIMUM     79.4              77.4     2.0     75.4
AVG. MINIMUM     52.8              52.5     0.3     52.1
MEAN             66.1              64.9     1.2     63.8
DAYS MAX >= 90      3               2.1     0.9        0
DAYS MAX <= 32      0               0.0     0.0        0
DAYS MIN <= 32      0               0.1    -0.1        0
DAYS MIN <= 0       0               0.0     0.0        0

PRECIPITATION (INCHES)
RECORD
 MAXIMUM        10.10   1944
 MINIMUM         0.10   1913
TOTALS           1.41              3.69   -2.28     5.30
DAILY AVG.       0.05              0.12   -0.07     0.18
DAYS >= .01         8              12.7    -4.7       16
DAYS >= .10         2               7.6    -5.6        9
DAYS >= .50         1               2.4    -1.4        4
DAYS >= 1.00        0               0.8    -0.8        2
GREATEST
 24 HR. TOTAL    0.95   06/05


SNOWFALL (INCHES)
RECORDS
 TOTAL            0.0
TOTALS            0.0               0.0     0.0      0.0
SINCE 7/1        29.7              61.4   -31.7     92.1
SNOWDEPTH AVG.      0
DAYS >= TRACE       0               0.0     0.0        0
DAYS >= 1.0         0               0.0     0.0        0
GREATEST
 SNOW DEPTH         0
 24 HR TOTAL      0.0

DEGREE_DAYS
HEATING TOTAL      41                85     -44       95
 SINCE 7/1       6060              7235   -1175     7462
COOLING TOTAL      82                84      -2       65
 SINCE 1/1        122               102      20      131
.................................................................

WIND (MPH)
AVERAGE WIND SPEED              6.1
HIGHEST WIND SPEED/DIRECTION    28/310    DATE  06/09
HIGHEST GUST SPEED/DIRECTION    40/290    DATE  06/09

SKY COVER
AVERAGE SKY COVER           0.30

AVERAGE RH (PERCENT)     64

WEATHER CONDITIONS. NUMBER OF DAYS WITH
THUNDERSTORM              1     HEAVY RAIN                 3
RAIN                      3     LIGHT RAIN                10
FREEZING RAIN             0     LT FREEZING RAIN           0
HEAVY SNOW                0     SNOW                       0
LIGHT SNOW                0     FOG                       11
FOG W/VIS <= 1/4 MILE     2     HAZE                       1

-  INDICATES NEGATIVE NUMBERS.
R  INDICATES RECORD WAS SET OR TIED.
MM INDICATES DATA IS MISSING.
T  INDICATES TRACE AMOUNT.

&&

THE WARM WEATHER THAT HAD ARRIVED IN THE LAST HALF OF MAY CONTINUED
INTO THE FIRST FEW DAYS OF JUNE. BUT THINGS BEGAN TO CHANGE ON JUNE
5 WHEN A LOW PRESSURE SYSTEM BROUGHT ALMOST AN INCH OF RAINFALL. FOR
THE NEXT FEW WEEKS THE WEATHER PATTERN FEATURED COOL DRY AIR
SPILLING OUT OF CANADA INTO NEW ENGLAND. DURING MUCH OF THIS PERIOD
DAYTIME HIGH TEMPERATURES WERE NEAR OR ABOVE NORMAL WHILE NIGHTTIME
LOW TEMPERATURES WERE NEAR OR BELOW NORMAL, INDICATIVE OF THE DRY
AIR MASS THAT PERSISTED FOR MUCH OF THE MONTH. THERE WERE A FEW
PERIODS OF WARMER WEATHER BUT THEY TYPICALLY ONLY LASTED A DAY OR
TWO BEFORE ANOTHER COLD FRONT WOULD REINFORCE THE CONTINENTAL AIR.
VERY LITTLE RAIN FELL IN JUNE, LEADING DROUGHT CONDITIONS TO DEVELOP
BY THE END OF THE MONTH.

THE AVERAGE HIGH TEMPERATURE WAS 66.1 DEGREES WHICH WAS 1.2 DEGREES
ABOVE NORMAL AND THE WARMEST JUNE SINCE 2008. HIGH TEMPERATURES
AVERAGED MORE THAN 2 DEGREES ABOVE NORMAL WHILE LOW TEMPERATURES
AVERAGED VERY NEAR NORMAL, INDICATIVE OF THE DRY AIR IN PLACE FOR
MOST OF THE MONTH. THE WARMEST JUNE WAS 1876 WHEN THE AVERAGE
TEMPERATURE WAS 70.3 DEGREES. THE COOLEST WAS 1903 AT ONLY 58.8
DEGREES.

A TOTAL OF 1.41 INCHES OF PRECIPITATION FELL WHICH WAS 2.28 INCHES
BELOW NORMAL AND THE DRIEST JUNE SINCE 1997. THE HEAVIEST RAIN FELL
ON JUNE 5 WHEN 0.95 INCHES WAS MEASURED. THE DRIEST JUNE ON RECORD
WAS IN 1913 WHEN ONLY 0.10 INCHES FELL. THE WETTEST WAS 1944 WITH
10.10 INCHES.

THERE WERE NO DAILY RECORDS SET OR TIED DURING JUNE 2016.

$$

KIMBLE
