000
CXUS55 KPUB 012301
CLMCOS


CLIMATE REPORT
NATIONAL WEATHER SERVICE PUEBLO
457 PM MDT TUE AUG 1 2017

...................................

...THE COLORADO SPRINGS CO CLIMATE SUMMARY FOR THE MONTH OF JULY 2017...

CLIMATE NORMAL PERIOD 1981 TO 2010
CLIMATE RECORD PERIOD 1872 TO 2017

WEATHER         OBSERVED          NORMAL  DEPART  LAST YEAR`S
                 VALUE   DATE(S)  VALUE   FROM    VALUE  DATE(S)
                                          NORMAL
................................................................
TEMPERATURE (F)
RECORD
 HIGH             100   07/24/2003
                        07/13/1954
 LOW               37   07/04/1903
HIGHEST            94   07/06        85       9       96  07/16
                                                          07/19
                                                          07/20
LOWEST             49   07/01        53      -4       55  07/06
                                                          07/09
                                                          07/15
AVG. MAXIMUM     86.9              84.8     2.1     89.3
AVG. MINIMUM     59.8              56.9     2.9     59.7
MEAN             73.4              70.9     2.5     74.5
DAYS MAX >= 90     14               8.3     5.7
DAYS MAX <= 32      0               0.0     0.0
DAYS MIN <= 32      0               0.0     0.0
DAYS MIN <= 0       0               0.0     0.0

PRECIPITATION (INCHES)
RECORD
 MAXIMUM         6.59   1930
 MINIMUM         0.29   2008
TOTALS           6.23              2.84    3.39     3.04
DAILY AVG.       0.20              0.09    0.11
DAYS >= .01        19              11.5     7.5
DAYS >= .10        11               6.1     4.9
DAYS >= .50         4               1.4     2.6
DAYS >= 1.00        2               0.7     1.3
GREATEST
 24 HR. TOTAL    1.75   07/26 TO 07/27              1.17

SNOWFALL (INCHES)
RECORDS
 TOTAL              T   2017
                        2016
                        2015
TOTALS              TR              0.0     0.0        T
SINCE 7/1           T               0.0     0.0        T
SNOWDEPTH AVG.      0
DAYS >= 1.0         0               0.0     0.0
GREATEST
 SNOW DEPTH         0                                  0
 24 HR TOTAL        T   07/01                          T
                        07/08
                        07/18

DEGREE_DAYS
HEATING TOTAL       0                10     -10        0
 SINCE 7/1          0                10     -10        0
COOLING TOTAL     268               191      77      299
 SINCE 1/1        427               284     143      482
.................................................................

WIND (MPH)
AVERAGE WIND SPEED              8.3
HIGHEST WIND SPEED/DIRECTION    38/040    DATE  07/14
HIGHEST GUST SPEED/DIRECTION    51/010    DATE  07/02

SKY COVER
POSSIBLE SUNSHINE (PERCENT)   MM
AVERAGE SKY COVER           0.60
NUMBER OF DAYS FAIR            3
NUMBER OF DAYS PC             20
NUMBER OF DAYS CLOUDY          8

AVERAGE RH (PERCENT)     56

WEATHER CONDITIONS. NUMBER OF DAYS WITH
THUNDERSTORM             21     MIXED PRECIP               0
HEAVY RAIN                8     RAIN                      12
LIGHT RAIN               22     FREEZING RAIN              0
LT FREEZING RAIN          0     HAIL                       3
HEAVY SNOW                0     SNOW                       0
LIGHT SNOW                0     SLEET                      0
FOG                      11     FOG W/VIS <= 1/4 MILE      1
HAZE                      1

-  INDICATES NEGATIVE NUMBERS.
R  INDICATES RECORD WAS SET OR TIED.
MM INDICATES DATA IS MISSING.
T  INDICATES TRACE AMOUNT.

$$
